{"id":1977,"date":"2018-05-17T11:05:42","date_gmt":"2018-05-17T13:05:42","guid":{"rendered":"http:\/\/www.nossacasa.net\/shunya\/?page_id=1977"},"modified":"2020-07-11T18:10:03","modified_gmt":"2020-07-11T20:10:03","slug":"taizen-deshimaru","status":"publish","type":"page","link":"http:\/\/www.nossacasa.net\/shunya\/taizen-deshimaru\/","title":{"rendered":"Taizen Deshimaru"},"content":{"rendered":"<div style=\"text-align:justify\"><font face=\"Verdana\" size=\"2\"><br \/>\n<a href=\"http:\/\/www.nossacasa.net\/shunya\/mokudo-taisen\/mokudo-taisen-deshimaru\/\" rel=\"attachment wp-att-4372\"><img loading=\"lazy\" decoding=\"async\" src=\"http:\/\/www.nossacasa.net\/shunya\/wp-content\/uploads\/2018\/05\/Mokudo-Taisen-Deshimaru-300x218.jpg\" alt=\"\" width=\"300\" height=\"218\" class=\"alignleft size-medium wp-image-4372\" srcset=\"http:\/\/www.nossacasa.net\/shunya\/wp-content\/uploads\/2018\/05\/Mokudo-Taisen-Deshimaru-300x218.jpg 300w, http:\/\/www.nossacasa.net\/shunya\/wp-content\/uploads\/2018\/05\/Mokudo-Taisen-Deshimaru-413x300.jpg 413w, http:\/\/www.nossacasa.net\/shunya\/wp-content\/uploads\/2018\/05\/Mokudo-Taisen-Deshimaru.jpg 460w\" sizes=\"auto, (max-width: 300px) 100vw, 300px\" \/><\/a><a href=\"http:\/\/www.nossacasa.net\/shunya\/fukanzazengi\/taisen-deschimaru\/\" rel=\"attachment wp-att-1975\"><img loading=\"lazy\" decoding=\"async\" src=\"http:\/\/www.nossacasa.net\/shunya\/wp-content\/uploads\/2018\/05\/Taisen-Deschimaru-200x300.jpg\" alt=\"\" width=\"200\" height=\"300\" class=\"alignleft size-medium wp-image-1975\" srcset=\"http:\/\/www.nossacasa.net\/shunya\/wp-content\/uploads\/2018\/05\/Taisen-Deschimaru-200x300.jpg 200w, http:\/\/www.nossacasa.net\/shunya\/wp-content\/uploads\/2018\/05\/Taisen-Deschimaru.jpg 481w\" sizes=\"auto, (max-width: 200px) 100vw, 200px\" \/><\/a><\/p>\n<p><b><font size=\"4\">Taizen Deshimaru (1914-1982)<\/font><\/b><br \/>\n<a href=\"#a\">Refer\u00eancias<\/a><br \/>\n<a href=\"#b\">Biografia<\/a><br \/>\n<a href=\"#c\">Livros<\/a><br \/>\n<a href=\"#d\">Textos<\/a><br \/>\n<a href=\"#e\">Linhagem<\/a><\/p>\n<p align=center><b><font face=\"tahoma, verdana, arial\" size=4><a name=\"a\">Refer\u00eancias<\/a><\/font><sup>1<\/sup><\/b><\/p>\n<p>Roshi Taisen Deshimaru nasceu em Saga, Jap\u00e3o, emn 1914. Estudou Ciencias Pol\u00edticas e Econ\u00f4micas em Tokio e trabalhou varios anos para a primera empresa do pa\u00eds, a Mitsubishi. Ainda joven conhece o <a href=\"http:\/\/www.nossacasa.net\/shunya\/kodo-sawaki\/\"><font size=\"2\">Mestre Kodo Sawaki<\/font><\/a> de quem r\u00e1pidamente se far\u00e1 disc\u00edpulo. Desde ent\u00e3o e durante trinta anos segue seu mestre por todas partes. Ap\u00f3s a morte de Kodo Sawaki, Roshi Deshimaru vem para a Europa(1967), o que marca um giro importante na historia do Zen e da cultura europeia. Foi o primeiro mestre autorizado da Escola Soto japonesa para implantar na Europa as sementes do Verdadeiro Zen. Durante quinze a\u00f1os de trabalho constante, dedicados exclusivamente a expans\u00e3o do Dharma e a forma\u00e7\u00e3o dos primeiros monjes Zen europeus, Roshi Deshimaru encarnou o espirito Zen transmitido pelos Patriarcas. Mais de cento e cincoenta centros repartidos por todos os pa\u00edses do continente, mais de trezentos monjes ordenados e milhares de disc\u00edpulos leigos o confirmam como Primeiro Patriarca Zen da Europa. <\/p>\n<p>       Roshi Taisen Deshimaru recebeu a transmiss\u00e3o do Dharma de Zenji Yamada Reirin, abade de um dos grandes monasterios zen japoneses, o Eihei-ji. Sua morte s\u00fabita o impidiu transmitir sua linhagem a seus disc\u00edpulos europeos.<\/p>\n<hr \/>\n<div style=\"text-align:right\"><a href=\"#inicio\">Topo<\/a><\/div>\n<p align=center><b><font face=\"tahoma, verdana, arial\" size=4><a name=\"b\">Biografia<\/a><\/font><\/b><\/p>\n<p>Taisen Deshimaru nasceu em 1914 em Saga (Jap\u00e3o), no seio de uma antiga fam\u00edlia de samurais. Sua m\u00e3e era budista fervorosa e sue pai queria que seguisse uma carreira comercial. Aos vinte anos come\u00e7ou a estudar Economia. Decepcionado com a educa\u00e7\u00e3o moderna que deixava de lado completamente a dimens\u00e3o espiritual, e sempre em busca do verdadeiro sentido  da vida, entrou em contato com os ensinamentos zen.<\/p>\n<p>Finalmente sua busca o conduziu a <a href=\"http:\/\/www.nossacasa.net\/shunya\/kodo-sawaki\/\"><font size=\"2\">Kodo Sawaki<\/font><\/a>. Era um mestre respeitado e admirado em todo o Jap\u00e3o por sua vida simples e livre. Ele havia devolvido ao zen todo seu frescor ao retira-lo dos templos, onde estavam estancado no formalismo. Quando Deshimaru se aproximou do mestre, este, sentado em zazen sem voltar-se, sem sequer levantar a vista, lhe disse: &#8220;Esperava tua visita com impaci\u00eancia.&#8221; Deshimaru se converteu em seu disc\u00edpulo e o seguiu fielmente mantendo sua vida no mundo social. Quando lhe pediu que o ordenasse monge, Kodo Sawaki respondeu: &#8220;<i>Em nossos dias os monges se tornaram profissionais. N\u00e3o fazem zazen. Farei de voc\u00ea um grande monge.<\/i>&#8221; Assim, Taizen Deshimaru levou uma vida social e familiar enquanto seguia praticando zazen com seu mestre. Pouco a pouco integrou em sua vida a contradi\u00e7\u00e3o entre o material e o espiritual que o havia atormentado em sua juventude. Pouco antes de morrer, Kodo Sawaki lhe ordenou monge e lhe pediu que levasse o zen, zazen, ao Ocidente.<\/p>\n<p>Com a morte de seu mestre, Deshimaru permaneceu sentado em zazen durante 49 dias. Dois anos mais tarde deixou seu filho a frente da fam\u00edlia, acertou seus assuntos e tomou o Transiberiano com dire\u00e7\u00e3o a Fran\u00e7a, sem dinheiro, sem conhecer nem uma palavra de franc\u00eas, s\u00f3 com sua kesa (vestimenta da transmiss\u00e3o) e com os cadernos de seu mestre. Tinha 53 anos.<br \/>\n<dir><br \/>\n&#8220;<i>Ofereci o verdadeiro Zen aos europeus, \u00e9 a maior alegria de minha vida. Fiz realidade o desejo de meu mestre Kodo Sawaki, e estou convencido de que isto vai fazer a hist\u00f3ria.<\/i>&#8221;<\/p>\n<div style=\"text-align:right\"><i>Taisen Deshimaru<\/i><\/div>\n<p><\/dir><\/p>\n<p>Em 1967, em Paris, alojado nos fundos de um armaz\u00e9m de diet\u00e9tica, Deshimaru pratica zazen todos os dias e ganha a vida fazendo massagens de shiatsu e confer\u00eancias. Sustentado por sua profunda f\u00e9 na pr\u00e1tica de zazen e na transmiss\u00e3o de seu mestre, consegue tornar acess\u00edvel para os ocidentais os ensinamentos dos grandes mestres zen. Impressionados pelo zazen e pela personalidade de taisen Deshimaru, cada vez mais gente pratica com ele. Abre um doj\u00f4, dirige os primeiros seshins e come\u00e7a a ordenar seus disc\u00edpulos como bodhisattvas, monges y monjas. Sua atividade n\u00e3o se limita ao ensino no doj\u00f4. Tem um desejo profundo de ajudar ao ser humano na civiliza\u00e7\u00e3o atual., cujo desequil\u00edbrio percebe, e de fazer que consigam por meio do zazen uma compreens\u00e3o mais profunda de si mesmo e de sua vida. Com a ajuda de seus disc\u00edpulos, que cada vez s\u00e3o mais numerosos, cria mais de cem doj\u00f4s na Europa e funda o templo da Gendronni\u00e8re, o maior doj\u00f4 zen de Ocidente. Ao mesmo tempo educa seus disc\u00edpulos. Seus ensinamentos s\u00e3o muito concretos e est\u00e3o enraizados na vida cotidiana. Reconhecido pelos principais templos do soto zen do Jap\u00e3o, \u00e9 nomeado kaikyosokan (respons\u00e1vel pelo ensino do zen) para todo Europa. Em seu pa\u00eds \u00e9 chamado de &#8220;o <a href=\"http:\/\/www.nossacasa.net\/shunya\/bodhidharma\/\"><font size=\"2\">Bodhidharma<\/font><\/a> dos tempos modernos&#8221;. Para seus disc\u00edpulos \u00e9 simplesmente Sensei, o mais antigo. Em seus \u00faltimos anos, cada vez mais consciente da urg\u00eancia de ajudar ao ser humano no desequil\u00edbrio do mundo moderno, intensifica suas atividades, trabalhando incansavelmente, sem permitir-se um descanso. As vezes dizia: &#8220;<i>Talvez minha vida seja breve, mas pelo menos n\u00e3o haver\u00e1 sido ego\u00edsta.<\/i>&#8221; <\/p>\n<p>Em princ\u00edpio do ano 1982 adoece, o que n\u00e3o o impede seguir fazendo zazen todos os dias com seus disc\u00edpulos. Na primavera retorna da Fran\u00e7a para o Jap\u00e3o e morre em 30 de abril. Suas \u00faltimas palavras para seus disc\u00edpulos s\u00e3o: &#8220;Por favor, continuem o zazen.&#8221; Durante 49 dias, em todos os doj\u00f4s que havia criado, seus disc\u00edpulos praticam zazen dia e noite em completo sil\u00eancio<\/p>\n<p>Taisen Deshimaru deixou aos seus disc\u00edpulos a ess\u00eancia do zen, zazen, que agora eles por sua vez transmitem, seguindo com sua miss\u00e3o, praticando nos doj\u00f4s e reunindo-se no templo de Gendronni\u00e8re durante os grandes seshins do ano. Como Bodhidharma que faz mil e quatrocentos anos levou o zen da \u00cdndia para a China, como D\u00f4gen que faz setecentos anos o introduziu no Jap\u00e3o, o mestre Deshimaru transmitiu a ess\u00eancia dos ensinamentos de Buda a Europa e a todo o mundo.<\/p>\n<p>Em 1967, Deshimaru foi para a Europa e se estabeleceu em Paris a fim de cumprir o desejo do seu mestre e difundir os ensinamentos do Zen. Em uma entrevista Deshimaru afirmou que escolheu a Fran\u00e7a para ensinar por causa de sua tradi\u00e7\u00e3o filos\u00f3fica. Ele citou Michel de Montaigne, Ren\u00e9 Descartes, Henri Bergson e Nicolas Malebranche como fil\u00f3sofos que compreenderam o Zen mesmo sem sab\u00ea-lo. [Na d\u00e9cada de 1970, sua miss\u00e3o cresceu. Em 1970 Deshimaru recebeu a transmiss\u00e3o do dharma de mestre Yamada Reirin. [1] Ele se tornou Kaikyosokan (l\u00edder do Soto Zen para um determinado pa\u00eds ou continente) na Europa. Ele morreu em 1982, depois de ter estabelecido solidamente a pr\u00e1tica Zen no Ocidente. Ap\u00f3s a morte do mestre Deshimaru, tr\u00eas dos seus disc\u00edpulos mais pr\u00f3ximos, Etienne Zeisler, Roland Rech e Kosen Thibaut, viajaram ao Jap\u00e3o para receber a mais alta autoridade Soto, o shiho mestre Rempo Niwa Zenji. Em 1977, mestre Deshimaru ordenou Olivier Wang-Genh em sua linhagem de Soto. Em 2016 Olivier Wang-Genh foi re-nomeado presidente da Uni\u00e3o Budista da Fran\u00e7a<\/p>\n<hr \/>\n<ol type=\"1\">\n<li>http:\/\/personal4.iddeo.es\/budismozen\/01budismozen.htm<\/li>\n<li>http:\/\/195.157.97.145:8088\/<\/li>\n<li>https:\/\/en.wikipedia.org\/wiki\/Taisen_Deshimaru<\/li>\n<\/ol>\n<hr \/>\n<div style=\"text-align:right\"><a href=\"#inicio\">Topo<\/a><\/div>\n<hr \/>\n<p><a name=\"c\"><font face=\"Comic Sans MS\" size=\"3\" color=\"#800000\">Livros<\/font><\/a><br \/>\n<a href=\"http:\/\/www.nossacasa.net\/shunya\/o-anel-do-caminho\/\">O anel do caminho<\/a><br \/>\n<a href=\"http:\/\/www.nossacasa.net\/shunya\/a-tigela-e-o-bastao\/\">A tigela e o bast\u00e3o<\/a><br \/>\n<a href=\"http:\/\/www.nossacasa.net\/shunya\/la-practica-del-zen\/\">La pr\u00e1ctica del Zen<\/a><\/p>\n<hr \/>\n<div style=\"text-align:right\"><a href=\"#inicio\">Topo<\/a><\/div>\n<hr \/>\n<p><a name=\"d\"><font face=\"Comic Sans MS\" size=\"3\" color=\"#800000\">Textos<\/font><br \/><\/a><br \/>\n<a href=\"default.asp?menu=978\" class=\"broken_link\">O que significa o Zen na nossa &eacute;poca?<\/a><br \/>\n<a href=\"default.asp?menu=962\" class=\"broken_link\">Luz e ilumina&ccedil;&atilde;o<\/a><br \/>\n<a href=\"default.asp?menu=961\" class=\"broken_link\">Ku Soku Ze Shiki<\/a><br \/>\n<a href=\"default.asp?menu=926\" class=\"broken_link\">Condi&ccedil;&otilde;es da concentra&ccedil;&atilde;o e da observa&ccedil;&atilde;o<\/a><br \/>\n<a href=\"default.asp?menu=352\" class=\"broken_link\">Segundo Preceito &#8211; &#8220;N&atilde;o ter m&aacute; conduta sexual&#8221;<\/a><br \/>\n<a href=\"default.asp?menu=351\" class=\"broken_link\">Primeiro Preceito: &#8220;N&atilde;o Matar&#8221;<\/a><br \/>\n<a href=\"default.asp?menu=344\" class=\"broken_link\">O karma e o ego<\/a><br \/>\n<a href=\"default.asp?menu=343\" class=\"broken_link\">Karma<\/a><br \/>\n<a href=\"default.asp?menu=183\" class=\"broken_link\">Hishiryo<\/a><br \/>\n<a href=\"default.asp?menu=184\" class=\"broken_link\">Bodai Shin<\/a><br \/>\n<a href=\"default.asp?menu=185\" class=\"broken_link\">>Os Oito Satoris do Grande Homem<\/a><\/font><br \/>\n<a href=\"default.asp?menu=71\" class=\"broken_link\">Fukanzazenji,os princ\u00edpios do zazen de mestre Dogen<\/a><\/p>\n<hr \/>\n<div style=\"text-align:right\"><a href=\"#inicio\">Topo<\/a><\/div>\n<hr \/>\n<p><font face=\"Comic Sans MS\" size=\"3\" color=\"#800000\"><a name=\"e\">Linhagem (desde Sakiamuni Buda)<\/a><\/font><\/p>\n<div style=\"text-align:center\">\n<ol type=\"1\"><b><u>BUTSU<\/u><\/b><\/p>\n<li><a href=\"http:\/\/www.nossacasa.net\/shunya\/buda\/\">BIBASHI<\/a><\/li>\n<li><a href=\"http:\/\/www.nossacasa.net\/shunya\/buda\/\">SHIKI<\/a><\/li>\n<li><a href=\"http:\/\/www.nossacasa.net\/shunya\/buda\/\">BISHAFU<\/a><\/li>\n<li><a href=\"http:\/\/www.nossacasa.net\/shunya\/buda\/\">KURUSON<\/a><\/li>\n<li><a href=\"http:\/\/www.nossacasa.net\/shunya\/buda\/\">KUNAGONMUNI<\/a><\/li>\n<li><a href=\"http:\/\/www.nossacasa.net\/shunya\/buda\/\">KASHO<\/a><\/li>\n<li><a href=\"http:\/\/www.nossacasa.net\/shunya\/buda\/\">XAQUIAMUNI<\/a><\/li>\n<\/ol>\n<\/div>\n<table width=\"100%\" border=\"0\">\n<tr>\n<td valign=\"top\">\n<ol type=\"1\"><b><u>\u00cdNDIA<\/u><\/b><\/p>\n<li><a href=\"http:\/\/www.nossacasa.net\/shunya\/mahakashyapa\/\">MAKAKASHO<\/a><\/li>\n<li><a href=\"http:\/\/www.nossacasa.net\/shunya\/ananda\/\">ANANDA<\/a><\/li>\n<li><a href=\"http:\/\/www.nossacasa.net\/shunya\/shanavasa\/\">SHONAWASHU<\/a><\/li>\n<li><a href=\"http:\/\/www.nossacasa.net\/shunya\/upagupta\/\">UBAGIKUTA<\/a><\/li>\n<li><a href=\"http:\/\/www.nossacasa.net\/shunya\/dhritaka\/\">DAITAKA<\/a><\/li>\n<li><a href=\"http:\/\/www.nossacasa.net\/shunya\/michaka\/\">MISHAKA<\/a><\/li>\n<li><a href=\"http:\/\/www.nossacasa.net\/shunya\/vasumitra\/\">BASHUMITSU<\/a><\/li>\n<li><a href=\"http:\/\/www.nossacasa.net\/shunya\/buddhananda\/\">BUTSUDANANDAI<\/a><\/li>\n<li><a href=\"http:\/\/www.nossacasa.net\/shunya\/buddhamitra\/\">FUDAMITA<\/a><\/li>\n<li><a href=\"http:\/\/www.nossacasa.net\/shunya\/parshvanatha\/\">BARISHIBA<\/a><\/li>\n<li><a href=\"http:\/\/www.nossacasa.net\/shunya\/punyayashas\/\">FUNAYASHYA<\/a><\/li>\n<li><a href=\"http:\/\/www.nossacasa.net\/shunya\/ashvagosha\/\">ANABOTEI<\/a><\/li>\n<li><a href=\"http:\/\/www.nossacasa.net\/shunya\/kapimala\/\">KABIMORA<\/a><\/li>\n<li><a href=\"http:\/\/www.nossacasa.net\/shunya\/nagarjuna\/\">NAGYAHARAJUNA<\/a><\/li>\n<li><a href=\"http:\/\/www.nossacasa.net\/shunya\/aryadeva\/\">KANADAIBA<\/a><\/li>\n<li><a href=\"http:\/\/www.nossacasa.net\/shunya\/rahulata\/\">RAGORATA<\/a><\/li>\n<li><a href=\"http:\/\/www.nossacasa.net\/shunya\/sanghanandi\/\">SOGYANANDAI<\/a><\/li>\n<li><a href=\"http:\/\/www.nossacasa.net\/shunya\/gayashata\/\">KAYSHATA<\/a><\/li>\n<li><a href=\"http:\/\/www.nossacasa.net\/shunya\/kumarata\/\">KUMORATA<\/a><\/li>\n<li><a href=\"http:\/\/www.nossacasa.net\/shunya\/jayata\/\">SHAYATA<\/a><\/li>\n<li><a href=\"http:\/\/www.nossacasa.net\/shunya\/vasubandhu\/\">BASHUBANZU<\/a><\/li>\n<li><a href=\"http:\/\/www.nossacasa.net\/shunya\/manorhita\/\">MANURA<\/a><\/li>\n<li><a href=\"http:\/\/www.nossacasa.net\/shunya\/haklenayasha\/\">KAKUROKUNA<\/a><\/li>\n<li><a href=\"http:\/\/www.nossacasa.net\/shunya\/aryasimha\/\">SHSISHIBODAI<\/a><\/li>\n<li><a href=\"http:\/\/www.nossacasa.net\/shunya\/basiasita\/\">BASHASHITA<\/a><\/li>\n<li><a href=\"http:\/\/www.nossacasa.net\/shunya\/punyamitra\/\">FUNYOMITA <\/a><\/li>\n<li><a href=\"http:\/\/www.nossacasa.net\/shunya\/prajnatara\/\">HANNYATARA <\/a><\/li>\n<\/ol>\n<\/td>\n<td valign=\"top\">\n<ol type=\"1\" start=\"28\"><b><u>CHINA<\/u><\/b><\/p>\n<li><a href=\"http:\/\/www.nossacasa.net\/shunya\/bodhidharma\/\">BODAIDARUMA<\/a><\/li>\n<li><a href=\"http:\/\/www.nossacasa.net\/shunya\/hui-ko\/\">TAISO EKA<\/a><\/li>\n<li><a href=\"http:\/\/www.nossacasa.net\/shunya\/seng-tsan\/\">KANCHI SOSAN<\/a><\/li>\n<li><a href=\"http:\/\/www.nossacasa.net\/shunya\/tao-hsin\/\">DAII DOSHIN<\/a><\/li>\n<li><a href=\"http:\/\/www.nossacasa.net\/shunya\/hung-jen\/\">DAIMAN KONIN<\/a><\/li>\n<li><a href=\"http:\/\/www.nossacasa.net\/shunya\/hueineng\/\">DAIKAN ENO<\/a><\/li>\n<li><a href=\"http:\/\/www.nossacasa.net\/shunya\/ching-yuan\/\">SEIGEN GYOSHI<\/a><\/li>\n<li><a href=\"http:\/\/www.nossacasa.net\/shunya\/shih-tou\/\">SEKITO KISEN<\/a><\/li>\n<li><a href=\"http:\/\/www.nossacasa.net\/shunya\/yaoshan-weiyan\/\">YAKUSAN IGEN<\/a><\/li>\n<li><a href=\"http:\/\/www.nossacasa.net\/shunya\/yun-yen-tan-sheng\/\">UNGAN DONJO<\/a><\/li>\n<li><a href=\"http:\/\/www.nossacasa.net\/shunya\/tung-shan-liang-chieh\/\">TOZAN RYOKAI<\/a><\/li>\n<li><a href=\"http:\/\/www.nossacasa.net\/shunya\/yun-chu-tao-ying\/\">UNGO DOYO<\/a><\/li>\n<li><a href=\"http:\/\/www.nossacasa.net\/shunya\/tao-pi\/\">DOAN DOHI<\/a><\/li>\n<li><a href=\"http:\/\/www.nossacasa.net\/shunya\/kuan-chih\/\">DOAN KANSHI<\/a><\/li>\n<li><a href=\"http:\/\/www.nossacasa.net\/shunya\/yuan-kuan\/\">RYOSAN ENKAN<\/a><\/li>\n<li><a href=\"http:\/\/www.nossacasa.net\/shunya\/ta-yang-ching-hsuan\/\">TAIYO KIYOGEN<\/a><\/li>\n<li><a href=\"http:\/\/www.nossacasa.net\/shunya\/tou-tzu-yi-ching\/\">TOSHI GISEI<\/a><\/li>\n<li><a href=\"http:\/\/www.nossacasa.net\/shunya\/fu-jung-tao-kai\/\">FUYO DOKAI<\/a><\/li>\n<li><a href=\"http:\/\/www.nossacasa.net\/shunya\/tan-hsia\/\">TANKA SHIJUN<\/a><\/li>\n<li><a href=\"http:\/\/www.nossacasa.net\/shunya\/wu-kung\/\">CHORO SEIRIYO<\/a><\/li>\n<li><a href=\"http:\/\/www.nossacasa.net\/shunya\/tsung-chueh\/6\">TENDO SOKAKU<\/a><\/li>\n<li><a href=\"http:\/\/www.nossacasa.net\/shunya\/hsue-tou\/\">SECCHO CHIKAN<\/a><\/li>\n<li><a href=\"http:\/\/www.nossacasa.net\/shunya\/tien-tung-ju-ching\/\">TENDO NYOJO<\/a><\/li>\n<\/ol>\n<\/td>\n<\/tr>\n<tr>\n<td valign=\"top\">\n<ol type=\"1\" start=\"51\"><b><u>JAP\u00c3O<\/u><\/b><\/p>\n<li><a href=\"http:\/\/www.nossacasa.net\/shunya\/eihei-dogen\/\">EIHEI DOGEN<\/a><\/li>\n<li><a href=\"http:\/\/www.nossacasa.net\/shunya\/koun-ejo\/\">KOUN EJO<\/a><\/li>\n<li><a href=\"http:\/\/www.nossacasa.net\/shunya\/tettsu-gikai\/\">TETSU GIKAI<\/a><\/li>\n<li><a href=\"http:\/\/www.nossacasa.net\/shunya\/keizan-jokin\/\">KEIZAN JOKIN<\/a><\/li>\n<li><a href=\"http:\/\/www.nossacasa.net\/shunya\/meiho-sotetsu\/\">MEIHO SOTETSU<\/a><\/li>\n<li><a href=\"http:\/\/www.nossacasa.net\/shunya\/shugan-dochin\/\">SHUGAN DOCHIN<\/a><\/li>\n<li><a href=\"http:\/\/www.nossacasa.net\/shunya\/tetsuzan-shikaku\/\">TETSUZAN SHIKAKU<\/a><\/li>\n<li><a href=\"http:\/\/www.nossacasa.net\/shunya\/keigen-eisho\/\">KEIGAN EISHO<\/a><\/li>\n<li><a href=\"http:\/\/www.nossacasa.net\/shunya\/chuzan-ryohun\/\">CHUZAN RYOHUN<\/a><\/li>\n<li><a href=\"http:\/\/www.nossacasa.net\/shunya\/gisan-tonin\/\">GISAN TONIN<\/a><\/li>\n<li><a href=\"http:\/\/www.nossacasa.net\/shunya\/shogaku-kenryu\/\">SHOGAKU KENRYU<\/a><\/li>\n<li><a href=\"http:\/\/www.nossacasa.net\/shunya\/kinen-horyu\/\">KINEN HORYU<\/a><\/li>\n<li><a href=\"http:\/\/www.nossacasa.net\/shunya\/teishitsu-chisen\/\">TEISHITSU CHISEN<\/a><\/li>\n<li><a href=\"http:\/\/www.nossacasa.net\/shunya\/kokei-shojun\/\">KOKEI SHOJUN<\/a><\/li>\n<li><a href=\"http:\/\/www.nossacasa.net\/shunya\/sekiso-juho\/\">SEKISO YUHO<\/a><\/li>\n<li><a href=\"http:\/\/www.nossacasa.net\/shunya\/kaiten-genju\/\">KAITEN GENJU<\/a><\/li>\n<li><a href=\"http:\/\/www.nossacasa.net\/shunya\/shuzan-shunsho\/\">SHUZAN SHUNSHO<\/a><\/li>\n<li><a href=\"http:\/\/www.nossacasa.net\/shunya\/chozan-giketsu\/\">CHOZAN GIKETSU<\/a><\/li>\n<li><a href=\"http:\/\/www.nossacasa.net\/shunya\/fukushu-koshi\/\">FUKUSHU KOCHI<\/a><\/li>\n<li><a href=\"http:\/\/www.nossacasa.net\/shunya\/myodo-yuton\/\">MYODO YUTON<\/a><\/li>\n<li><a href=\"http:\/\/www.nossacasa.net\/shunya\/hakuho-gentekki\/\">HAKUHO GENTEKI<\/a><\/li>\n<li><a href=\"http:\/\/www.nossacasa.net\/shunya\/gesshu-soko\/\">GESSHU SOKO<\/a><\/li>\n<li><a href=\"http:\/\/www.nossacasa.net\/shunya\/tokuho-ryoko\/\">TOKUO RYOKO<\/a><\/li>\n<li><a href=\"http:\/\/www.nossacasa.net\/shunya\/mokushi-soen\/\">MOKUSHI SOEN<\/a><\/li>\n<li><a href=\"http:\/\/www.nossacasa.net\/shunya\/genkyoku-gankei\/\">GENKYOKU GANKEI<\/a><\/li>\n<li><a href=\"http:\/\/www.nossacasa.net\/shunya\/kokoku-soryu\/\">KOKOKU SORYU<\/a><\/li>\n<li><a href=\"http:\/\/www.nossacasa.net\/shunya\/rosetsu-ryuko\/\">ROSETSU RYUKO<\/a><\/li>\n<li><a href=\"http:\/\/www.nossacasa.net\/shunya\/seggai-kozan\/\">SEGGAI KOZAN<\/a><\/li>\n<li><a href=\"http:\/\/www.nossacasa.net\/shunya\/shoryo-koho\/\">SHORYO KOHO<\/a><\/li>\n<li><a href=\"http:\/\/www.nossacasa.net\/shunya\/shokoku-zenko\/\">SHOKOKU ZENKO<\/a><\/li>\n<li><a href=\"http:\/\/www.nossacasa.net\/shunya\/somon-kodo\/\" class=\"broken_link\">SOMON KODO<\/a><\/li>\n<li><a href=\"http:\/\/www.nossacasa.net\/shunya\/taizen-deshimaru\/\">TAISEN DESHIMARU<\/a><\/li>\n<\/ol>\n<\/td>\n<\/tr>\n<\/table>\n<hr \/>\n<div style=\"text-align:right\"><a href=\"#inicio\">Topo<\/a><\/div>\n<hr \/>\n<\/div>\n<!-- AddThis Advanced Settings generic via filter on the_content --><!-- AddThis Share Buttons generic via filter on the_content -->","protected":false},"excerpt":{"rendered":"<p>Taizen Deshimaru (1914-1982) Refer\u00eancias Biografia Livros Textos Linhagem Refer\u00eancias1 Roshi Taisen Deshimaru nasceu em Saga, Jap\u00e3o, emn 1914. Estudou Ciencias Pol\u00edticas e Econ\u00f4micas em Tokio e trabalhou varios anos para a primera empresa do pa\u00eds, a Mitsubishi. Ainda joven conhece &hellip; <a href=\"http:\/\/www.nossacasa.net\/shunya\/taizen-deshimaru\/\">Continue lendo <span class=\"meta-nav\">&rarr;<\/span><\/a><!-- AddThis Advanced Settings generic via filter on get_the_excerpt --><!-- AddThis Share Buttons generic via filter on get_the_excerpt --><\/p>\n","protected":false},"author":1,"featured_media":1975,"parent":0,"menu_order":0,"comment_status":"closed","ping_status":"closed","template":"","meta":{"footnotes":""},"class_list":["post-1977","page","type-page","status-publish","has-post-thumbnail","hentry"],"_links":{"self":[{"href":"http:\/\/www.nossacasa.net\/shunya\/wp-json\/wp\/v2\/pages\/1977","targetHints":{"allow":["GET"]}}],"collection":[{"href":"http:\/\/www.nossacasa.net\/shunya\/wp-json\/wp\/v2\/pages"}],"about":[{"href":"http:\/\/www.nossacasa.net\/shunya\/wp-json\/wp\/v2\/types\/page"}],"author":[{"embeddable":true,"href":"http:\/\/www.nossacasa.net\/shunya\/wp-json\/wp\/v2\/users\/1"}],"replies":[{"embeddable":true,"href":"http:\/\/www.nossacasa.net\/shunya\/wp-json\/wp\/v2\/comments?post=1977"}],"version-history":[{"count":9,"href":"http:\/\/www.nossacasa.net\/shunya\/wp-json\/wp\/v2\/pages\/1977\/revisions"}],"predecessor-version":[{"id":6656,"href":"http:\/\/www.nossacasa.net\/shunya\/wp-json\/wp\/v2\/pages\/1977\/revisions\/6656"}],"wp:featuredmedia":[{"embeddable":true,"href":"http:\/\/www.nossacasa.net\/shunya\/wp-json\/wp\/v2\/media\/1975"}],"wp:attachment":[{"href":"http:\/\/www.nossacasa.net\/shunya\/wp-json\/wp\/v2\/media?parent=1977"}],"curies":[{"name":"wp","href":"https:\/\/api.w.org\/{rel}","templated":true}]}}