{"id":2154,"date":"2018-05-18T15:00:20","date_gmt":"2018-05-18T17:00:20","guid":{"rendered":"http:\/\/www.nossacasa.net\/shunya\/?page_id=2154"},"modified":"2018-05-18T15:00:20","modified_gmt":"2018-05-18T17:00:20","slug":"rahulata","status":"publish","type":"page","link":"http:\/\/www.nossacasa.net\/shunya\/rahulata\/","title":{"rendered":"Rahulata"},"content":{"rendered":"<p><font face=\"Verdana\" size=\"2\"><\/p>\n<div style=\"text-align:justify\">\n<a name=\"inicio\"><\/a><a href=\"http:\/\/www.nossacasa.net\/shunya\/?attachment_id=2155\" rel=\"attachment wp-att-2155\"><img loading=\"lazy\" decoding=\"async\" src=\"http:\/\/www.nossacasa.net\/shunya\/wp-content\/uploads\/2018\/05\/rahulata.jpg\" alt=\"\" width=\"189\" height=\"200\" class=\"alignleft size-full wp-image-2155\" \/><\/a><font size=\"4\"><b>Rahulata<\/b><\/font> <br \/>\n<a href=\"#b\"><font size=\"1\">Transmiss\u00e3o de Aryadeva<\/font><\/a>\/<a href=\"#c\"><font size=\"1\">Transmiss\u00e3o para Sanghanandi<\/font><\/a><\/p>\n<p><b>O D\u00e9cimo Sexto Patriarca<\/b><\/p>\n<div style=\"text-align:right\"><a href=\"#inicio\"><font size=\"2\">Topo<\/font><\/a><\/div>\n<p align=center><b><font face=\"tahoma, verdana, arial\" size=4><br \/>\n<a name=\"b\">Transmiss\u00e3o de Aryadeva<\/a><\/font><sup>2<\/sup><\/b><\/p>\n<p><b><font face=\"tahoma, verdana, arial\" size=3>16. De Aryadeva para Rahulata<br \/>\n[Rahulabhadra]<\/font><\/b><\/p>\n<p><font face=\"tahoma, verdana, arial\" size=2>O jovem Rahulata estava ouvindo<br \/>\numa conversa entre seu pai e o mestre <a href=\"http:\/\/www.nossacasa.net\/shunya\/aryadeva\/\"><font size=\"2\">Aryadeva<\/font><\/a>. Simplesmente ouvindo, o menino<br \/>\ntamb\u00e9m despertou a sabedoria.<\/font><\/p>\n<p align=center><b><font face=\"tahoma, verdana, arial\" size=4><br \/>\n<a name=\"c\">Transmiss\u00e3o para Sanghanandi<\/a><\/font><sup>2<\/sup><\/b><\/p>\n<p><font face=\"tahoma, verdana, arial\" size=3><b>17. De Rahulata para<br \/>\nSanghanandi<\/b><\/font><\/p>\n<p><font face=\"tahoma, verdana, arial\" size=2>Desde a inf\u00e2ncia, <a href=\"default.asp?menu=394\" class=\"broken_link\"><font size=\"2\">Sanghanandi<\/font><\/a> interessou-se pelo buddhismo. Aos 19 anos de idade, abandonou o pal\u00e1cio onde<br \/>\nmorava e passou a morar em uma caverna distante. Aos 29 anos, ele encontrou o<br \/>\nmestre Rahulata, que lhe disse:<\/font><\/p>\n<blockquote><p><font face=\"tahoma, verdana, arial\" size=2>Por mim, que n\u00e3o tenho<br \/>\n  um &#8220;eu limitado&#8221;, voc\u00ea pode ver claramente o &#8220;eu ilimitado&#8221;. Se voc\u00ea concordar<br \/>\n  profundamente comigo, perceber\u00e1 que o &#8220;eu limitado&#8221; nunca se funde no &#8220;eu<br \/>\n  ilimitado&#8221; durante a profunda absor\u00e7\u00e3o do <i>samadhi<\/i>. Por qu\u00ea? Para aquele<br \/>\n  que v\u00ea o &#8220;eu ilimitado&#8221; claramente, o &#8220;eu limitado&#8221; simplesmente n\u00e3o existe,<br \/>\n  nem mesmo chegou a existir.<\/font> <\/p><\/blockquote>\n<p><font face=\"tahoma, verdana, arial\" size=2>Assim, Sanghanandi viu claramente<br \/>\no eu ilimitado e recebeu a transmiss\u00e3o.<\/font><\/p>\n<hr \/>\n<ol type=\"1\">\n<li><font size=\"1\">Extra\u00eddo de www.dharmanet.com.br<\/font><\/li>\n<\/ol>\n<\/div>\n<p><\/font><\/p>\n<hr \/>\n<div style=\"text-align:right\"><a href=\"#inicio\">Topo<\/a><\/div>\n<hr \/>\n<!-- AddThis Advanced Settings generic via filter on the_content --><!-- AddThis Share Buttons generic via filter on the_content -->","protected":false},"excerpt":{"rendered":"<p>Rahulata Transmiss\u00e3o de Aryadeva\/Transmiss\u00e3o para Sanghanandi O D\u00e9cimo Sexto Patriarca Topo Transmiss\u00e3o de Aryadeva2 16. De Aryadeva para Rahulata [Rahulabhadra] O jovem Rahulata estava ouvindo uma conversa entre seu pai e o mestre Aryadeva. Simplesmente ouvindo, o menino tamb\u00e9m despertou &hellip; <a href=\"http:\/\/www.nossacasa.net\/shunya\/rahulata\/\">Continue lendo <span class=\"meta-nav\">&rarr;<\/span><\/a><!-- AddThis Advanced Settings generic via filter on get_the_excerpt --><!-- AddThis Share Buttons generic via filter on get_the_excerpt --><\/p>\n","protected":false},"author":1,"featured_media":2155,"parent":0,"menu_order":0,"comment_status":"closed","ping_status":"closed","template":"","meta":{"footnotes":""},"class_list":["post-2154","page","type-page","status-publish","has-post-thumbnail","hentry"],"_links":{"self":[{"href":"http:\/\/www.nossacasa.net\/shunya\/wp-json\/wp\/v2\/pages\/2154","targetHints":{"allow":["GET"]}}],"collection":[{"href":"http:\/\/www.nossacasa.net\/shunya\/wp-json\/wp\/v2\/pages"}],"about":[{"href":"http:\/\/www.nossacasa.net\/shunya\/wp-json\/wp\/v2\/types\/page"}],"author":[{"embeddable":true,"href":"http:\/\/www.nossacasa.net\/shunya\/wp-json\/wp\/v2\/users\/1"}],"replies":[{"embeddable":true,"href":"http:\/\/www.nossacasa.net\/shunya\/wp-json\/wp\/v2\/comments?post=2154"}],"version-history":[{"count":1,"href":"http:\/\/www.nossacasa.net\/shunya\/wp-json\/wp\/v2\/pages\/2154\/revisions"}],"predecessor-version":[{"id":2156,"href":"http:\/\/www.nossacasa.net\/shunya\/wp-json\/wp\/v2\/pages\/2154\/revisions\/2156"}],"wp:featuredmedia":[{"embeddable":true,"href":"http:\/\/www.nossacasa.net\/shunya\/wp-json\/wp\/v2\/media\/2155"}],"wp:attachment":[{"href":"http:\/\/www.nossacasa.net\/shunya\/wp-json\/wp\/v2\/media?parent=2154"}],"curies":[{"name":"wp","href":"https:\/\/api.w.org\/{rel}","templated":true}]}}