{"id":2164,"date":"2018-05-18T15:08:59","date_gmt":"2018-05-18T17:08:59","guid":{"rendered":"http:\/\/www.nossacasa.net\/shunya\/?page_id=2164"},"modified":"2018-05-18T15:12:51","modified_gmt":"2018-05-18T17:12:51","slug":"gayashata","status":"publish","type":"page","link":"http:\/\/www.nossacasa.net\/shunya\/gayashata\/","title":{"rendered":"Gayashata"},"content":{"rendered":"<p><font face=\"Verdana\" size=\"2\"><\/p>\n<div style=\"text-align:justify\">\n<a name=\"inicio\"><font size=\"4\"><b>Gayashata<\/b><\/font><\/a> <br \/>\n<a href=\"#b\"><\/a><a href=\"http:\/\/www.nossacasa.net\/shunya\/gayashata\/gayashata-2\/\" rel=\"attachment wp-att-2166\"><img loading=\"lazy\" decoding=\"async\" src=\"http:\/\/www.nossacasa.net\/shunya\/wp-content\/uploads\/2018\/05\/Gayashata-300x240.jpg\" alt=\"\" width=\"300\" height=\"240\" class=\"alignleft size-medium wp-image-2166\" srcset=\"http:\/\/www.nossacasa.net\/shunya\/wp-content\/uploads\/2018\/05\/Gayashata-300x240.jpg 300w, http:\/\/www.nossacasa.net\/shunya\/wp-content\/uploads\/2018\/05\/Gayashata-375x300.jpg 375w, http:\/\/www.nossacasa.net\/shunya\/wp-content\/uploads\/2018\/05\/Gayashata.jpg 493w\" sizes=\"auto, (max-width: 300px) 100vw, 300px\" \/><\/a><font size=\"1\">Transmiss\u00e3o de Sanghanandi<\/font>\/<a href=\"#c\"><font size=\"1\">Transmiss\u00e3o para Kumarata<\/font><\/a><\/p>\n<p><b>O D\u00e9cimo Oitavo Patriarca<\/b><\/p>\n<div style=\"text-align:right\"><a href=\"#inicio\"><font size=\"2\">Topo<\/font><\/a><\/div>\n<p align=center><b><font face=\"tahoma, verdana, arial\" size=4><br \/>\n<a name=\"b\">Transmiss\u00e3o de Sanghanandi<\/a><\/font><sup>2<\/sup><\/b><\/p>\n<p><font face=\"tahoma, verdana, arial\" size=3><b>18. De Sanghanandi para<br \/>\nGayashata [Sanghayathata]<\/b><\/font><\/p>\n<p><font face=\"tahoma, verdana, arial\" size=2>Gayashata nasceu com uma grande<br \/>\nsabedoria e, ainda jovem, encontrou o mestre <a href=\"http:\/\/www.nossacasa.net\/shunya\/sanghanandi\/\"><font size=\"2\">Sanghanandi<\/font><\/a>. Ao ouvir o barulho de um sino ao vento, o mestre perguntou:<\/font><\/p>\n<blockquote><p><font face=\"tahoma, verdana, arial\" size=2><b>Sanghanandi:<\/b> O<br \/>\n  sino est\u00e1 tocando ou vento est\u00e1 tocando?<br \/><b>Gayashata:<\/b> N\u00e3o \u00e9 o sino,<br \/>\n  nem mesmo o vento, mas sim a grande mente que est\u00e1<br \/>\n  tocando.<br \/><b>Sanghanandi:<\/b> Para quem a grande mente est\u00e1 aparecendo<br \/>\n  agora?<br \/><b>Gayashata:<\/b> Tanto o sino quanto o vento s\u00e3o o sil\u00eancio da<br \/>\n  grande mente.<\/font> <\/p><\/blockquote>\n<p><font face=\"tahoma, verdana, arial\" size=2>No som silencioso da mente, a<br \/>\nsabedoria se manifestou espontaneamente.<\/font><\/p>\n<p align=center><b><font face=\"tahoma, verdana, arial\" size=4><br \/>\n<a name=\"c\">Transmiss\u00e3o para Kumarata<\/a><\/font><sup>2<\/sup><\/b><\/p>\n<p><font face=\"tahoma, verdana, arial\" size=3><b>19. De Gayashata a<br \/>\nKumara[la]ta<\/b><\/font><\/p>\n<p><font face=\"tahoma, verdana, arial\" size=2>O mestre Gayashata encontrou<br \/>\n<a href=\"default.asp?menu=396\" class=\"broken_link\"><font size=\"2\">Kumarata<\/font><\/a> em uma pequena vila indiana, proclamando:<\/font><\/p>\n<blockquote><p><font face=\"tahoma, verdana, arial\" size=2>O vener\u00e1vel e s\u00e1bio<br \/>\n  Shakyamuni profetizou que, mil anos depois de seus <i>mahaparinirvana<\/i>, um<br \/>\n  grande ser nasceria nesta pequena vila, um ser <i>vajra<\/i> que deve receber e<br \/>\n  transmitir o ensinamento s\u00fabito. Voc\u00ea realizou esta boa fortuna simplesmente<br \/>\n  ao me encontrar.<\/font> <\/p><\/blockquote>\n<p><font face=\"tahoma, verdana, arial\" size=2>Realmente, ao ouvir aquelas<br \/>\npalavras, Kumarata subitamente alcan\u00e7ou o caminho.<\/font><\/p>\n<hr \/>\n<ol type=\"1\">\n<li><font size=\"1\">Extra\u00eddo de www.dharmanet.com.br<\/font><\/li>\n<\/ol>\n<\/div>\n<p><\/font><\/p>\n<hr \/>\n<div style=\"text-align:right\"><a href=\"#inicio\">Topo<\/a><\/div>\n<hr \/>\n<!-- AddThis Advanced Settings generic via filter on the_content --><!-- AddThis Share Buttons generic via filter on the_content -->","protected":false},"excerpt":{"rendered":"<p>Gayashata Transmiss\u00e3o de Sanghanandi\/Transmiss\u00e3o para Kumarata O D\u00e9cimo Oitavo Patriarca Topo Transmiss\u00e3o de Sanghanandi2 18. De Sanghanandi para Gayashata [Sanghayathata] Gayashata nasceu com uma grande sabedoria e, ainda jovem, encontrou o mestre Sanghanandi. Ao ouvir o barulho de um sino &hellip; <a href=\"http:\/\/www.nossacasa.net\/shunya\/gayashata\/\">Continue lendo <span class=\"meta-nav\">&rarr;<\/span><\/a><!-- AddThis Advanced Settings generic via filter on get_the_excerpt --><!-- AddThis Share Buttons generic via filter on get_the_excerpt --><\/p>\n","protected":false},"author":1,"featured_media":2166,"parent":0,"menu_order":0,"comment_status":"closed","ping_status":"closed","template":"","meta":{"footnotes":""},"class_list":["post-2164","page","type-page","status-publish","has-post-thumbnail","hentry"],"_links":{"self":[{"href":"http:\/\/www.nossacasa.net\/shunya\/wp-json\/wp\/v2\/pages\/2164","targetHints":{"allow":["GET"]}}],"collection":[{"href":"http:\/\/www.nossacasa.net\/shunya\/wp-json\/wp\/v2\/pages"}],"about":[{"href":"http:\/\/www.nossacasa.net\/shunya\/wp-json\/wp\/v2\/types\/page"}],"author":[{"embeddable":true,"href":"http:\/\/www.nossacasa.net\/shunya\/wp-json\/wp\/v2\/users\/1"}],"replies":[{"embeddable":true,"href":"http:\/\/www.nossacasa.net\/shunya\/wp-json\/wp\/v2\/comments?post=2164"}],"version-history":[{"count":4,"href":"http:\/\/www.nossacasa.net\/shunya\/wp-json\/wp\/v2\/pages\/2164\/revisions"}],"predecessor-version":[{"id":2169,"href":"http:\/\/www.nossacasa.net\/shunya\/wp-json\/wp\/v2\/pages\/2164\/revisions\/2169"}],"wp:featuredmedia":[{"embeddable":true,"href":"http:\/\/www.nossacasa.net\/shunya\/wp-json\/wp\/v2\/media\/2166"}],"wp:attachment":[{"href":"http:\/\/www.nossacasa.net\/shunya\/wp-json\/wp\/v2\/media?parent=2164"}],"curies":[{"name":"wp","href":"https:\/\/api.w.org\/{rel}","templated":true}]}}