{"id":2221,"date":"2018-05-18T20:00:46","date_gmt":"2018-05-18T22:00:46","guid":{"rendered":"http:\/\/www.nossacasa.net\/shunya\/?page_id=2221"},"modified":"2018-05-30T11:40:36","modified_gmt":"2018-05-30T13:40:36","slug":"seng-tsan","status":"publish","type":"page","link":"http:\/\/www.nossacasa.net\/shunya\/seng-tsan\/","title":{"rendered":"Seng-ts&#8217;an"},"content":{"rendered":"<div style=\"text-align:justify\"><font face=\"Verdana\" size=\"2\"><br \/>\n<a name=\"inicio\"><\/a><a href=\"http:\/\/www.nossacasa.net\/shunya\/?attachment_id=2222\" rel=\"attachment wp-att-2222\"><img loading=\"lazy\" decoding=\"async\" src=\"http:\/\/www.nossacasa.net\/shunya\/wp-content\/uploads\/2018\/05\/Seng-tsan.jpg\" alt=\"\" width=\"225\" height=\"225\" class=\"alignleft size-full wp-image-2222\" srcset=\"http:\/\/www.nossacasa.net\/shunya\/wp-content\/uploads\/2018\/05\/Seng-tsan.jpg 225w, http:\/\/www.nossacasa.net\/shunya\/wp-content\/uploads\/2018\/05\/Seng-tsan-150x150.jpg 150w, http:\/\/www.nossacasa.net\/shunya\/wp-content\/uploads\/2018\/05\/Seng-tsan-50x50.jpg 50w\" sizes=\"auto, (max-width: 225px) 100vw, 225px\" \/><\/a><b>Seng-ts&#8217;an(-606)<\/b><br \/>\n<i>Seng-ts&#8217;an, Jianzhi Sengcan, Chien-shih, Kanchi Sosan<\/i><br \/>\n<strong>O Trig&eacute;simo Patriarca<\/strong><br \/>\n<strong>Terceiro Patriarca chin&ecirc;s<\/strong><\/p>\n<hr \/>\n<p><a href=\"#c\">Refer\u00eancias<\/a><br \/>\n<a href=\"#a\">Transmiss\u00e3o de Hui-k\u2019o<\/a><br \/>\n<a href=\"#b\">Transmiss\u00e3o para Tao-hsin<\/a><br \/>\n<a href=\"#d\">Textos<\/a><br \/>\n<a href=\"#g\">Linhagem<\/a><\/p>\n<hr \/>\n<p><a name=\"c\"><b>Refer\u00eancias<\/b><\/a><sup>2<\/sup><br \/>\nJianzhi Sengcan (Chien-shih Seng-ts&#8217;an, Kanchi Sosan), d. 606.<br \/>\nTerceiro Patriarca chin&ecirc;s. Ver Denkoroku Cap&iacute;tulo 31.<\/p>\n<hr \/>\n<p><a name=\"a\"><b>Transmiss\u00e3o de Hui-k&#8217;o<\/b><\/a><sup>1<\/sup><br \/>\n<b>30. De <a href=\"http:\/\/www.nossacasa.net\/shunya\/hui-ko\/\">Hui-k&#8217;o<\/a> para <a href=\"http:\/\/www.nossacasa.net\/shunya\/seng-tsan\/\">Seng-ts&#8217;an<\/a><\/b><\/p>\n<p>Sabe-se muito pouco sobre o passado de Sent-ts&#8217;an.<br \/>\nAfetado pela lepra, ele procurou o mestre Hui-k&#8217;o para conseguir se curar.<\/p>\n<blockquote><p><b>Seng-ts&#8217;an:<\/b> Meu corpo est\u00e1 manifestando a lepra. Eu suplico, vener\u00e1vel s\u00e1bio, que voc\u00ea<br \/>\n  purifique o meu grande karma negativo.<br \/><b>Hui-k&#8217;o:<\/b> Traga-me o seu karma e irei purific\u00e1-lo instantaneamente.<br \/><b>Seng-ts&#8217;an:<\/b> Mesmo procurando-o, simplesmente n\u00e3o posso encontrar esse karma.<br \/><b>Hui-k&#8217;o:<\/b> Seu karma sempre foi puro. Aproxime-se de mim com grande sinceridade, voc\u00ea desenvolveu as Tr\u00eas J\u00f3ias: o Buddha \u00e9 a pureza original da mente; o ensinamento essencial do Dharma \u00e9 a pureza original da mente; e a Sangha, que realiza e promove a verdade da n\u00e3o-dualidade, tamb\u00e9m \u00e9 a pureza original da mente.\n<\/p><\/blockquote>\n<p><font face=\"tahoma, verdana, arial\">Seng-ts&#8217;an percebeu a pureza de sua<br \/>\nmente, curou-se instantaneamente e realizou o caminho.<\/font><\/p>\n<hr \/>\n<div style=\"text-align:right\"><a href=\"#inicio\">Topo<\/a><\/div>\n<hr \/>\n<p><a name=\"b\"><b>Transmiss\u00e3o para Tao-hsin<\/b><\/a><sup>1<\/sup><br \/>\n31. <b>De <a href=\"http:\/\/www.nossacasa.net\/shunya\/seng-tsan\/\">Seng-ts&#8217;an<\/a> para<br \/>\n<a href=\"http:\/\/www.nossacasa.net\/shunya\/tao-hsin\/\">Tao-hsin<\/a><\/b><\/p>\n<p>Com apenas 13 anos de idade,Tao-hsin recebeu a transmiss\u00e3o do mestre Seng-ts&#8217;an:<\/p>\n<blockquote><p><b>Tao-hsin:<\/b> Por favor, mestre sagrado, demonstre-me sua grande compaix\u00e3o, apontandomdiretamente o ensinamento libertador sobre o vazio.<br \/><b>Seng-ts&#8217;an:<\/b> Quem ou o que est\u00e1 te aprisionando?<br \/><b>Tao-hsin:<\/b> Ningu\u00e9m nem nada me aprisiona.<br \/><b>Seng-ts&#8217;an:<\/b> Ent\u00e3o, por que voc\u00ea considera o ensinamento do vazio como um ensinamento libertador? Por que voc\u00ea procura a liberta\u00e7\u00e3o no lugar original? J\u00e1 que ningu\u00e9m est\u00e1 realmente preso, como a liberta\u00e7\u00e3o pode ser demonstrada? <\/p><\/blockquote>\n<p>Subitamente, o jovem Tao-hsin realizou a libera\u00e7\u00e3o.<\/p>\n<ol type=\"1\">\nFontes:<\/p>\n<li>www.dharmanet.com.br<\/li>\n<li>&#8220;Ensinos do Mestre Zen Anzan Roshi&#8221;(texto compilado pelo Ven. Jinmyo Fleming ino e traduzido ao Portugu&ecirc;s por Claudio Miklos.<\/li>\n<\/ol>\n<hr \/>\n<div style=\"text-align:right\"><a href=\"#inicio\">Topo<\/a><\/div>\n<hr \/>\n<p><a name=\"d\"<b>Textos<\/a><br \/>\n<a href=\"default.asp?menu=575\" class=\"broken_link\">N&atilde;o &eacute; dif&iacute;cil descobrir tua Mente B&uacute;dica simplesmente deixa de procura-la<\/a><\/p>\n<hr \/>\n<div style=\"text-align:right\"><a href=\"#inicio\">Topo<\/a><\/div>\n<hr \/>\n<p><a name=\"g\">Linhagem desde Saquiamuni<\/a><\/p>\n<div style=\"text-align:center\">\n<ol type=\"1\"><b><u>BUTSU<\/u><\/b><\/p>\n<li><a href=\"http:\/\/www.nossacasa.net\/shunya\/buda\/\">BIBASHI<\/a><\/li>\n<li><a href=\"http:\/\/www.nossacasa.net\/shunya\/buda\/\">SHIKI<\/a><\/li>\n<li><a href=\"http:\/\/www.nossacasa.net\/shunya\/buda\/\">BISHAFU<\/a><\/li>\n<li><a href=\"http:\/\/www.nossacasa.net\/shunya\/buda\/\">KURUSON<\/a><\/li>\n<li><a href=\"http:\/\/www.nossacasa.net\/shunya\/buda\/\">KUNAGONMUNI<\/a><\/li>\n<li><a href=\"http:\/\/www.nossacasa.net\/shunya\/buda\/\">KASHO<\/a><\/li>\n<li><a href=\"http:\/\/www.nossacasa.net\/shunya\/buda\/\">XAQUIAMUNI<\/a><\/li>\n<\/ol>\n<\/div>\n<table width=\"100%\" border=\"0\">\n<tr>\n<td valign=\"top\">\n<ol type=\"1\"><b><u>\u00cdNDIA<\/u><\/b><\/p>\n<li><a href=\"http:\/\/www.nossacasa.net\/shunya\/mahakashyapa\/\">MAKAKASHO<\/a><\/li>\n<li><a href=\"http:\/\/www.nossacasa.net\/shunya\/ananda\/\">ANANDA<\/a><\/li>\n<li><a href=\"http:\/\/www.nossacasa.net\/shunya\/shanavasa\/\">SHONAWASHU<\/a><\/li>\n<li><a href=\"http:\/\/www.nossacasa.net\/shunya\/upagupta\/\">UBAGIKUTA<\/a><\/li>\n<li><a href=\"http:\/\/www.nossacasa.net\/shunya\/dhritaka\/\">DAITAKA<\/a><\/li>\n<li><a href=\"http:\/\/www.nossacasa.net\/shunya\/michaka\/\">MISHAKA<\/a><\/li>\n<li><a href=\"http:\/\/www.nossacasa.net\/shunya\/vasumitra\/\">BASHUMITSU<\/a><\/li>\n<li><a href=\"http:\/\/www.nossacasa.net\/shunya\/buddhananda\/\">BUTSUDANANDAI<\/a><\/li>\n<li><a href=\"http:\/\/www.nossacasa.net\/shunya\/buddhamitra\/\">FUDAMITA<\/a><\/li>\n<li><a href=\"http:\/\/www.nossacasa.net\/shunya\/parshvanatha\/\">BARISHIBA<\/a><\/li>\n<li><a href=\"http:\/\/www.nossacasa.net\/shunya\/punyayashas\/\">FUNAYASHYA<\/a><\/li>\n<li><a href=\"http:\/\/www.nossacasa.net\/shunya\/ashvagosha\/\">ANABOTEI<\/a><\/li>\n<li><a href=\"http:\/\/www.nossacasa.net\/shunya\/kapimala\/\">KABIMORA<\/a><\/li>\n<li><a href=\"http:\/\/www.nossacasa.net\/shunya\/nagarjuna\/\">NAGYAHARAJUNA<\/a><\/li>\n<li><a href=\"http:\/\/www.nossacasa.net\/shunya\/aryadeva\/\">KANADAIBA<\/a><\/li>\n<li><a href=\"http:\/\/www.nossacasa.net\/shunya\/rahulata\/\">RAGORATA<\/a><\/li>\n<li><a href=\"http:\/\/www.nossacasa.net\/shunya\/sanghanandi\/\">SOGYANANDAI<\/a><\/li>\n<li><a href=\"http:\/\/www.nossacasa.net\/shunya\/gayashata\/\">KAYSHATA<\/a><\/li>\n<li><a href=\"http:\/\/www.nossacasa.net\/shunya\/kumarata\/\">KUMORATA<\/a><\/li>\n<li><a href=\"http:\/\/www.nossacasa.net\/shunya\/jayata\/\">SHAYATA<\/a><\/li>\n<li><a href=\"http:\/\/www.nossacasa.net\/shunya\/vasubandhu\/\">BASHUBANZU<\/a><\/li>\n<li><a href=\"http:\/\/www.nossacasa.net\/shunya\/manorhita\/\">MANURA<\/a><\/li>\n<li><a href=\"http:\/\/www.nossacasa.net\/shunya\/haklenayasha\/\">KAKUROKUNA<\/a><\/li>\n<li><a href=\"http:\/\/www.nossacasa.net\/shunya\/aryasimha\/\">SHSISHIBODAI<\/a><\/li>\n<li><a href=\"http:\/\/www.nossacasa.net\/shunya\/basiasita\/\">BASHASHITA<\/a><\/li>\n<li><a href=\"http:\/\/www.nossacasa.net\/shunya\/punyamitra\/\">FUNYOMITA <\/a><\/li>\n<li><a href=\"http:\/\/www.nossacasa.net\/shunya\/prajnatara\/\">HANNYATARA <\/a><\/li>\n<\/ol>\n<\/td>\n<td valign=\"top\">\n<ol type=\"1\" start=\"28\"><b><u>CHINA<\/u><\/b><\/p>\n<li><a href=\"http:\/\/www.nossacasa.net\/shunya\/bodhidharma\/\">BODAIDARUMA<\/a><\/li>\n<li><a href=\"http:\/\/www.nossacasa.net\/shunya\/hui-ko\/\">TAISO EKA<\/a><\/li>\n<li><a href=\"http:\/\/www.nossacasa.net\/shunya\/seng-tsan\/\">KANCHI SOSAN<\/a><\/li>\n<\/ol>\n<\/td>\n<\/tr>\n<\/table>\n<hr \/>\n<div style=\"text-align:right\"><a href=\"#inicio\">Topo<\/a><\/div>\n<hr \/>\n<p><\/font><\/div>\n<!-- AddThis Advanced Settings generic via filter on the_content --><!-- AddThis Share Buttons generic via filter on the_content -->","protected":false},"excerpt":{"rendered":"<p>Seng-ts&#8217;an(-606) Seng-ts&#8217;an, Jianzhi Sengcan, Chien-shih, Kanchi Sosan O Trig&eacute;simo Patriarca Terceiro Patriarca chin&ecirc;s Refer\u00eancias Transmiss\u00e3o de Hui-k\u2019o Transmiss\u00e3o para Tao-hsin Textos Linhagem Refer\u00eancias2 Jianzhi Sengcan (Chien-shih Seng-ts&#8217;an, Kanchi Sosan), d. 606. Terceiro Patriarca chin&ecirc;s. Ver Denkoroku Cap&iacute;tulo 31. Transmiss\u00e3o de &hellip; <a href=\"http:\/\/www.nossacasa.net\/shunya\/seng-tsan\/\">Continue lendo <span class=\"meta-nav\">&rarr;<\/span><\/a><!-- AddThis Advanced Settings generic via filter on get_the_excerpt --><!-- AddThis Share Buttons generic via filter on get_the_excerpt --><\/p>\n","protected":false},"author":1,"featured_media":2222,"parent":0,"menu_order":0,"comment_status":"closed","ping_status":"closed","template":"","meta":{"footnotes":""},"class_list":["post-2221","page","type-page","status-publish","has-post-thumbnail","hentry"],"_links":{"self":[{"href":"http:\/\/www.nossacasa.net\/shunya\/wp-json\/wp\/v2\/pages\/2221","targetHints":{"allow":["GET"]}}],"collection":[{"href":"http:\/\/www.nossacasa.net\/shunya\/wp-json\/wp\/v2\/pages"}],"about":[{"href":"http:\/\/www.nossacasa.net\/shunya\/wp-json\/wp\/v2\/types\/page"}],"author":[{"embeddable":true,"href":"http:\/\/www.nossacasa.net\/shunya\/wp-json\/wp\/v2\/users\/1"}],"replies":[{"embeddable":true,"href":"http:\/\/www.nossacasa.net\/shunya\/wp-json\/wp\/v2\/comments?post=2221"}],"version-history":[{"count":7,"href":"http:\/\/www.nossacasa.net\/shunya\/wp-json\/wp\/v2\/pages\/2221\/revisions"}],"predecessor-version":[{"id":4637,"href":"http:\/\/www.nossacasa.net\/shunya\/wp-json\/wp\/v2\/pages\/2221\/revisions\/4637"}],"wp:featuredmedia":[{"embeddable":true,"href":"http:\/\/www.nossacasa.net\/shunya\/wp-json\/wp\/v2\/media\/2222"}],"wp:attachment":[{"href":"http:\/\/www.nossacasa.net\/shunya\/wp-json\/wp\/v2\/media?parent=2221"}],"curies":[{"name":"wp","href":"https:\/\/api.w.org\/{rel}","templated":true}]}}