{"id":2240,"date":"2018-05-18T22:04:07","date_gmt":"2018-05-19T00:04:07","guid":{"rendered":"http:\/\/www.nossacasa.net\/shunya\/?page_id=2240"},"modified":"2020-07-15T19:15:57","modified_gmt":"2020-07-15T21:15:57","slug":"ching-yuan","status":"publish","type":"page","link":"http:\/\/www.nossacasa.net\/shunya\/ching-yuan\/","title":{"rendered":"Ch&#8217;ing-y\u00fcan (660-740)"},"content":{"rendered":"<div style=\"text-align:justify\">\n<a name=\"inicio\"><\/a><a href=\"http:\/\/www.nossacasa.net\/shunya\/ching-yuan\/seigen-gyoshi\/\" rel=\"attachment wp-att-4816\"><img loading=\"lazy\" decoding=\"async\" src=\"http:\/\/www.nossacasa.net\/shunya\/wp-content\/uploads\/2018\/06\/Seigen-Gyoshi-200x300.jpg\" alt=\"\" width=\"200\" height=\"300\" class=\"alignleft size-medium wp-image-4816\" srcset=\"http:\/\/www.nossacasa.net\/shunya\/wp-content\/uploads\/2018\/06\/Seigen-Gyoshi-200x300.jpg 200w, http:\/\/www.nossacasa.net\/shunya\/wp-content\/uploads\/2018\/06\/Seigen-Gyoshi.jpg 300w\" sizes=\"auto, (max-width: 200px) 100vw, 200px\" \/><\/a> <\/p>\n<p><em>Qingyuan Xingsi (Ch&#8217;ing-yuan Hsing-ssu, Seigen Gyoshi)<\/em><br \/>\n<strong>Trig&eacute;simo-quarto Patriarca<\/strong><\/p>\n<hr \/>\n<hr \/>\n<p><a href=\"#c\">Refer\u00eancias<\/a><br \/>\n<a href=\"#d\">Notas Biogr\u00e1ficas<\/a><br \/>\n<a href=\"#a\">Transmiss\u00e3o de Hui-neng<\/a><br \/>\n<a href=\"#b\">Transmiss\u00e3o para Shih-t&#8217;ou<\/a><br \/>\n<a href=\"#g\">Linhagem<\/a><\/p>\n<hr \/>\n<p><a name=\"c\"><strong>Refer\u00eancias<\/strong><\/a><sup>2<\/sup><br \/>\nHerdeiro de Dharma do Sexto Patriarca <a href=\"http:\/\/www.nossacasa.net\/shunya\/hueineng\/\">Huineng<\/a>.<br \/>\nSeu Herdeiro de Dharma foi: <a href=\"http:\/\/www.nossacasa.net\/shunya\/shih-tou\/\">Shitou Xiqian<\/a>.<br \/>\nSeu t&iacute;tulo p&oacute;stumo foi Hongzhi (Hang-chi, Gusai), &#8220;Ajudando Outros&#8221;. Muito pouco &eacute; conhecido sobre sua biografia. Tr&ecirc;s das Cinco Escolas do Ch&#8217;an cl&aacute;ssico desenvolveram-se a partir de sua Linhagem: o Cadong, Yunmen, e Fayan. Ele aparece em &#8220;Registros do Sil&ecirc;ncio&#8221; 5. Ver Denkoroku Cap&iacute;tulo 35.<\/p>\n<hr \/>\n<p><a name=\"d\"><strong>Notas Biogr\u00e1ficas<\/strong><\/a><sup>3<\/sup><br \/>\nQingyuan Xingsi (Q\u012bngyu\u00e1n X\u00edngs\u012b, Seigen Gyoshi, Chongwon Haengsa, Thanh Nguy\u00ean H\u00e0nh T\u01b0) foi um monge Zen-budista durante a dinastia Tang.<\/p>\n<p>Tr\u00eas das cinco casas tradicionalmente reconhecidas do Zen s\u00e3o desenvolveram-se dentro de sua linhagem:<\/p>\n<ol type=\"1\">\n<li><strong>Escola Soto<\/strong> (Caodong) estabelecida por Dongshan Liangjie (Tozan Ryokai; 807\u2013869) descendente de Qingyuan de Xingsi e por Caoshan Benji (Sozan Honjaku, 840\u2013901) disc\u00edpulo de Dongshan\n<\/li>\n<li><strong>Escola de Unmon<\/strong> (Yunmen) estabelecida por Yunmen Wenyan (Unmon Bun\u2019en; 864\u2013949), descendente de Qingyuan de Xingsi\n<\/li>\n<li><strong>Escola de Hogen<\/strong> (Fayan) estabelecida por Fayan Wenyi (Hogen Mon\u2019eki, 885\u2013958), descendente de Qingyuan de Xingsi\n<\/li>\n<\/ol>\n<p>H\u00e1 pouca informa\u00e7\u00e3o sobre sua vida. Teria vivido no templo \u201cMorada  do Sossego\u201d no Monte Qingyuan. Na \u201cTransmission of the Lamp\u201d indica que ele foi estudante de Huineng, embora ela tenha sido escrito durante a dinastia Song, mais de 200 anos ap\u00f3s a morte do Qingyuan.<br \/>\nA mais antiga fonte de informa\u00e7\u00e3o sobre Qingyuan prov\u00e9m o ji Zutang (Registro do Hall de Patriarcas), que foi completado em 952 por Wendeng.<br \/>\nO erudito Albert Welter sugere que Wendeng pode ter inventado Qingyuan para legitimar Shitou Xiqian como aluno de Qingyuan e em transformar-se a si mesmo em descendente de Shitou. Do Shitou original, Huineng, morreu quando Shitou tinha apenas 13 anos, ent\u00e3o Qingyuan serua necess\u00e1rio para ele receber a transmiss\u00e3o do dharma leg\u00edtimo.<\/p>\n<hr \/>\n<p><a name=\"a\"><strong>Transmiss\u00e3o de Hui-neng<\/strong><\/a><sup>1<\/sup><br \/>\n<strong>34. De <a href=\"http:\/\/www.nossacasa.net\/shunya\/hueineng\/\">Hui-neng<\/a> para<br \/>\n<a href=\"http:\/\/www.nossacasa.net\/shunya\/ching-yuan\/\">Ch&#8217;ing-y\u00fcan<\/a><br \/>\nCh&#8217;ing-y\u00fcan era monge desde pequeno, mas continuava cheio de d\u00favidas. Ao encontrar o mestre Hui-neng, perguntou:<\/p>\n<p><b>Ch&#8217;ing-y\u00fcan:<\/b> O que devo fazer para n\u00e3o ficar confuso nos est\u00e1gios do desenvolvimento espiritual?<br \/>\n<b>Hui-neng:<\/b> Qual est\u00e1gio voc\u00ea j\u00e1 tingiu?<br \/>\n<b>Ch&#8217;ing-y\u00fcan:<\/b> Eu ainda nem comecei a refletir sobre as quatro verdades nobres!<br \/>\n<b>Hui-neng:<\/b> Qual est\u00e1gio voc\u00ea vai definitivamente atingir?<br \/>\nCom esta pergunta, Ch&#8217;ing-y\u00fcan tem suas d\u00favidas dissipadas e responde, sorridente:<br \/>\nSe eu nunca come\u00e7ar nem mesmo os est\u00e1gios iniciais, como poderei atingir algum est\u00e1gio? Que est\u00e1gios podem haver?<br \/>\nSem confus\u00e3o, sem est\u00e1gios, Ch&#8217;ing-y\u00fcan realizou a sabedoria.<\/p>\n<hr \/>\n<div style=\"text-align:right\"><a href=\"#inicio\">Topo<\/a><\/div>\n<hr \/>\n<p><a name=\"b\"><strong>Transmiss\u00e3o para Shih-t&#8217;ou<\/strong><strong><\/strong><\/a><sup>1<\/sup><br \/>\n<\/strong><strong>35. De <a href=\"http:\/\/www.nossacasa.net\/shunya\/ching-yuan\/\">Ch&#8217;ing-y\u00fcan<\/a> para<br \/>\n<a href=\"http:\/\/www.nossacasa.net\/shunya\/shih-tou\/\">Shitou Xiqian<\/a><br \/>\nQuando era crian\u00e7a, Shih-t&#8217;ou mostrava-se totalmente contra os sacrif\u00edcios de animais, praticados pelas tribos de<br \/>\nca\u00e7adores de sua regi\u00e3o. Aos 13 anos, ele se tornou novi\u00e7o. Pouco tempo depois, o mestre Hui-neng faleceu, e Shi-t&#8217;ou fez retiros solit\u00e1rios por per\u00edodos prolongados.<br \/>\nAo encontr\u00e1-lo, o mestre Ch&#8217;ing-y\u00fcan perguntou:<\/p>\n<blockquote><p>\n<b>Ch&#8217;ing-y\u00fcan:<\/b> De onde voc\u00ea \u00e9?<br \/>\n<b>Shih-t&#8217;ou:<\/b> Do seu monast\u00e9rio original.<br \/>\n<b>Ch&#8217;ing-y\u00fcan [levantando seu cetro]:<\/b> Isto existe no monast\u00e9rio?<br \/>\n<b>Shih-t&#8217;ou:<\/b> N\u00e3o, em nenhum monast\u00e9rio, nem mesmo na terra sagrada da \u00cdndia.<br \/>\n<b>Ch&#8217;ing-y\u00fcan:<\/b> Desde quando voc\u00ea vai \u00e0 \u00cdndia?<br \/>\n<b>Shih-t&#8217;ou:<\/b> Apenas se eu fosse \u00e0 \u00cdndia que isso estaria l\u00e1.<br \/>\n<b>Ch&#8217;ing-y\u00fcan: <\/b>Declara\u00e7\u00f5es ultrajantes n\u00e3o s\u00e3o suficientes, diga mais.<br \/>\n<b>Shih-t&#8217;ou:<\/b> N\u00e3o conte comigo para que eu diga tudo. Voc\u00ea tamb\u00e9m deve falar.<br \/>\n<b>Ch&#8217;ing-y\u00fcan<\/b> N\u00e3o estou me recusando a falar. Estou apenas achando que, depois de mim, ningu\u00e9m realmente despertar\u00e1.<br \/>\n<b>Shih-t&#8217;ou:<\/b> Os mestres futuros certamente despertar\u00e3o, mas eles podem ser incapazes de expressar isso. <\/p><\/blockquote>\n<p>Ent\u00e3o, o mestre Ch&#8217;ing-t&#8217;ou bateu com cetro em Shih-t&#8217;ou, completando a transmiss\u00e3o.<br \/>\nOs mestres futuros tamb\u00e9m puderam despertar.<\/p>\n<hr \/>\n<ol type=\"1\">\nFontes:<\/p>\n<li>www.dharmanet.com.br<\/li>\n<li>&#8220;Ensinos do Mestre Zen Anzan Roshi&#8221;(texto compilado pelo Ven. Jinmyo Fleming ino e traduzido ao Portugu&ecirc;s por Claudio Miklos.<\/li>\n<li>https:\/\/en.wikipedia.org\/wiki\/Qingyuan_Xingsi\n<\/li>\n<\/ol>\n<hr \/>\n<p><a href=\"default.asp?menu=894\" class=\"broken_link\"> Ver trabalho de Carl Bielefeldt e Lewis Lancaster sobre o Sutra da Plataforma<\/a><\/p>\n<hr \/>\n<div style=\"text-align:right\"><a href=\"#inicio\">Topo<\/a><\/div>\n<hr \/>\n<p><a name=\"g\">Linhagem desde Saquiamuni<\/a><\/p>\n<div style=\"text-align:center\">\n<ol type=\"1\"><b><u>BUTSU<\/u><\/b><\/p>\n<li><a href=\"http:\/\/www.nossacasa.net\/shunya\/buda\/\">BIBASHI<\/a><\/li>\n<li><a href=\"http:\/\/www.nossacasa.net\/shunya\/buda\/\">SHIKI<\/a><\/li>\n<li><a href=\"http:\/\/www.nossacasa.net\/shunya\/buda\/\">BISHAFU<\/a><\/li>\n<li><a href=\"http:\/\/www.nossacasa.net\/shunya\/buda\/\">KURUSON<\/a><\/li>\n<li><a href=\"http:\/\/www.nossacasa.net\/shunya\/buda\/\">KUNAGONMUNI<\/a><\/li>\n<li><a href=\"http:\/\/www.nossacasa.net\/shunya\/buda\/\">KASHO<\/a><\/li>\n<li><a href=\"http:\/\/www.nossacasa.net\/shunya\/buda\/\">XAQUIAMUNI<\/a><\/li>\n<\/ol>\n<\/div>\n<table width=\"100%\" border=\"0\">\n<tr>\n<td valign=\"top\">\n<ol type=\"1\"><b><u>\u00cdNDIA<\/u><\/b><\/p>\n<li><a href=\"http:\/\/www.nossacasa.net\/shunya\/mahakashyapa\/\">MAKAKASHO<\/a><\/li>\n<li><a href=\"http:\/\/www.nossacasa.net\/shunya\/ananda\/\">ANANDA<\/a><\/li>\n<li><a href=\"http:\/\/www.nossacasa.net\/shunya\/shanavasa\/\">SHONAWASHU<\/a><\/li>\n<li><a href=\"http:\/\/www.nossacasa.net\/shunya\/upagupta\/\">UBAGIKUTA<\/a><\/li>\n<li><a href=\"http:\/\/www.nossacasa.net\/shunya\/dhritaka\/\">DAITAKA<\/a><\/li>\n<li><a href=\"http:\/\/www.nossacasa.net\/shunya\/michaka\/\">MISHAKA<\/a><\/li>\n<li><a href=\"http:\/\/www.nossacasa.net\/shunya\/vasumitra\/\">BASHUMITSU<\/a><\/li>\n<li><a href=\"http:\/\/www.nossacasa.net\/shunya\/buddhananda\/\">BUTSUDANANDAI<\/a><\/li>\n<li><a href=\"http:\/\/www.nossacasa.net\/shunya\/buddhamitra\/\">FUDAMITA<\/a><\/li>\n<li><a href=\"http:\/\/www.nossacasa.net\/shunya\/parshvanatha\/\">BARISHIBA<\/a><\/li>\n<li><a href=\"http:\/\/www.nossacasa.net\/shunya\/punyayashas\/\">FUNAYASHYA<\/a><\/li>\n<li><a href=\"http:\/\/www.nossacasa.net\/shunya\/ashvagosha\/\">ANABOTEI<\/a><\/li>\n<li><a href=\"http:\/\/www.nossacasa.net\/shunya\/kapimala\/\">KABIMORA<\/a><\/li>\n<li><a href=\"http:\/\/www.nossacasa.net\/shunya\/nagarjuna\/\">NAGYAHARAJUNA<\/a><\/li>\n<li><a href=\"http:\/\/www.nossacasa.net\/shunya\/aryadeva\/\">KANADAIBA<\/a><\/li>\n<li><a href=\"http:\/\/www.nossacasa.net\/shunya\/rahulata\/\">RAGORATA<\/a><\/li>\n<li><a href=\"http:\/\/www.nossacasa.net\/shunya\/sanghanandi\/\">SOGYANANDAI<\/a><\/li>\n<li><a href=\"http:\/\/www.nossacasa.net\/shunya\/gayashata\/\">KAYSHATA<\/a><\/li>\n<li><a href=\"http:\/\/www.nossacasa.net\/shunya\/kumarata\/\">KUMORATA<\/a><\/li>\n<li><a href=\"http:\/\/www.nossacasa.net\/shunya\/jayata\/\">SHAYATA<\/a><\/li>\n<li><a href=\"http:\/\/www.nossacasa.net\/shunya\/vasubandhu\/\">BASHUBANZU<\/a><\/li>\n<li><a href=\"http:\/\/www.nossacasa.net\/shunya\/manorhita\/\">MANURA<\/a><\/li>\n<li><a href=\"http:\/\/www.nossacasa.net\/shunya\/haklenayasha\/\">KAKUROKUNA<\/a><\/li>\n<li><a href=\"http:\/\/www.nossacasa.net\/shunya\/aryasimha\/\">SHSISHIBODAI<\/a><\/li>\n<li><a href=\"http:\/\/www.nossacasa.net\/shunya\/basiasita\/\">BASHASHITA<\/a><\/li>\n<li><a href=\"http:\/\/www.nossacasa.net\/shunya\/punyamitra\/\">FUNYOMITA <\/a><\/li>\n<li><a href=\"http:\/\/www.nossacasa.net\/shunya\/prajnatara\/\">HANNYATARA <\/a><\/li>\n<\/ol>\n<\/td>\n<td valign=\"top\">\n<ol type=\"1\" start=\"28\"><b><u>CHINA<\/u><\/b><\/p>\n<li><a href=\"http:\/\/www.nossacasa.net\/shunya\/bodhidharma\/\">BODAIDARUMA<\/a><\/li>\n<li><a href=\"http:\/\/www.nossacasa.net\/shunya\/hui-ko\/\">TAISO EKA<\/a><\/li>\n<li><a href=\"http:\/\/www.nossacasa.net\/shunya\/seng-tsan\/\">KANCHI SOSAN<\/a><\/li>\n<li><a href=\"http:\/\/www.nossacasa.net\/shunya\/tao-hsin\/\">DAII DOSHIN<\/a><\/li>\n<li><a href=\"http:\/\/www.nossacasa.net\/shunya\/hung-jen\/\">DAIMAN KONIN<\/a><\/li>\n<li><a href=\"http:\/\/www.nossacasa.net\/shunya\/hueineng\/\">DAIKAN ENO<\/a><\/li>\n<li><a href=\"http:\/\/www.nossacasa.net\/shunya\/ching-yuan\/\">SEIGEN GYOSHI<\/a><\/li>\n<\/ol>\n<\/td>\n<\/tr>\n<\/table>\n<hr \/>\n<div style=\"text-align:right\"><a href=\"#inicio\">Topo<\/a><\/div>\n<hr \/>\n<p><\/strong><\/div>\n<!-- AddThis Advanced Settings generic via filter on the_content --><!-- AddThis Share Buttons generic via filter on the_content -->","protected":false},"excerpt":{"rendered":"<p>Qingyuan Xingsi (Ch&#8217;ing-yuan Hsing-ssu, Seigen Gyoshi) Trig&eacute;simo-quarto Patriarca Refer\u00eancias Notas Biogr\u00e1ficas Transmiss\u00e3o de Hui-neng Transmiss\u00e3o para Shih-t&#8217;ou Linhagem Refer\u00eancias2 Herdeiro de Dharma do Sexto Patriarca Huineng. Seu Herdeiro de Dharma foi: Shitou Xiqian. Seu t&iacute;tulo p&oacute;stumo foi Hongzhi (Hang-chi, Gusai), &hellip; <a href=\"http:\/\/www.nossacasa.net\/shunya\/ching-yuan\/\">Continue lendo <span class=\"meta-nav\">&rarr;<\/span><\/a><!-- AddThis Advanced Settings generic via filter on get_the_excerpt --><!-- AddThis Share Buttons generic via filter on get_the_excerpt --><\/p>\n","protected":false},"author":1,"featured_media":0,"parent":0,"menu_order":0,"comment_status":"closed","ping_status":"closed","template":"","meta":{"footnotes":""},"class_list":["post-2240","page","type-page","status-publish","hentry"],"_links":{"self":[{"href":"http:\/\/www.nossacasa.net\/shunya\/wp-json\/wp\/v2\/pages\/2240","targetHints":{"allow":["GET"]}}],"collection":[{"href":"http:\/\/www.nossacasa.net\/shunya\/wp-json\/wp\/v2\/pages"}],"about":[{"href":"http:\/\/www.nossacasa.net\/shunya\/wp-json\/wp\/v2\/types\/page"}],"author":[{"embeddable":true,"href":"http:\/\/www.nossacasa.net\/shunya\/wp-json\/wp\/v2\/users\/1"}],"replies":[{"embeddable":true,"href":"http:\/\/www.nossacasa.net\/shunya\/wp-json\/wp\/v2\/comments?post=2240"}],"version-history":[{"count":11,"href":"http:\/\/www.nossacasa.net\/shunya\/wp-json\/wp\/v2\/pages\/2240\/revisions"}],"predecessor-version":[{"id":7095,"href":"http:\/\/www.nossacasa.net\/shunya\/wp-json\/wp\/v2\/pages\/2240\/revisions\/7095"}],"wp:attachment":[{"href":"http:\/\/www.nossacasa.net\/shunya\/wp-json\/wp\/v2\/media?parent=2240"}],"curies":[{"name":"wp","href":"https:\/\/api.w.org\/{rel}","templated":true}]}}