{"id":2306,"date":"2018-05-19T12:13:36","date_gmt":"2018-05-19T14:13:36","guid":{"rendered":"http:\/\/www.nossacasa.net\/shunya\/?page_id=2306"},"modified":"2020-07-11T18:51:13","modified_gmt":"2020-07-11T20:51:13","slug":"tou-tzu-yi-ching-1032-1083","status":"publish","type":"page","link":"http:\/\/www.nossacasa.net\/shunya\/tou-tzu-yi-ching-1032-1083\/","title":{"rendered":"T&#8217;ou-tzu Yi-ch&#8217;ing ( 1032-1083)"},"content":{"rendered":"<div style=\"text-align:justify\">\n<a name=\"inicio\"><\/a><a href=\"http:\/\/www.nossacasa.net\/shunya\/?attachment_id=2307\" rel=\"attachment wp-att-2307\"><img loading=\"lazy\" decoding=\"async\" src=\"http:\/\/www.nossacasa.net\/shunya\/wp-content\/uploads\/2018\/05\/Tou-tzu-Yi-ching-262x300.jpg\" alt=\"\" width=\"262\" height=\"300\" class=\"alignleft size-medium wp-image-2307\" srcset=\"http:\/\/www.nossacasa.net\/shunya\/wp-content\/uploads\/2018\/05\/Tou-tzu-Yi-ching-262x300.jpg 262w, http:\/\/www.nossacasa.net\/shunya\/wp-content\/uploads\/2018\/05\/Tou-tzu-Yi-ching.jpg 559w\" sizes=\"auto, (max-width: 262px) 100vw, 262px\" \/><\/a><\/p>\n<p><i>Touzi Yiqing (T&#8217;ou-tzu Yi-ch&#8217;ing, Tosu Gisei)<\/i><br \/>\n<b>O Quadrag&eacute;simo-quarto Patriarca<\/b><\/p>\n<hr \/>\n<p><a href=\"#a\">Refer\u00eancias<\/a><br \/>\n<a href=\"#b\">Transmiss\u00e3o de  Ta-yang<\/a><br \/>\n<a href=\"#c\">Transmiss\u00e3o para Tao-k&#8217;ai<\/a><br \/>\n<a href=\"#f\">Linhagem Soto<\/a><\/p>\n<hr \/>\n<hr \/>\n<hr \/>\n<p><a name=\"a\"><b>Refer\u00eancias<\/b><\/a><sup>1<\/sup><br \/>\nT&#8217;ou-tzu Yi-ch&#8217;ing Recebeu a Transmiss&atilde;o Caodong de <a href=\"http:\/\/www.nossacasa.net\/shunya\/ta-yang-ching-hsuan\/\">Dayang<\/a> por <a href=\"default.asp?menu=283\" class=\"broken_link\">Fushan Fayuan<\/a>.<br \/>\nDeu Transmiss&atilde;o a <a href=\"http:\/\/www.nossacasa.net\/shunya\/fu-jung-tao-kai\/\">Furong Daokai<\/a>. Profundamente adentrado nos estudos de Huayan.<br \/>\nEle aparece em &#8220;Registros do Sil&ecirc;ncio&#8221; 64. Ver Denkoroku Cap&iacute;tulo 45.<\/p>\n<hr \/>\n<div style=\"text-align:right\"><a href=\"#inicio\">Topo<\/a><\/div>\n<hr \/>\n<p><a name=\"b\">Transmiss\u00e3o de  Ta-yang<\/a><sup>2<\/sup><br \/>\n<b>44. De <a href=\"http:\/\/www.nossacasa.net\/shunya\/ta-yang-ching-hsuan\/\">Ta-yang<\/a> para<br \/>\n<a href=\"http:\/\/www.nossacasa.net\/shunya\/tou-tzu-yi-ching\/\">T&#8217;ou-tzu<\/a>, por interm\u00e9dio de <a href=\"default.asp?menu=283\" class=\"broken_link\">Yuan-chen<\/a><\/b><br \/>\nT&#8217;ou-tzu foi para um monast\u00e9rio aos 6 anos de idade e recebeu a ordena\u00e7\u00e3o completa aos 14.<br \/>\nO mestre Ta-yang, com sua grande sabedoria, percebeu a exist\u00eancia de T&#8217;ou-tzu, que seria o seu sucessor,<br \/>\nmas eles estavam separados por uma grande dist\u00e2ncia. Ao contr\u00e1rio dos mestres indianos, os mestres da China n\u00e3o sa\u00edam em busca de sucessor: eles permaneciam em suas montanhas, em seus monast\u00e9rios, aguardando o aparecimento de algu\u00e9m que pudesse receber a transmiss\u00e3o; e o mestre Ta-yang acabou falecendo antes de encontrar T&#8217;ou-tzu.<br \/>\nMas, a pedido do mestre Ta-yang, o grande mestre Yuan-chen da linhagem <i>Lin-chi<\/i> [jap. <i>Rinzai<\/i>] ficou respons\u00e1vel pela transmiss\u00e3o.<br \/>\nAo receber T&#8217;ou-tzu, o mestre Yuan-chen fez uma pergunta, um <i>k\u00f4an<\/i>, seguindo o estilo de sua linhagem:<br \/>\nQual \u00e9 a realidade que n\u00e3o \u00e9 fala nem sil\u00eancio?<br \/>\nAo ouvir essa pergunta, T&#8217;ou-tzu despertou profundamente, assim como o mestre Ta-yang despertara no passado. Tr\u00eas<br \/>\nanos depois, o mestre Yuan-chen fez outra pergunta a T&#8217;ou-tzu:<br \/>\nQual \u00e9 a ess\u00eancia daquele k\u00f4an?<br \/>\nQuando T&#8217;ou-tzu estava prestes a falar, o mestre levantou sua m\u00e3o direita e tapou a boca do sucessor. Finalizando a transmiss\u00e3o, T&#8217;ou-tzu fez tr\u00eas prostra\u00e7\u00f5es diante do mestre Yuan-chen.<\/p>\n<hr \/>\n<div style=\"text-align:right\"><a href=\"#inicio\">Topo<\/a><\/div>\n<p><a name=\"c\">Transmiss\u00e3o para Tao-k&#8217;ai<\/a><sup>2<\/sup><br \/>\n<b>45. De <a href=\"http:\/\/www.nossacasa.net\/shunya\/tou-tzu-yi-ching\/\">T&#8217;ou-tzu<\/a> para<br \/>\n<a href=\"http:\/\/www.nossacasa.net\/shunya\/fu-jung-tao-kai\/\">Tao-k&#8217;ai<\/a><\/b><br \/>\nQualquer frase, por mais s\u00e1bia que seja,<br \/>\nainda \u00e9 um mero conceito, uma express\u00e3o parcial da verdade; ficar em sil\u00eancio<br \/>\ntamb\u00e9m. Isso fica claro na transmiss\u00e3o do mestre T&#8217;ou-tzu para Tao-k&#8217;ai:<br \/>\n<b>Tao-k&#8217;ai:<\/b> As palavras dos antigos buddhas tornam-se comumente aceitas, comuns como ch\u00e1 e arroz. H\u00e1 alguma sutileza que possa atrair as gera\u00e7\u00f5es futuras ao ensinamento da n\u00e3o-dualidade?<br \/>\n<b>T&#8217;ou-tzu:<\/b> Voc\u00ea acha que o poder que o imperador tem para declarar leis em seu reino depende do que os imperadores do passado declararam?<br \/>\n[Tao-k&#8217;ai desperta subitamente; no momento em que vai dizer algo, o mestre passa os fios de seu cetro nos l\u00e1bios do sucessor e sorri.]<br \/>\n<b>T&#8217;ou-tzu:<\/b> Quando voc\u00ea considera qualquer express\u00e3o parcial, voc\u00ea fica sujeito a trinta pancadas!<br \/>\n[Tao-k&#8217;ai faz uma rever\u00eancia ao mestre T&#8217;ou-tzu, d\u00e1 as costas para ele e sai andando.]<br \/>\n<b>T&#8217;ou-tzu:<\/b> Voc\u00ea atingiu finalmente o reino da n\u00e3o-d\u00favida?<br \/>\nTao-k&#8217;ai continuou andando, sem responder \u00e0 pergunta do mestre, sem olhar para tr\u00e1s, tapando as orelhas com as m\u00e3os. N\u00e3o falar, n\u00e3o ver, n\u00e3o ouvir; a transmiss\u00e3o est\u00e1 completa.<\/p>\n<hr \/>\n<div style=\"text-align:right\"><a href=\"#inicio\">Topo<\/a><\/div>\n<p><\/p>\n<ol type=\"1\">\nFontes:<\/p>\n<li>&#8220;Ensinos do Mestre Zen Anzan Roshi&#8221;(texto compilado pelo Ven. Jinmyo Fleming ino e traduzido ao Portugu&ecirc;s por Claudio Miklos.<\/li>\n<li>www.dharmanet.com.br<\/li>\n<\/ol>\n<hr \/>\n<div style=\"text-align:right\"><a href=\"#inicio\">Topo<\/a><\/div>\n<hr \/>\n<p><a name=\"f\">Linhagem desde Saquiamuni<\/a><\/p>\n<div style=\"text-align:center\">\n<ol type=\"1\"><b><u>BUTSU<\/u><\/b><\/p>\n<li><a href=\"http:\/\/www.nossacasa.net\/shunya\/buda\/\">BIBASHI<\/a><\/li>\n<li><a href=\"http:\/\/www.nossacasa.net\/shunya\/buda\/\">SHIKI<\/a><\/li>\n<li><a href=\"http:\/\/www.nossacasa.net\/shunya\/buda\/\">BISHAFU<\/a><\/li>\n<li><a href=\"http:\/\/www.nossacasa.net\/shunya\/buda\/\">KURUSON<\/a><\/li>\n<li><a href=\"http:\/\/www.nossacasa.net\/shunya\/buda\/\">KUNAGONMUNI<\/a><\/li>\n<li><a href=\"http:\/\/www.nossacasa.net\/shunya\/buda\/\">KASHO<\/a><\/li>\n<li><a href=\"http:\/\/www.nossacasa.net\/shunya\/buda\/\">XAQUIAMUNI<\/a><\/li>\n<\/ol>\n<\/div>\n<table width=\"100%\" border=\"0\">\n<tr>\n<td valign=\"top\">\n<ol type=\"1\"><b><u>\u00cdNDIA<\/u><\/b><\/p>\n<li><a href=\"http:\/\/www.nossacasa.net\/shunya\/mahakashyapa\/\">MAKAKASHO<\/a><\/li>\n<li><a href=\"http:\/\/www.nossacasa.net\/shunya\/ananda\/\">ANANDA<\/a><\/li>\n<li><a href=\"http:\/\/www.nossacasa.net\/shunya\/shanavasa\/\">SHONAWASHU<\/a><\/li>\n<li><a href=\"http:\/\/www.nossacasa.net\/shunya\/upagupta\/\">UBAGIKUTA<\/a><\/li>\n<li><a href=\"http:\/\/www.nossacasa.net\/shunya\/dhritaka\/\">DAITAKA<\/a><\/li>\n<li><a href=\"http:\/\/www.nossacasa.net\/shunya\/michaka\/\">MISHAKA<\/a><\/li>\n<li><a href=\"http:\/\/www.nossacasa.net\/shunya\/vasumitra\/\">BASHUMITSU<\/a><\/li>\n<li><a href=\"http:\/\/www.nossacasa.net\/shunya\/buddhananda\/\">BUTSUDANANDAI<\/a><\/li>\n<li><a href=\"http:\/\/www.nossacasa.net\/shunya\/buddhamitra\/\">FUDAMITA<\/a><\/li>\n<li><a href=\"http:\/\/www.nossacasa.net\/shunya\/parshvanatha\/\">BARISHIBA<\/a><\/li>\n<li><a href=\"http:\/\/www.nossacasa.net\/shunya\/punyayashas\/\">FUNAYASHYA<\/a><\/li>\n<li><a href=\"http:\/\/www.nossacasa.net\/shunya\/ashvagosha\/\">ANABOTEI<\/a><\/li>\n<li><a href=\"http:\/\/www.nossacasa.net\/shunya\/kapimala\/\">KABIMORA<\/a><\/li>\n<li><a href=\"http:\/\/www.nossacasa.net\/shunya\/nagarjuna\/\">NAGYAHARAJUNA<\/a><\/li>\n<li><a href=\"http:\/\/www.nossacasa.net\/shunya\/aryadeva\/\">KANADAIBA<\/a><\/li>\n<li><a href=\"http:\/\/www.nossacasa.net\/shunya\/rahulata\/\">RAGORATA<\/a><\/li>\n<li><a href=\"http:\/\/www.nossacasa.net\/shunya\/sanghanandi\/\">SOGYANANDAI<\/a><\/li>\n<li><a href=\"http:\/\/www.nossacasa.net\/shunya\/gayashata\/\">KAYSHATA<\/a><\/li>\n<li><a href=\"http:\/\/www.nossacasa.net\/shunya\/kumarata\/\">KUMORATA<\/a><\/li>\n<li><a href=\"http:\/\/www.nossacasa.net\/shunya\/jayata\/\">SHAYATA<\/a><\/li>\n<li><a href=\"http:\/\/www.nossacasa.net\/shunya\/vasubandhu\/\">BASHUBANZU<\/a><\/li>\n<li><a href=\"http:\/\/www.nossacasa.net\/shunya\/manorhita\/\">MANURA<\/a><\/li>\n<li><a href=\"http:\/\/www.nossacasa.net\/shunya\/haklenayasha\/\">KAKUROKUNA<\/a><\/li>\n<li><a href=\"http:\/\/www.nossacasa.net\/shunya\/aryasimha\/\">SHSISHIBODAI<\/a><\/li>\n<li><a href=\"http:\/\/www.nossacasa.net\/shunya\/basiasita\/\">BASHASHITA<\/a><\/li>\n<li><a href=\"http:\/\/www.nossacasa.net\/shunya\/punyamitra\/\">FUNYOMITA <\/a><\/li>\n<li><a href=\"http:\/\/www.nossacasa.net\/shunya\/prajnatara\/\">HANNYATARA <\/a><\/li>\n<\/ol>\n<\/td>\n<td valign=\"top\">\n<ol type=\"1\" start=\"28\"><b><u>CHINA<\/u><\/b><\/p>\n<li><a href=\"http:\/\/www.nossacasa.net\/shunya\/bodhidharma\/\">BODAIDARUMA<\/a><\/li>\n<li><a href=\"http:\/\/www.nossacasa.net\/shunya\/hui-ko\/\">TAISO EKA<\/a><\/li>\n<li><a href=\"http:\/\/www.nossacasa.net\/shunya\/seng-tsan\/\">KANCHI SOSAN<\/a><\/li>\n<li><a href=\"http:\/\/www.nossacasa.net\/shunya\/tao-hsin\/\">DAII DOSHIN<\/a><\/li>\n<li><a href=\"http:\/\/www.nossacasa.net\/shunya\/hung-jen\/\">DAIMAN KONIN<\/a><\/li>\n<li><a href=\"http:\/\/www.nossacasa.net\/shunya\/hueineng\/\">DAIKAN ENO<\/a><\/li>\n<li><a href=\"http:\/\/www.nossacasa.net\/shunya\/ching-yuan\/\">SEIGEN GYOSHI<\/a><\/li>\n<li><a href=\"http:\/\/www.nossacasa.net\/shunya\/shih-tou\/\">SEKITO KISEN<\/a><\/li>\n<li><a href=\"http:\/\/www.nossacasa.net\/shunya\/yaoshan-weiyan\/\">YAKUSAN IGEN<\/a><\/li>\n<li><a href=\"http:\/\/www.nossacasa.net\/shunya\/yun-yen-tan-sheng\/\">UNGAN DONJO<\/a><\/li>\n<li><a href=\"http:\/\/www.nossacasa.net\/shunya\/tung-shan-liang-chieh\/\">TOZAN RYOKAI<\/a><\/li>\n<li><a href=\"http:\/\/www.nossacasa.net\/shunya\/yun-chu-tao-ying\/\">UNGO DOYO<\/a><\/li>\n<li><a href=\"http:\/\/www.nossacasa.net\/shunya\/tao-pi\/\">DOAN DOHI<\/a><\/li>\n<li><a href=\"http:\/\/www.nossacasa.net\/shunya\/kuan-chih\/\">DOAN KANSHI<\/a><\/li>\n<li><a href=\"http:\/\/www.nossacasa.net\/shunya\/yuan-kuan\/\">RYOSAN ENKAN<\/a><\/li>\n<li><a href=\"http:\/\/www.nossacasa.net\/shunya\/ta-yang-ching-hsuan\/\">TAIYO KIYOGEN<\/a><\/li>\n<li><a href=\"http:\/\/www.nossacasa.net\/shunya\/tou-tzu-yi-ching\/\">TOSHI GISEI<\/a><\/li>\n<\/ol>\n<\/td>\n<\/tr>\n<\/table>\n<hr \/>\n<div style=\"text-align:right\"><a href=\"#inicio\">Topo<\/a><\/div>\n<hr \/>\n<\/div>\n<!-- AddThis Advanced Settings generic via filter on the_content --><!-- AddThis Share Buttons generic via filter on the_content -->","protected":false},"excerpt":{"rendered":"<p>Touzi Yiqing (T&#8217;ou-tzu Yi-ch&#8217;ing, Tosu Gisei) O Quadrag&eacute;simo-quarto Patriarca Refer\u00eancias Transmiss\u00e3o de Ta-yang Transmiss\u00e3o para Tao-k&#8217;ai Linhagem Soto Refer\u00eancias1 T&#8217;ou-tzu Yi-ch&#8217;ing Recebeu a Transmiss&atilde;o Caodong de Dayang por Fushan Fayuan. Deu Transmiss&atilde;o a Furong Daokai. Profundamente adentrado nos estudos de &hellip; <a href=\"http:\/\/www.nossacasa.net\/shunya\/tou-tzu-yi-ching-1032-1083\/\">Continue lendo <span class=\"meta-nav\">&rarr;<\/span><\/a><!-- AddThis Advanced Settings generic via filter on get_the_excerpt --><!-- AddThis Share Buttons generic via filter on get_the_excerpt --><\/p>\n","protected":false},"author":1,"featured_media":2307,"parent":0,"menu_order":0,"comment_status":"closed","ping_status":"closed","template":"","meta":{"footnotes":""},"class_list":["post-2306","page","type-page","status-publish","has-post-thumbnail","hentry"],"_links":{"self":[{"href":"http:\/\/www.nossacasa.net\/shunya\/wp-json\/wp\/v2\/pages\/2306","targetHints":{"allow":["GET"]}}],"collection":[{"href":"http:\/\/www.nossacasa.net\/shunya\/wp-json\/wp\/v2\/pages"}],"about":[{"href":"http:\/\/www.nossacasa.net\/shunya\/wp-json\/wp\/v2\/types\/page"}],"author":[{"embeddable":true,"href":"http:\/\/www.nossacasa.net\/shunya\/wp-json\/wp\/v2\/users\/1"}],"replies":[{"embeddable":true,"href":"http:\/\/www.nossacasa.net\/shunya\/wp-json\/wp\/v2\/comments?post=2306"}],"version-history":[{"count":5,"href":"http:\/\/www.nossacasa.net\/shunya\/wp-json\/wp\/v2\/pages\/2306\/revisions"}],"predecessor-version":[{"id":6974,"href":"http:\/\/www.nossacasa.net\/shunya\/wp-json\/wp\/v2\/pages\/2306\/revisions\/6974"}],"wp:featuredmedia":[{"embeddable":true,"href":"http:\/\/www.nossacasa.net\/shunya\/wp-json\/wp\/v2\/media\/2307"}],"wp:attachment":[{"href":"http:\/\/www.nossacasa.net\/shunya\/wp-json\/wp\/v2\/media?parent=2306"}],"curies":[{"name":"wp","href":"https:\/\/api.w.org\/{rel}","templated":true}]}}