{"id":2339,"date":"2018-05-19T13:20:08","date_gmt":"2018-05-19T15:20:08","guid":{"rendered":"http:\/\/www.nossacasa.net\/shunya\/?page_id=2339"},"modified":"2020-07-11T18:04:39","modified_gmt":"2020-07-11T20:04:39","slug":"tsung-chueh-1091-1162","status":"publish","type":"page","link":"http:\/\/www.nossacasa.net\/shunya\/tsung-chueh-1091-1162\/","title":{"rendered":"Tsung-ch\u00fceh (1091-1162)"},"content":{"rendered":"<div style=\"text-align:justify\">\n<a name=\"inicio\"><\/a><a href=\"http:\/\/www.nossacasa.net\/shunya\/?attachment_id=2340\" rel=\"attachment wp-att-2340\"><img loading=\"lazy\" decoding=\"async\" src=\"http:\/\/www.nossacasa.net\/shunya\/wp-content\/uploads\/2018\/05\/Tiantong-Zongjue-267x300.jpg\" alt=\"\" width=\"267\" height=\"300\" class=\"alignleft size-medium wp-image-2340\" srcset=\"http:\/\/www.nossacasa.net\/shunya\/wp-content\/uploads\/2018\/05\/Tiantong-Zongjue-267x300.jpg 267w, http:\/\/www.nossacasa.net\/shunya\/wp-content\/uploads\/2018\/05\/Tiantong-Zongjue.jpg 571w\" sizes=\"auto, (max-width: 267px) 100vw, 267px\" \/><\/a><\/p>\n<hr \/>\n<p><a href=\"#a\">Transmiss\u00e3o de Wu-k&#8217;ung<\/a><br \/>\n<a href=\"#b\">Transmiss\u00e3o para Hs\u00fce-tou<\/a><\/p>\n<p><strong>O Quadrag&eacute;simo-oitavo Patriarca<\/strong>.<\/p>\n<p align=center><b><a name=\"a\">Transmiss\u00e3o de Wu-k&#8217;ung<\/a><sup>1<\/sup><\/b><\/p>\n<p><font face=\"tahoma, verdana, arial\" size=4><b>48. De Wu-k&#8217;ung para<br \/>\nTsung-ch\u00fceh<\/b><\/font><\/p>\n<p><font face=\"tahoma, verdana, arial\">O monge Tsung-ch\u00fceh foi o ajudante do<br \/>\nmestre <a href=\"http:\/\/www.nossacasa.net\/shunya\/wu-kung\/\">Wu-k&#8217;ung<\/a> por muitos anos. Um dia, o mestre perguntou:<\/font><\/p>\n<blockquote><p><font face=\"tahoma, verdana, arial\" size=2><b>Wu-k&#8217;ung:<\/b> Como<br \/>\n  voc\u00ea olha para a vida nestes dias?<br \/><b>Tsung-ch\u00fceh:<\/b> Apenas<br \/>\n  isto!<br \/><b>Wu-k&#8217;ung:<\/b> N\u00e3o \u00e9 suficiente, diga mais.<br \/><b>Tsung-ch\u00fceh:<\/b><br \/>\n  <i>Apenas isto<\/i> \u00e9 o fato.<br \/><b>Wu-k&#8217;ung:<\/b> Eu n\u00e3o disse que n\u00e3o era o<br \/>\n  fato, mas o que est\u00e1 al\u00e9m?<br \/><b>Tsung-ch\u00fceh:<\/b> <i>Apenas isto<\/i> j\u00e1 inclui<br \/>\n  o que est\u00e1 al\u00e9m.<br \/><b>Wu-k&#8217;ung:<\/b> Ent\u00e3o, diga-me o que est\u00e1 al\u00e9m.<br \/>\n  Expresse-o completamente!<br \/><b>Tsung-ch\u00fceh:<\/b> N\u00e3o pode ser expresso com<br \/>\n  palavras.<br \/><b>Wu-k&#8217;ung:<\/b> Voc\u00ea ainda est\u00e1 distante da<br \/>\n  ilumina\u00e7\u00e3o.<br \/><b>Tsung-ch\u00fceh:<\/b> Por favor vener\u00e1vel mestre,<br \/>\n  expresse-o.<br \/><b>Wu-k&#8217;ung:<\/b> Fa\u00e7a a pergunta para<br \/>\n  mim.<br \/><b>Tsung-ch\u00fceh:<\/b> O que est\u00e1 al\u00e9m?<br \/><b>Wu-k&#8217;ung:<\/b> Apenas<br \/>\n  <i>n\u00e3o<\/i>-isto!<\/font> <\/p><\/blockquote>\n<p><font face=\"tahoma, verdana, arial\">Tsung-ch\u00fceh &#8220;brilha como a n\u00e3o-lua da<br \/>\nn\u00e3o-transmiss\u00e3o, despertando todos os seres no n\u00e3o-despertar&#8221;.<\/font><\/p>\n<hr \/>\n<div style=\"text-align:right\"><a href=\"#inicio\">Topo<\/a><\/div>\n<p align=center><b><a name=\"b\">Transmiss\u00e3o para Hs\u00fce-tou<\/a><sup>1<\/sup><\/b><\/p>\n<p><big><font face=\"tahoma, verdana, arial\"><b>49. De Tsung-ch\u00fceh para<br \/>\nHs\u00fce-tou<\/b><\/font><\/big><\/p>\n<p><font face=\"tahoma, verdana, arial\">V\u00e1rios monges, entre eles <a href=\"http:\/\/www.nossacasa.net\/shunya\/hsue-tou\/\">Hs\u00fce-tou<\/a>,<br \/>\naguardavam o mestre Tsung-ch\u00fceh no sal\u00e3o do templo. Ao entrar, o mestre<br \/>\ndiz:<\/font><\/p>\n<blockquote><p><font face=\"tahoma, verdana, arial\" size=2><b>Tsung-ch\u00fceh:<\/b> O<br \/>\n  Buddha possui um corpo secreto, n\u00e3o um ensinamento secreto. Mas este corpo n\u00e3o<br \/>\n  era secreto para Mahakashyapa, que sorriu, nem \u00e9 secreto para o olhar de<br \/>\n  qualquer ser vivo, pois brilha sempre e em todo lugar, uma lua cheia no c\u00e9u de<br \/>\n  outono, totalmente nua e n\u00e3o-obscura.<br \/><b>Hs\u00fce-tou [chorando]:<\/b> Por que<br \/>\n  eu nunca tinha encontrado este mist\u00e9rio antes? Podemos manifestar o corpo de<br \/>\n  Buddha, aqui e agora, para a ilumina\u00e7\u00e3o instant\u00e2nea de todos os seres. Que<br \/>\n  ensinamento inesperado \u00e9 este?<\/font> <\/p><\/blockquote>\n<p><font face=\"tahoma, verdana, arial\">Algum tempo depois, o mestre Tsung-ch\u00fceh<br \/>\nchamou o monge Hs\u00fce-tou em seus aposentos e perguntou:<\/font><\/p>\n<blockquote><p><font face=\"tahoma, verdana, arial\" size=2><b>Tsung-ch\u00fceh:<\/b> O<br \/>\n  que fez voc\u00ea chorar t\u00e3o intensamente?<br \/><b>Hs\u00fce-tou:<\/b> O corpo secreto de<br \/>\n  Buddha n\u00e3o \u00e9 secreto para Mahakashyapa!<br \/><b>Tsung-ch\u00fceh:<\/b> Voc\u00ea foi<br \/>\n  profetizado pelos antigos s\u00e1bios.<\/font> <\/p><\/blockquote>\n<p><font face=\"tahoma, verdana, arial\">Para Hs\u00fce-tou, o corpo secreto do Buddha<br \/>\ntamb\u00e9m deixou de ser secreto, realizando o caminho.<\/font><\/p>\n<hr \/>\n<div style=\"text-align:right\"><a href=\"#inicio\"><font size=\"2\">Topo<\/font><\/a><\/div>\n<p><\/p>\n<ol type=\"1\">\n<li><font size=\"1\">Extra\u00eddo de www.dharmanet.com.br<\/font><\/li>\n<\/ol>\n<hr \/>\n<\/div>\n<hr \/>\n<div style=\"text-align:right\"><a href=\"#inicio\">Topo<\/a><\/div>\n<hr \/>\n<!-- AddThis Advanced Settings generic via filter on the_content --><!-- AddThis Share Buttons generic via filter on the_content -->","protected":false},"excerpt":{"rendered":"<p>Transmiss\u00e3o de Wu-k&#8217;ung Transmiss\u00e3o para Hs\u00fce-tou O Quadrag&eacute;simo-oitavo Patriarca. Transmiss\u00e3o de Wu-k&#8217;ung1 48. De Wu-k&#8217;ung para Tsung-ch\u00fceh O monge Tsung-ch\u00fceh foi o ajudante do mestre Wu-k&#8217;ung por muitos anos. Um dia, o mestre perguntou: Wu-k&#8217;ung: Como voc\u00ea olha para a &hellip; <a href=\"http:\/\/www.nossacasa.net\/shunya\/tsung-chueh-1091-1162\/\">Continue lendo <span class=\"meta-nav\">&rarr;<\/span><\/a><!-- AddThis Advanced Settings generic via filter on get_the_excerpt --><!-- AddThis Share Buttons generic via filter on get_the_excerpt --><\/p>\n","protected":false},"author":1,"featured_media":0,"parent":0,"menu_order":0,"comment_status":"closed","ping_status":"closed","template":"","meta":{"footnotes":""},"class_list":["post-2339","page","type-page","status-publish","hentry"],"_links":{"self":[{"href":"http:\/\/www.nossacasa.net\/shunya\/wp-json\/wp\/v2\/pages\/2339","targetHints":{"allow":["GET"]}}],"collection":[{"href":"http:\/\/www.nossacasa.net\/shunya\/wp-json\/wp\/v2\/pages"}],"about":[{"href":"http:\/\/www.nossacasa.net\/shunya\/wp-json\/wp\/v2\/types\/page"}],"author":[{"embeddable":true,"href":"http:\/\/www.nossacasa.net\/shunya\/wp-json\/wp\/v2\/users\/1"}],"replies":[{"embeddable":true,"href":"http:\/\/www.nossacasa.net\/shunya\/wp-json\/wp\/v2\/comments?post=2339"}],"version-history":[{"count":5,"href":"http:\/\/www.nossacasa.net\/shunya\/wp-json\/wp\/v2\/pages\/2339\/revisions"}],"predecessor-version":[{"id":6935,"href":"http:\/\/www.nossacasa.net\/shunya\/wp-json\/wp\/v2\/pages\/2339\/revisions\/6935"}],"wp:attachment":[{"href":"http:\/\/www.nossacasa.net\/shunya\/wp-json\/wp\/v2\/media?parent=2339"}],"curies":[{"name":"wp","href":"https:\/\/api.w.org\/{rel}","templated":true}]}}