{"id":2923,"date":"2018-05-22T10:00:46","date_gmt":"2018-05-22T12:00:46","guid":{"rendered":"http:\/\/www.nossacasa.net\/shunya\/?page_id=2923"},"modified":"2018-05-28T14:03:18","modified_gmt":"2018-05-28T16:03:18","slug":"hakuin-ekaku","status":"publish","type":"page","link":"http:\/\/www.nossacasa.net\/shunya\/hakuin-ekaku\/","title":{"rendered":"Hakuin Ekaku"},"content":{"rendered":"<p><font face=\"Verdana\" size=\"2\"><\/p>\n<div style=\"text-align:justify\">\n<a name=\"inicio\"><\/a><a href=\"http:\/\/www.nossacasa.net\/shunya\/hakuin-ekaku\/hakuin-ekaku-2\/\" rel=\"attachment wp-att-2925\"><img loading=\"lazy\" decoding=\"async\" src=\"http:\/\/www.nossacasa.net\/shunya\/wp-content\/uploads\/2018\/05\/Hakuin-Ekaku-300x225.jpg\" alt=\"\" width=\"300\" height=\"225\" class=\"alignleft size-medium wp-image-2925\" srcset=\"http:\/\/www.nossacasa.net\/shunya\/wp-content\/uploads\/2018\/05\/Hakuin-Ekaku-300x225.jpg 300w, http:\/\/www.nossacasa.net\/shunya\/wp-content\/uploads\/2018\/05\/Hakuin-Ekaku-400x300.jpg 400w, http:\/\/www.nossacasa.net\/shunya\/wp-content\/uploads\/2018\/05\/Hakuin-Ekaku.jpg 500w\" sizes=\"auto, (max-width: 300px) 100vw, 300px\" \/><\/a><font size=\"4\"><b>Hakuin Ekaku (1686-1769)<\/b><\/font><br \/>\n<a href=\"#a\">Refer\u00eancias<\/a><br \/>\n<a href=\"#b\">Biografia<\/a><br \/>\n<a href=\"#c\">Textos<\/a><br \/>\n<a href=\"#d\">Linhagem<\/a><\/p>\n<p align=center><b><font face=\"tahoma, verdana, arial\" size=4><a name=\"a\">Refer\u00eancias<\/a><\/font><sup>1<\/sup><\/b><\/p>\n<p>Hakuin Ekaku, mestre Rinzai, recebeu a transmiss\u00e3o do Darma de <a href=\"http:\/\/www.nossacasa.net\/shunya\/shoju-rojin\/\">Shoju Rojin<\/a> e transmitiu o Dhrama para:<\/p>\n<ol type=\"1\">\n<li>Daido Don&#8217;e (-)\n\t<\/li>\n<li>Daikyu Eho, Genshu (1716-1776)\n\t<\/li>\n<li>Shokan Dairin, Tairei, Daienkakuo (1724-1807)\n\t<\/li>\n<li><a href=\"http:\/\/www.nossacasa.net\/shunya\/gasan-jitou\/\">Gasan Jito (1727-1797)<\/a>\n\t<\/li>\n<li>Genshoku (-)\n\t<\/li>\n<li>Geny&#8217;aku (-)\n\t<\/li>\n<li>Ichidaku (-)\n\t<\/li>\n<li>Kyuho Chisetsu (1731-1797)\n\t<\/li>\n<li>Muin (-)\n\t<\/li>\n<li>Reigen Eto (1721-1785)\n\t<\/li>\n<li>Ryosai Gemmyo (-)\n\t<\/li>\n<li>Shikei Eryo (1721 -1722)\n\t<\/li>\n<li>Sokai Giun (-)\n\t<\/li>\n<li>Suiou Genro, Eboku, Futo-ou (1717-1789)\n\t<\/li>\n<li>Teishu Zenjo (-)\n\t<\/li>\n<li>Tengei Eken (1723-1794)\n\t<\/li>\n<li>Toko (-)\n\t<\/li>\n<li>Torei Enji (1721-1792)\n\t<\/li>\n<li>Zen&#8217;ichi (-)\n\t<\/li>\n<li>Zenjo (-)\n<\/li>\n<\/ol>\n<p><a href=\"http:\/\/www.nossacasa.net\/shunya\/gasan-jitou\/\">Gasan Jitou<\/a>.<\/p>\n<ol type=\"1\">\nFonte:<\/p>\n<li>http:\/\/www.ciolek.com\/wwwvlpages\/zenpages\/hakuin.html<\/li>\n<\/ol>\n<hr \/>\n<p>Hakuin \u00e9 freq\u00fcentemente considerado o pai do Zen Rinzai moderno, porque ele reformou a Escola Rinzai que vinha se deteriorando gradualmente desde o s\u00e9culo 14. Ele estudou com v\u00e1rios professores mas considera-se Shoju Rojin como sendo seu mestre do dharma. Shoju nunca reconheceu a realiza\u00e7\u00e3o de Hakuin. Antes dele completar seus estudos com Shoju que ele foi for\u00e7ado a partir e frequentar um monast\u00e9rio pr\u00f3ximo a sua casa e n\u00e3o podia retornar antes de seu professor morrer.<\/p>\n<p>Em seu tempo a escola de Rinzai era famosa por suas persegui\u00e7\u00f5es intelectuais; ele r\u00e9-enfatizou a import\u00e2ncia do zazen e sistematizou o treinamento de koan Ele criou um dos Koans mais famosos do Zen \u2013 &#8220;qual \u00e9 o som de uma m\u00e3o batendo palmas&#8221;. Ele foi tamb\u00e9m um artista prodigioso, tanto em caligrafia e escultura, como tamb\u00e9m em pintura (v\u00e1rias de seus auto-retratos ainda existem). Ele tamb\u00e9m enfatizou a import\u00e2ncia do trabalho como parte da &#8220;pr\u00e1tica em a\u00e7\u00e3o&#8221;.<\/p>\n<p>Ele foi considerado em seu tempo o maior mestre de Zen  Rinzai de sua idade e sua heran\u00e7a \u00e9 determinada pela continua\u00e7\u00e3o de sua linhagem Zen e as duas linhagens principais do Zen existentes, derivadas de Hakuin, foi a de Inzan Ian e de <a href=\"http:\/\/www.nossacasa.net\/shunya\/takuju-kosen\/\">Takujo Kosen<\/a>.<\/p>\n<hr \/>\n<div style=\"text-align:right\"><a href=\"#inicio\">Topo<\/a><\/div>\n<p align=center><b><font face=\"tahoma, verdana, arial\" size=4><a name=\"b\">Biografia<\/a><\/font><sup>2<\/sup><\/b><\/p>\n<p>Hakuin Ekaku nasceu em 19 de janeiro de 1686 e morreu em 18 de janeiro de 1769. Tamb\u00e9m conhecido com so nomes de Kokurin, Byakuin, Sugiyama Iwagiro, Iwajiro, Jinki Dokumyo, Shoji Kokushi (C. Pai-yin, Po-yin).<\/p>\n<p>Hakuin foi Herdeiro do Dharma do mestre Rinzai <a href=\"default.asp?menu=584\" class=\"broken_link\"><font size=\"2\">Shoju Rojin<\/font><\/a>, e um dos dos mais fecundos e brilhantes mestres Zen japoneses, ele &eacute; frequentemente chamado de pai do Rinzai moderno porque sozinho revitalizou os ensinamentos Rinzai, que desde a funda\u00e7\u00e3o da linhagem com <a href=\"default.asp?menu=149\" class=\"broken_link\"><font size=\"2\">Lin-Chi<\/font><\/a>, vinham continuamente declinando por causa da sistematiza&ccedil;&atilde;o dos koans. <\/p>\n<p>Transmitiu o Dharma para muitos disc\u00edpulos: Daido Don&#8217;e, Daikyu Eho, Genshu (1716-1776), Shokan Dairin, Tairei, Daienkakuo (1724-1807),  <a href=\"default.asp?menu=585\" class=\"broken_link\"><font size=\"2\">Gasan Jito<\/font><\/a>, Genshoku, Geny&#8217;aku, Ichidaku, Kyuho Chisetsu (1731-1797), Muin, Reigen Eto (1721-1785), Ryosai Gemmyo, Shikei Eryo (1721 -1722), Sokai Giun, Suiou Genro, Eboku, Futo-ou (1717-1789), Tengei Eken (1723-1794), Teishu Zenjo, Toko, Torei Enji (1721-1792),  Zen&#8217;ichi, Zenjo e Zenso Tenkei.<\/p>\n<p>Hakuin era n&atilde;o somente um mestre not&aacute;vel, mas tamb&eacute;m um pintor, cal&iacute;grafo e escultor. O koan <i>Sekirhu <\/i>ou &quot;Qual &eacute; o som de uma m&atilde;o batendo palmas&quot;? do qual &eacute; o autor, &eacute; o mais conhecido dos koans criados por um mestre japon&ecirc;s. Seu <a href=\"default.asp?menu=336\" class=\"broken_link\"><font size=\"2\"><b><i>Zazen Wasan <\/i><\/b><\/font><\/a>(Canto em louvor do Zazen), muito popular, &eacute; freq&uuml;entemente recitado nos templos Zen, e come&ccedil;a assim: &quot;Os seres conscientes s&atilde;o intrinsecamente Buda&quot;, e termina: &quot;Este lugar &eacute; a pr&oacute;pria terra do L&oacute;tus, o pr&oacute;prio corpo de Buda&quot;.<\/p>\n<ol type=\"1\">\nFontes:<\/p>\n<li>http:\/\/www.kaihan.com\/.<\/li>\n<li>&#8220;Zen Buddhism &#8211; Hakuin School&#8221;<br \/> (www.ciolek.com\/WWWVLPages\/ZenPages\/Hakuin.html).<\/li>\n<\/ol>\n<hr \/>\n<div style=\"text-align:right\"><a href=\"#inicio\"><font size=\"2\">Topo<\/font><\/a><\/div>\n<p><a name=\"c\"><font face=\"Comic Sans MS\" size=\"3\" color=\"#800000\">Textos<\/font><br \/><\/a><br \/>\n<a href=\"default.asp?menu=907\" class=\"broken_link\"><font size=\"2\">A Can&ccedil;&atilde;o do Zazen<\/font><\/a><\/p>\n<hr \/>\n<div style=\"text-align:right\"><a href=\"#inicio\"><font size=\"2\">Topo<\/font><\/a><\/div>\n<p><font face=\"Comic Sans MS\" size=\"3\" color=\"#800000\"><a name=\"d\">Linhagem Rinzai de Koryu Osaka<\/a><\/font><\/p>\n<table width=\"100%\" border=\"0\">\n<tr>\n<td valign=\"top\">\n<ol type=\"1\"><b><u>\u00cdNDIA<\/u><\/b><\/p>\n<li><a href=\"http:\/\/www.nossacasa.net\/shunya\/mahakashyapa\/\">MAKAKASHO<\/a><\/li>\n<li><a href=\"http:\/\/www.nossacasa.net\/shunya\/ananda\/\">ANANDA<\/a><\/li>\n<li><a href=\"http:\/\/www.nossacasa.net\/shunya\/shanavasa\/\">SHONAWASHU<\/a><\/li>\n<li><a href=\"http:\/\/www.nossacasa.net\/shunya\/upagupta\/\">UBAGIKUTA<\/a><\/li>\n<li><a href=\"http:\/\/www.nossacasa.net\/shunya\/dhritaka\/\">DAITAKA<\/a><\/li>\n<li><a href=\"http:\/\/www.nossacasa.net\/shunya\/michaka\/\">MISHAKA<\/a><\/li>\n<li><a href=\"http:\/\/www.nossacasa.net\/shunya\/vasumitra\/\">BASHUMITSU<\/a><\/li>\n<li><a href=\"http:\/\/www.nossacasa.net\/shunya\/buddhananda\/\">BUTSUDANANDAI<\/a><\/li>\n<li><a href=\"http:\/\/www.nossacasa.net\/shunya\/buddhamitra\/\">FUDAMITA<\/a><\/li>\n<li><a href=\"http:\/\/www.nossacasa.net\/shunya\/parshvanatha\/\">BARISHIBA<\/a><\/li>\n<li><a href=\"http:\/\/www.nossacasa.net\/shunya\/punyayashas\/\">FUNAYASHYA<\/a><\/li>\n<li><a href=\"http:\/\/www.nossacasa.net\/shunya\/ashvagosha\/\">ANABOTEI<\/a><\/li>\n<li><a href=\"http:\/\/www.nossacasa.net\/shunya\/kapimala\/\">KABIMORA<\/a><\/li>\n<li><a href=\"http:\/\/www.nossacasa.net\/shunya\/nagarjuna\/\">NAGYAHARAJUNA<\/a><\/li>\n<li><a href=\"http:\/\/www.nossacasa.net\/shunya\/aryadeva\/\">KANADAIBA<\/a><\/li>\n<li><a href=\"http:\/\/www.nossacasa.net\/shunya\/rahulata\/\">RAGORATA<\/a><\/li>\n<li><a href=\"http:\/\/www.nossacasa.net\/shunya\/sanghanandi\/\">SOGYANANDAI<\/a><\/li>\n<li><a href=\"http:\/\/www.nossacasa.net\/shunya\/gayashata\/\">KAYSHATA<\/a><\/li>\n<li><a href=\"http:\/\/www.nossacasa.net\/shunya\/kumarata\/\">KUMORATA<\/a><\/li>\n<li><a href=\"http:\/\/www.nossacasa.net\/shunya\/jayata\/\">SHAYATA<\/a><\/li>\n<li><a href=\"http:\/\/www.nossacasa.net\/shunya\/vasubandhu\/\">BASHUBANZU<\/a><\/li>\n<li><a href=\"http:\/\/www.nossacasa.net\/shunya\/manorhita\/\">MANURA<\/a><\/li>\n<li><a href=\"http:\/\/www.nossacasa.net\/shunya\/haklenayasha\/\">KAKUROKUNA<\/a><\/li>\n<li><a href=\"http:\/\/www.nossacasa.net\/shunya\/aryasimha\/\">SHSISHIBODAI<\/a><\/li>\n<li><a href=\"http:\/\/www.nossacasa.net\/shunya\/basiasita\/\">BASHASHITA<\/a><\/li>\n<li><a href=\"http:\/\/www.nossacasa.net\/shunya\/punyamitra\/\">FUNYOMITA <\/a><\/li>\n<li><a href=\"http:\/\/www.nossacasa.net\/shunya\/prajnatara\/\">HANNYATARA <\/a><\/li>\n<\/ol>\n<\/td>\n<td valign=\"top\">\n<ol type=\"1\" start=\"28\"><b><u>CHINA<\/u><\/b><\/p>\n<li><a href=\"http:\/\/www.nossacasa.net\/shunya\/bodhidharma\/\">BODAIDARUMA<\/a><\/li>\n<li><a href=\"http:\/\/www.nossacasa.net\/shunya\/hui-ko\/\">TAISO EKA<\/a><\/li>\n<li><a href=\"http:\/\/www.nossacasa.net\/shunya\/seng-tsan\/\">KANCHI SOSAN<\/a><\/li>\n<li><a href=\"http:\/\/www.nossacasa.net\/shunya\/tao-hsin\/\">DAII DOSHIN<\/a><\/li>\n<li><a href=\"http:\/\/www.nossacasa.net\/shunya\/hung-jen\/\">DAIMAN KONIN<\/a><\/li>\n<li><a href=\"http:\/\/www.nossacasa.net\/shunya\/hueineng\/\">DAIKAN ENO<\/a><\/li>\n<li><a href=\"http:\/\/www.nossacasa.net\/shunya\/nan-yueh-haui-jang\/\">NAN-YUEH HAUI-JANG<\/a><\/li>\n<li><a href=\"http:\/\/www.nossacasa.net\/shunya\/ma-tsu-tao-i\/\">MA-TSU TAO-I<\/a><\/li>\n<li><a href=\"http:\/\/www.nossacasa.net\/shunya\/pai-chang-huai-huai\/\">PAI CHANG HUAI HUAI<\/a><\/li>\n<li><a href=\"http:\/\/www.nossacasa.net\/shunya\/huang-po\/\">HUANG-PO<\/a><\/li>\n<li><a href=\"http:\/\/www.nossacasa.net\/shunya\/lin-chi\/\">LIN-CHI (RINZAI)<\/a><\/li>\n<li><a href=\"http:\/\/www.nossacasa.net\/shunya\/hsing-hua-tsung-chiang\/\">HSING-HUA TS&#8217;UNG-CHIANG<\/a><\/li>\n<li><a href=\"http:\/\/www.nossacasa.net\/shunya\/nan-yuan-hui-yung\/\">NAN-YUAN HUI-YUNG<\/a><\/li>\n<li><a href=\"http:\/\/www.nossacasa.net\/shunya\/feng-hsueh-yen-chao\/\">FENG-HSUEH YEN-CHAO<\/a><\/li>\n<li><a href=\"http:\/\/www.nossacasa.net\/shunya\/shou-shan-shen-nien\/\">SHOU-SHAN SHEN-NIEN<\/a><\/li>\n<li><a href=\"http:\/\/www.nossacasa.net\/shunya\/fen-yang\/\">FEN YANG SHAN CHAO<\/a><\/li>\n<li><a href=\"http:\/\/www.nossacasa.net\/shunya\/shih-shuang\/\">SHIH-SHUANG<\/a><\/li>\n<li><a href=\"http:\/\/www.nossacasa.net\/shunya\/yang-chi-fang-hui\/\">YANG-CH&#8217;I FANG-HUI<\/a><\/li>\n<li><a href=\"http:\/\/www.nossacasa.net\/shunya\/pai-yun-shou-tuan\/\">PAI-YUN SHOU-TUAN<\/a><\/li>\n<li><a href=\"http:\/\/www.nossacasa.net\/shunya\/wu-tsu-fa-yen\/\">WU-TSU FA-YEN<\/a><\/li>\n<li><a href=\"http:\/\/www.nossacasa.net\/shunya\/yuan-wu\/\">YUAN-WU K&#8217;O-CH&#8217;IN<\/a><\/li>\n<li><a href=\"http:\/\/www.nossacasa.net\/shunya\/hu-chiu\/\">HU-CH&#8217;IU<\/a><\/li>\n<li><a href=\"http:\/\/www.nossacasa.net\/shunya\/ying-an\/\">YING-AN<\/a><\/li>\n<li><a href=\"http:\/\/www.nossacasa.net\/shunya\/mi-an\/\">MI-AN<\/a><\/li>\n<li><a href=\"http:\/\/www.nossacasa.net\/shunya\/sung-yuan\/\">SUNG-YUAN<\/a><\/li>\n<li><a href=\"http:\/\/www.nossacasa.net\/shunya\/yun-an-pu-yen\/\">YUN-AN P&#8217;U-YEN<\/a><\/li>\n<li><a href=\"http:\/\/www.nossacasa.net\/shunya\/hsu-tsang-chih-yu\/\">HSU-T&#8217;SANG CHIH-YU<\/a><\/li>\n<\/ol>\n<\/td>\n<\/tr>\n<tr>\n<td valign=\"top\">\n<ol type=\"1\" start=\"55\"><b><u>JAP\u00c3O<\/u><\/b><\/p>\n<li><a href=\"http:\/\/www.nossacasa.net\/shunya\/shomyo\/\" class=\"broken_link\">SHOMYO<\/a><\/li>\n<li><a href=\"http:\/\/www.nossacasa.net\/shunya\/myocho-shuho\/\">MYOCHO SHUHO<\/a><\/li>\n<li><a href=\"http:\/\/www.nossacasa.net\/shunya\/kanzan-egen\/\">KANZAN EGEN<\/a><\/li>\n<li><a href=\"http:\/\/www.nossacasa.net\/shunya\/juo-sohitsu\/\">JUO SOHITSU<\/a><\/li>\n<li><a href=\"http:\/\/www.nossacasa.net\/shunya\/muin-soin\/\">MUIN SOIN<\/a><\/li>\n<li><a href=\"http:\/\/www.nossacasa.net\/shunya\/tozen-soshin\/\">TOZEN SOSHIN<\/a><\/li>\n<li><a href=\"http:\/\/www.nossacasa.net\/shunya\/toyo-eicho\/\">TOYO EICHO<\/a><\/li>\n<li><a href=\"http:\/\/www.nossacasa.net\/shunya\/youzan-keiyou\/\">YOUZAN KEIYOU<\/a><\/li>\n<li><a href=\"http:\/\/www.nossacasa.net\/shunya\/gudou-tosyoku\/\">GUDOU TOSYOKU<\/a><\/li>\n<li><a href=\"http:\/\/www.nossacasa.net\/shunya\/shidou-bunan\/\">SHIDOU BUNAN<\/a><\/li>\n<li><a href=\"http:\/\/www.nossacasa.net\/shunya\/shoju-rojin\/\">SHOJU ROJIN<\/a><\/li>\n<li><a href=\"http:\/\/www.nossacasa.net\/shunya\/hakuin-ekaku\/\">HAKUIN EKAKU<\/a><\/li>\n<\/ol>\n<\/td>\n<\/tr>\n<\/table>\n<hr \/>\n<div style=\"text-align:right\"><a href=\"#inicio\">Topo<\/a><\/div>\n<hr \/>\n<\/div>\n<p><\/font><\/p>\n<!-- AddThis Advanced Settings generic via filter on the_content --><!-- AddThis Share Buttons generic via filter on the_content -->","protected":false},"excerpt":{"rendered":"<p>Hakuin Ekaku (1686-1769) Refer\u00eancias Biografia Textos Linhagem Refer\u00eancias1 Hakuin Ekaku, mestre Rinzai, recebeu a transmiss\u00e3o do Darma de Shoju Rojin e transmitiu o Dhrama para: Daido Don&#8217;e (-) Daikyu Eho, Genshu (1716-1776) Shokan Dairin, Tairei, Daienkakuo (1724-1807) Gasan Jito (1727-1797) &hellip; <a href=\"http:\/\/www.nossacasa.net\/shunya\/hakuin-ekaku\/\">Continue lendo <span class=\"meta-nav\">&rarr;<\/span><\/a><!-- AddThis Advanced Settings generic via filter on get_the_excerpt --><!-- AddThis Share Buttons generic via filter on get_the_excerpt --><\/p>\n","protected":false},"author":1,"featured_media":2925,"parent":0,"menu_order":0,"comment_status":"closed","ping_status":"closed","template":"","meta":{"footnotes":""},"class_list":["post-2923","page","type-page","status-publish","has-post-thumbnail","hentry"],"_links":{"self":[{"href":"http:\/\/www.nossacasa.net\/shunya\/wp-json\/wp\/v2\/pages\/2923","targetHints":{"allow":["GET"]}}],"collection":[{"href":"http:\/\/www.nossacasa.net\/shunya\/wp-json\/wp\/v2\/pages"}],"about":[{"href":"http:\/\/www.nossacasa.net\/shunya\/wp-json\/wp\/v2\/types\/page"}],"author":[{"embeddable":true,"href":"http:\/\/www.nossacasa.net\/shunya\/wp-json\/wp\/v2\/users\/1"}],"replies":[{"embeddable":true,"href":"http:\/\/www.nossacasa.net\/shunya\/wp-json\/wp\/v2\/comments?post=2923"}],"version-history":[{"count":6,"href":"http:\/\/www.nossacasa.net\/shunya\/wp-json\/wp\/v2\/pages\/2923\/revisions"}],"predecessor-version":[{"id":4423,"href":"http:\/\/www.nossacasa.net\/shunya\/wp-json\/wp\/v2\/pages\/2923\/revisions\/4423"}],"wp:featuredmedia":[{"embeddable":true,"href":"http:\/\/www.nossacasa.net\/shunya\/wp-json\/wp\/v2\/media\/2925"}],"wp:attachment":[{"href":"http:\/\/www.nossacasa.net\/shunya\/wp-json\/wp\/v2\/media?parent=2923"}],"curies":[{"name":"wp","href":"https:\/\/api.w.org\/{rel}","templated":true}]}}