{"id":3437,"date":"2018-05-24T09:42:05","date_gmt":"2018-05-24T11:42:05","guid":{"rendered":"http:\/\/www.nossacasa.net\/shunya\/?page_id=3437"},"modified":"2020-07-07T18:02:07","modified_gmt":"2020-07-07T20:02:07","slug":"shohaku-okumura","status":"publish","type":"page","link":"http:\/\/www.nossacasa.net\/shunya\/shohaku-okumura\/","title":{"rendered":"Shohaku Okumura (1948-)"},"content":{"rendered":"<p><font face=\"Verdana\" size=\"2\"><\/p>\n<div style=\"text-align:justify\">\n<a name=\"inicio\"><\/a><a href=\"http:\/\/www.nossacasa.net\/shunya\/shohaku-okumura\/shohaku-okumura-2\/\" rel=\"attachment wp-att-3439\"><img loading=\"lazy\" decoding=\"async\" src=\"http:\/\/www.nossacasa.net\/shunya\/wp-content\/uploads\/2018\/05\/Shohaku-Okumura-300x225.jpg\" alt=\"\" width=\"300\" height=\"225\" class=\"alignleft size-medium wp-image-3439\" srcset=\"http:\/\/www.nossacasa.net\/shunya\/wp-content\/uploads\/2018\/05\/Shohaku-Okumura-300x225.jpg 300w, http:\/\/www.nossacasa.net\/shunya\/wp-content\/uploads\/2018\/05\/Shohaku-Okumura-400x300.jpg 400w, http:\/\/www.nossacasa.net\/shunya\/wp-content\/uploads\/2018\/05\/Shohaku-Okumura.jpg 480w\" sizes=\"auto, (max-width: 300px) 100vw, 300px\" \/><\/a><a href=\"http:\/\/www.nossacasa.net\/shunya\/quanto-tempo-praticar\/attachment\/613\/\" rel=\"attachment wp-att-1794\"><img loading=\"lazy\" decoding=\"async\" src=\"http:\/\/www.nossacasa.net\/shunya\/wp-content\/uploads\/2013\/02\/613-163x300.jpg\" alt=\"\" width=\"163\" height=\"300\" class=\"alignright size-medium wp-image-1794\" \/><\/a><\/p>\n<p align=center><b><font face=\"tahoma, verdana, arial\" size=4>Biografia<\/font><\/b><\/p>\n<p>Shohaku Okumura nasceu em 22 de junho 1948, em Osaka, Jap\u00e3o. Estudou budismo Zen na Universidade de Komazawa em T\u00f3quio. Foi ordenado como um monge Soto Zen por <a href=\"default.asp?menu=612\" class=\"broken_link\">Roshi Kosho Uchiyama<\/a> em 1970, e praticou em Antaiji em Kyoto, Jap\u00e3o, com ele at\u00e9 1975, quando foi para os Estados Unidos. Ele praticou no &#8220;Pioneer Valley Zendo&#8221; em Massachusetts de 1975 at\u00e9 1981, qundo retornou ao Jap\u00e3o, onde come\u00e7ou a traduzir Zenji Dogen e Roshi Uchiyama para o ingl\u00eas. <\/p>\n<p>Sensei Okumura foi professor no &#8220;Kyoto Soto Zen Center&#8221; e posteriormente no &#8220;Minnesota Zen Meditation Center&#8221; em Minneapolis, Minnesota. Ele liderou sesshins e grupos de estudos do Dharma em todo os Estados Unidos. Al\u00e9m de ser professor de fundador e respons\u00e1vel da &#8220;<a href=\"http:\/\/www.sanshinzencommunity.org\/\" target=\"_blank\" rel=\"noopener noreferrer\" class=\"broken_link\"><font size=\"2\">Sanshin Zen Community<\/font><\/a>&#8220;, Sensei Okumura \u00e9 o Diretor do &#8220;Soto Zen Education Center em S\u00e3o Francisco, Calif\u00f3rnia.<\/p>\n<p>Okumura e sua esposa, Yuko, tem dois filhos. A filha Yoko e o filho Masaki. <\/p>\n<hr \/>\n<\/div>\n<p><\/font><\/p>\n<div style=\"text-align:right\"><a href=\"#inicio\">Topo<\/a><\/div>\n<hr \/>\n<!-- AddThis Advanced Settings generic via filter on the_content --><!-- AddThis Share Buttons generic via filter on the_content -->","protected":false},"excerpt":{"rendered":"<p>Biografia Shohaku Okumura nasceu em 22 de junho 1948, em Osaka, Jap\u00e3o. Estudou budismo Zen na Universidade de Komazawa em T\u00f3quio. Foi ordenado como um monge Soto Zen por Roshi Kosho Uchiyama em 1970, e praticou em Antaiji em Kyoto, &hellip; <a href=\"http:\/\/www.nossacasa.net\/shunya\/shohaku-okumura\/\">Continue lendo <span class=\"meta-nav\">&rarr;<\/span><\/a><!-- AddThis Advanced Settings generic via filter on get_the_excerpt --><!-- AddThis Share Buttons generic via filter on get_the_excerpt --><\/p>\n","protected":false},"author":1,"featured_media":3439,"parent":0,"menu_order":0,"comment_status":"closed","ping_status":"closed","template":"","meta":{"footnotes":""},"class_list":["post-3437","page","type-page","status-publish","has-post-thumbnail","hentry"],"_links":{"self":[{"href":"http:\/\/www.nossacasa.net\/shunya\/wp-json\/wp\/v2\/pages\/3437","targetHints":{"allow":["GET"]}}],"collection":[{"href":"http:\/\/www.nossacasa.net\/shunya\/wp-json\/wp\/v2\/pages"}],"about":[{"href":"http:\/\/www.nossacasa.net\/shunya\/wp-json\/wp\/v2\/types\/page"}],"author":[{"embeddable":true,"href":"http:\/\/www.nossacasa.net\/shunya\/wp-json\/wp\/v2\/users\/1"}],"replies":[{"embeddable":true,"href":"http:\/\/www.nossacasa.net\/shunya\/wp-json\/wp\/v2\/comments?post=3437"}],"version-history":[{"count":6,"href":"http:\/\/www.nossacasa.net\/shunya\/wp-json\/wp\/v2\/pages\/3437\/revisions"}],"predecessor-version":[{"id":6865,"href":"http:\/\/www.nossacasa.net\/shunya\/wp-json\/wp\/v2\/pages\/3437\/revisions\/6865"}],"wp:featuredmedia":[{"embeddable":true,"href":"http:\/\/www.nossacasa.net\/shunya\/wp-json\/wp\/v2\/media\/3439"}],"wp:attachment":[{"href":"http:\/\/www.nossacasa.net\/shunya\/wp-json\/wp\/v2\/media?parent=3437"}],"curies":[{"name":"wp","href":"https:\/\/api.w.org\/{rel}","templated":true}]}}