{"id":3793,"date":"2018-05-25T15:49:49","date_gmt":"2018-05-25T17:49:49","guid":{"rendered":"http:\/\/www.nossacasa.net\/shunya\/?page_id=3793"},"modified":"2020-07-06T12:23:38","modified_gmt":"2020-07-06T14:23:38","slug":"hogen-daido-yamahata","status":"publish","type":"page","link":"http:\/\/www.nossacasa.net\/shunya\/hogen-daido-yamahata\/","title":{"rendered":"Hogen Daido Yamahata"},"content":{"rendered":"<div style=\"text-align:justify\"><font face=\"Verdana\" size=\"2\"><br \/>\n<a name=\"inicio\"><\/a><a href=\"http:\/\/www.nossacasa.net\/shunya\/?attachment_id=3794\" rel=\"attachment wp-att-3794\"><img loading=\"lazy\" decoding=\"async\" src=\"http:\/\/www.nossacasa.net\/shunya\/wp-content\/uploads\/2018\/05\/Hogen-Daido-Yamahata-200x300.jpg\" alt=\"\" width=\"200\" height=\"300\" class=\"alignright size-medium wp-image-3794\" srcset=\"http:\/\/www.nossacasa.net\/shunya\/wp-content\/uploads\/2018\/05\/Hogen-Daido-Yamahata-200x300.jpg 200w, http:\/\/www.nossacasa.net\/shunya\/wp-content\/uploads\/2018\/05\/Hogen-Daido-Yamahata.jpg 233w\" sizes=\"auto, (max-width: 200px) 100vw, 200px\" \/><\/a><a href=\"http:\/\/www.nossacasa.net\/shunya\/quanto-tempo-praticar\/attachment\/636\/\" rel=\"attachment wp-att-1809\"><img loading=\"lazy\" decoding=\"async\" src=\"http:\/\/www.nossacasa.net\/shunya\/wp-content\/uploads\/2013\/02\/636.jpg\" alt=\"\" width=\"200\" height=\"227\" class=\"alignright size-full wp-image-1809\" \/><\/a><\/font><font size=\"4\"><b>Hogen Daido Yamahata (1935-)<\/b><\/font><br \/>\n<a href=\"#a\"><font size=\"1\">Refer\u00eancias<\/font><\/a><br \/>\n<a href=\"#b\"><font size=\"1\">Biografia<\/font><\/a><\/p>\n<p align=center><b><font face=\"tahoma, verdana, arial\" size=4><a name=\"a\">Refer\u00eancias<\/a><\/font><sup>1<\/sup><\/b><\/p>\n<p>Roshi Hogen Daido Yamahata foi abade do Templo Chogen-ji no Jap\u00e3o. Foi professor e respons\u00e1vel pelo  <a href=\"http:\/\/www.openway.org.au\/\" target=\"_blank\" rel=\"noopener noreferrer\">Open Way Association<\/a>, na Austr\u00e1lia. O mestre Zen Hogen tamb\u00e9m deu ensinamentos na Inglaterra, Espanha e Portugal. <\/p>\n<p>Roshi Hogen Daido Yamahata foi um dos sucessores do Dharma de<a href=\"http:\/\/www.nossacasa.net\/shunya\/tangen-harada\/\"> Roshi Tangen Harada<\/a>.<\/p>\n<div style=\"text-align:right\"><a href=\"#inicio\">Topo<\/a><\/div>\n<hr \/>\n<p align=center><b><font face=\"tahoma, verdana, arial\" size=4><a name=\"a\">Biografia<\/a><\/font><sup>2<\/sup><\/b><\/p>\n<p>O mestre Zen Hogen come\u00e7ou seu jornada epiritual como um adolescente, vagando na zona rural japonesa de monast\u00e9rio at\u00e9 eremita \u00e0 procura da verdade \u00faltima. Levando algumas posses, ele visitou uma grande variedade de mestres not\u00e1veis, nas tradi\u00e7\u00f5es Rinzai e Soto. Depois de muitos anos de busca, ele encontrou um monge enigm\u00e1tico, que, em resposta para uma pergunta sincera sobre o significado da vida, gritou &#8220;isto \u00e9 isto!&#8221;. Aquele monge era Roshi Tangen Harada, o Abade profundamente respeitado do Monast\u00e9rio Bukokuji, e tornou-se o mestre de San Hogen. Hogen escreveu tamb\u00e9m sobre o koan de sua vida. <\/p>\n<p>Ap\u00f3s vinte anos, depois de um tempo de retiro solit\u00e1rio, San Hogen assumiu a responsabilidade por um templo Soto desocupado. Ele est\u00e1 localizado em uma comunidade de agricultura tradicional pr\u00f3xima ao p\u00e9 de Monte Fuji. L\u00e1 ele continuou a levar um estilo de vida simples com sua esposa, crian\u00e7as e alguns disc\u00edpulos. O hor\u00e1rio di\u00e1rio consiste em medita\u00e7\u00e3o, ioga, jardinagem corrente e org\u00e2nica. Quando n\u00e3o administrando as necessidades religiosas de sua aldeia, San Hogen corresponde com muitos amigos e estudantes mundiais, entre eles artistas principais, humanitarians e fil\u00f3sofos. <\/p>\n<hr \/>\n<ol type=\"1\">\n<b>Notas:<\/b><\/p>\n<li>Extra\u00eddo de &#8220;Zen Buddhism &#8211; Hakuin School&#8221;<br \/>\n (www.ciolek.com\/WWWVLPages\/ZenPages\/Hakuin.html).\n<\/li>\n<li>Extra\u00eddo de http:\/\/www.openway.org.au\/.<\/li>\n<\/ol>\n<hr \/>\n<\/div>\n<div style=\"text-align:right\"><a href=\"#inicio\">Topo<\/a><\/div>\n<hr \/>\n<!-- AddThis Advanced Settings generic via filter on the_content --><!-- AddThis Share Buttons generic via filter on the_content -->","protected":false},"excerpt":{"rendered":"<p>Hogen Daido Yamahata (1935-) Refer\u00eancias Biografia Refer\u00eancias1 Roshi Hogen Daido Yamahata foi abade do Templo Chogen-ji no Jap\u00e3o. Foi professor e respons\u00e1vel pelo Open Way Association, na Austr\u00e1lia. O mestre Zen Hogen tamb\u00e9m deu ensinamentos na Inglaterra, Espanha e Portugal. &hellip; <a href=\"http:\/\/www.nossacasa.net\/shunya\/hogen-daido-yamahata\/\">Continue lendo <span class=\"meta-nav\">&rarr;<\/span><\/a><!-- AddThis Advanced Settings generic via filter on get_the_excerpt --><!-- AddThis Share Buttons generic via filter on get_the_excerpt --><\/p>\n","protected":false},"author":1,"featured_media":3794,"parent":0,"menu_order":0,"comment_status":"closed","ping_status":"closed","template":"","meta":{"footnotes":""},"class_list":["post-3793","page","type-page","status-publish","has-post-thumbnail","hentry"],"_links":{"self":[{"href":"http:\/\/www.nossacasa.net\/shunya\/wp-json\/wp\/v2\/pages\/3793","targetHints":{"allow":["GET"]}}],"collection":[{"href":"http:\/\/www.nossacasa.net\/shunya\/wp-json\/wp\/v2\/pages"}],"about":[{"href":"http:\/\/www.nossacasa.net\/shunya\/wp-json\/wp\/v2\/types\/page"}],"author":[{"embeddable":true,"href":"http:\/\/www.nossacasa.net\/shunya\/wp-json\/wp\/v2\/users\/1"}],"replies":[{"embeddable":true,"href":"http:\/\/www.nossacasa.net\/shunya\/wp-json\/wp\/v2\/comments?post=3793"}],"version-history":[{"count":3,"href":"http:\/\/www.nossacasa.net\/shunya\/wp-json\/wp\/v2\/pages\/3793\/revisions"}],"predecessor-version":[{"id":6753,"href":"http:\/\/www.nossacasa.net\/shunya\/wp-json\/wp\/v2\/pages\/3793\/revisions\/6753"}],"wp:featuredmedia":[{"embeddable":true,"href":"http:\/\/www.nossacasa.net\/shunya\/wp-json\/wp\/v2\/media\/3794"}],"wp:attachment":[{"href":"http:\/\/www.nossacasa.net\/shunya\/wp-json\/wp\/v2\/media?parent=3793"}],"curies":[{"name":"wp","href":"https:\/\/api.w.org\/{rel}","templated":true}]}}