{"id":5563,"date":"2018-07-17T11:16:45","date_gmt":"2018-07-17T13:16:45","guid":{"rendered":"http:\/\/www.nossacasa.net\/shunya\/?page_id=5563"},"modified":"2018-07-17T11:28:17","modified_gmt":"2018-07-17T13:28:17","slug":"pema-chodron","status":"publish","type":"page","link":"http:\/\/www.nossacasa.net\/shunya\/pema-chodron\/","title":{"rendered":"Pema Ch\u00f6dr\u00f6n"},"content":{"rendered":"<div style=\"text-align:justify\">\n<a name=\"inicio\"><\/a><a href=\"http:\/\/www.nossacasa.net\/shunya\/quanto-tempo-praticar\/attachment\/190\/\" rel=\"attachment wp-att-1720\"><img loading=\"lazy\" decoding=\"async\" src=\"http:\/\/www.nossacasa.net\/shunya\/wp-content\/uploads\/2013\/02\/190.jpg\" alt=\"\" width=\"200\" height=\"195\" class=\"alignleft size-full wp-image-1720\" srcset=\"http:\/\/www.nossacasa.net\/shunya\/wp-content\/uploads\/2013\/02\/190.jpg 200w, http:\/\/www.nossacasa.net\/shunya\/wp-content\/uploads\/2013\/02\/190-50x50.jpg 50w\" sizes=\"auto, (max-width: 200px) 100vw, 200px\" \/><\/a> Pema Ch&ouml;dr&ouml;n &eacute; uma monja buddhista norte-americana e uma das estudantes mais brilhantes de <a href=\"default.asp?menu=570\" class=\"broken_link\">Ch&ouml;gyam Trungpa Rinpoche<\/a>, famoso mestre de medita&ccedil;&atilde;o. Ela &eacute; autora das obras The Wisdom of No Escape e Start Where You Are, e tamb&eacute;m professora em Gambo Abbey (Nova Scotia, Canad&aacute;), o primeiro monast&eacute;rio tibetano na Am&eacute;rica do Norte estabelecido para ocidentais. <\/p>\n<p>Segundo Ch&ouml;dr&ouml;n, a felicidade est&aacute; ao nosso alcance, e no entanto tantas vezes a perdemos de vista, ironicamente na tentativa de evitar dor e sofrimento. O texto radical e compassivo de Pema Ch&ouml;dr&ouml;n vem de encontro &agrave;s nossas expectativas e h&aacute;bitos de conduta Quando Tudo Se Desfaz (Editora Gryphus), e nos confronta com a sabedoria buddhista. Existe somente uma atitude em rela&ccedil;&atilde;o ao sofrimento, ensina Ch&ouml;dr&ouml;n, e essa atitude &eacute; a que caminha na dire&ccedil;&atilde;o das situa&ccedil;&otilde;es dif&iacute;ceis com afabilidade e curiosidade, se deixando levar pela inseguran&ccedil;a da situa&ccedil;&atilde;o. &Eacute; ali, no meio do caos, que descobrimos a verdade e o amor indestrut&iacute;veis.<\/p>\n<hr \/>\n<p><b>Livros:<\/b><br \/>\n<a href=\"default.asp?menu=191\" class=\"broken_link\">Orienta\u00e7\u00e3o para tempos dif\u00edceis<\/a><\/p>\n<hr \/>\n<p><b>Textos:<\/b><br \/>\n<a href=\"default.asp?menu=440\" class=\"broken_link\">A nossa verdadeira natureza<\/a><br \/>\n<a href=\"default.asp?menu=438\" class=\"broken_link\">Bondade Amorosa<\/a><br \/>\n<a href=\"http:\/\/www.nossacasa.net\/shunya\/crescendo\/\">Crescendo<\/a><br \/>\n<a href=\"default.asp?menu=972\" class=\"broken_link\">N&atilde;o causar o mal<\/a><br \/>\n<a href=\"default.asp?menu=1048\" class=\"broken_link\">N&atilde;o esticar nem afrouxar por demais a corda<\/a><br \/>\n<a href=\"http:\/\/www.nossacasa.net\/shunya\/opinioes\/\">Opini\u00f5es<\/a><br \/>\n<a href=\"default.asp?menu=524\" class=\"broken_link\">Quando Tudo se Desfaz<\/a><br \/>\n<a href=\"default.asp?menu=439\" class=\"broken_link\">Satisfa&ccedil;&atilde;o<\/a><\/p>\n<hr \/>\n<p><b>Entrevistas><\/b><br \/>\n<a href=\"default.asp?menu=573\" class=\"broken_link\">Para a Revista Tricycle<\/a><\/p>\n<hr \/>\n<div style=\"text-align:right\"><a href=\"#inicio\">Topo<\/a><\/div>\n<\/div>\n<!-- AddThis Advanced Settings generic via filter on the_content --><!-- AddThis Share Buttons generic via filter on the_content -->","protected":false},"excerpt":{"rendered":"<p>Pema Ch&ouml;dr&ouml;n &eacute; uma monja buddhista norte-americana e uma das estudantes mais brilhantes de Ch&ouml;gyam Trungpa Rinpoche, famoso mestre de medita&ccedil;&atilde;o. Ela &eacute; autora das obras The Wisdom of No Escape e Start Where You Are, e tamb&eacute;m professora em &hellip; <a href=\"http:\/\/www.nossacasa.net\/shunya\/pema-chodron\/\">Continue lendo <span class=\"meta-nav\">&rarr;<\/span><\/a><!-- AddThis Advanced Settings generic via filter on get_the_excerpt --><!-- AddThis Share Buttons generic via filter on get_the_excerpt --><\/p>\n","protected":false},"author":1,"featured_media":1720,"parent":0,"menu_order":0,"comment_status":"closed","ping_status":"closed","template":"","meta":{"footnotes":""},"class_list":["post-5563","page","type-page","status-publish","has-post-thumbnail","hentry"],"_links":{"self":[{"href":"http:\/\/www.nossacasa.net\/shunya\/wp-json\/wp\/v2\/pages\/5563","targetHints":{"allow":["GET"]}}],"collection":[{"href":"http:\/\/www.nossacasa.net\/shunya\/wp-json\/wp\/v2\/pages"}],"about":[{"href":"http:\/\/www.nossacasa.net\/shunya\/wp-json\/wp\/v2\/types\/page"}],"author":[{"embeddable":true,"href":"http:\/\/www.nossacasa.net\/shunya\/wp-json\/wp\/v2\/users\/1"}],"replies":[{"embeddable":true,"href":"http:\/\/www.nossacasa.net\/shunya\/wp-json\/wp\/v2\/comments?post=5563"}],"version-history":[{"count":4,"href":"http:\/\/www.nossacasa.net\/shunya\/wp-json\/wp\/v2\/pages\/5563\/revisions"}],"predecessor-version":[{"id":5573,"href":"http:\/\/www.nossacasa.net\/shunya\/wp-json\/wp\/v2\/pages\/5563\/revisions\/5573"}],"wp:featuredmedia":[{"embeddable":true,"href":"http:\/\/www.nossacasa.net\/shunya\/wp-json\/wp\/v2\/media\/1720"}],"wp:attachment":[{"href":"http:\/\/www.nossacasa.net\/shunya\/wp-json\/wp\/v2\/media?parent=5563"}],"curies":[{"name":"wp","href":"https:\/\/api.w.org\/{rel}","templated":true}]}}