{"id":5674,"date":"2018-07-23T14:28:05","date_gmt":"2018-07-23T16:28:05","guid":{"rendered":"http:\/\/www.nossacasa.net\/shunya\/?page_id=5674"},"modified":"2018-07-25T10:19:53","modified_gmt":"2018-07-25T12:19:53","slug":"kalu-rinpoche","status":"publish","type":"page","link":"http:\/\/www.nossacasa.net\/shunya\/kalu-rinpoche\/","title":{"rendered":"Kalu Rinpoche"},"content":{"rendered":"<div style=\"text-align:justify\">\n<a name=\"inicio\"><\/a><a href=\"http:\/\/www.nossacasa.net\/shunya\/quanto-tempo-praticar\/attachment\/79\/\" rel=\"attachment wp-att-1694\"><img loading=\"lazy\" decoding=\"async\" src=\"http:\/\/www.nossacasa.net\/shunya\/wp-content\/uploads\/2013\/02\/79.jpg\" alt=\"\" width=\"200\" height=\"253\" class=\"alignleft size-full wp-image-1694\" \/><\/a>Kalu Rinpoche \u00e9 um dos grandes mestres de nossa \u00e9poca. Nascido no leste do Tibete em 1905, foi criado por seu pai e sua m\u00e3e, ambos praticantes do Dharma. Seu pai foi uma reencarna\u00e7\u00e3o reconhecida e, no in\u00edcio, recusou-se a entregar seu filho ao mosteiro, optando por educ\u00e1-lo ele mesmo. Durante a gesta\u00e7\u00e3o de sua m\u00e3e, houve muitos sinais maravilhosos de que a crian\u00e7a seria especial. O guru-raiz de ambos pai e m\u00e3e de Kalu Rimpoche foi o grande Jamgon Kontrul Lodro Thaye. Ainda pequeno, Kalu Rimpoche j\u00e1 mostrava uma compaix\u00e3o not\u00e1vel por todos os seres vivos e seu intelecto era agu\u00e7ado. Aos treze anos de idade, impressionou a todos com seu conhecimento e compreens\u00e3o do significado das escrituras ao dar sua primeira aula de Dharma a muitos rinpoches e lamas.<\/p>\n<p>Quando completou quinze anos, Kalu Rinpoche foi mandado para o centro mais importante da escola Karma Kagyu &#8211; o grande mosteiro de Palpung de Sua Emin\u00eancia Tai Situ Rinpoche, para iniciar sua carreira mon\u00e1stica. L\u00e1 permaneceu por mais de uma d\u00e9cada, em cujo per\u00edodo obteve um dom\u00ednio completo da vasta gama de ensinamentos que formam a base filos\u00f3fica da pr\u00e1tica budista e completou dois retiros de tr\u00eas anos. Entre os gurus de Rinpoche incluem-se os mais importantes disc\u00edpulos do mestre supremo do Movimento Ecl\u00e9tico, Jamgon Kongtrul Lodro Thaye, o XV Gyalwa Karmapa, Khakhyab Dorje; Situ Pema Wangchuk Gyalpo, o abade e professor mais importante do mosteiro de Palpung; Zhechen Gyaltsab Byurme Namgyla, o grande mestre Nyingma considerado o disc\u00edpulo inigual\u00e1vel de Mipham Rinpoche, e o mestre de medita\u00e7\u00e3o Drupon Norbu Donrdrup, cujos ensinamentos tiveram um impacto profundo na vida de Kalu. Seus companheiros de estudo do Dharma foram os mestres mais not\u00e1veis de sua gera\u00e7\u00e3o: Jamgon Kongtrul Khyentse Ozer, Zhechen Kongrtrul Rinpoche, Jamyang Khyentse Choki Lodro, Dilgo Khyentse Rinpoche e muitos outros. <\/p>\n<p>Aos vinte e seis anos, Kalu Rinpoche deixa Palpung para buscar a vida de iogue solit\u00e1rio na floresta de Khampa, no interior, sem se preocupar com comida ou roupas. Por quase quinze anos, esfor\u00e7ou-se para aperfei\u00e7oar a realiza\u00e7\u00e3o de todos os aspectos dos ensinamentos e tornou-se conhecido nas aldeias e entre os n\u00f4mades como um representante verdadeiro do caminho de bodhisattva. Seu estilo de ensinamento simples e direto foi, de muitas maneiras, o produto da necessidade de trazer a experi\u00eancia viva dos ensinamentos de Buda \u00e0queles que n\u00e3o foram beneficiados pelo sofisticado sistema educacional mon\u00e1stico. <\/p>\n<p>Depois de passar quase 12 anos sozinho nas montanhas, pediram-lhe que retornasse a Palpung para ser o mestre de retiros no retiro iniciado por Jamgon Kontrul. Sua atividade come\u00e7ou a se difundir pelo Tibete e ele foi reconhecido como a emana\u00e7\u00e3o de atividade de Jamgon Kontrul. Por ter alcan\u00e7ado o dom\u00ednio da pr\u00e1tica meditativa, ainda em Palpung Kalu Rinpoche recebeu ensinamentos finais de Drupon Norbu Dondrup, que lhe confiou a preciosa transmiss\u00e3o dos ensinamentos da escola Shangpa Kagyu. <\/p>\n<p>Na d\u00e9cada de 1940, Kalu Rinpoche visitou a regi\u00e3o central do Tibete com o grupo de Situ Rinpoche e l\u00e1 ensinou por muito tempo. Entre seus disc\u00edpulos incluem-se Reting Rinpoche, regente de todo o Tibete durante a primeira inf\u00e2ncia do XIV Dalai Lama. Retornando a Kham, tornou-se o abade do centro de medita\u00e7\u00e3o associado a Palpung bem como o professor de medita\u00e7\u00e3o de Sua Santidade o XVI Gyalwa Karmapa, posi\u00e7\u00f5es em que permaneceu at\u00e9 o momento em que a situa\u00e7\u00e3o no Tibete o for\u00e7ou ao ex\u00edlio na \u00cdndia. <\/p>\n<p>Ainda antes da ocupa\u00e7\u00e3o do Tibete pelos chineses, Sua Santidade o XV Karmapa enviou Kalu Rinpoche ao But\u00e3o para se preparar para o \u00eaxodo. L\u00e1, ele estabeleceu o mosteiro ChangChub e, depois, foi para a regi\u00e3o de Darjeeling, no norte da \u00cdndia. No mosteiro de Sonada, ele recebeu um pequeno monast\u00e9rio que imediatamente come\u00e7ou a reconstruir, e onde, mais tarde, iniciaria um retiro de tr\u00eas anos. Este mosteiro em Sonada lhe serve de resid\u00eancia oficial. <\/p>\n<p>No in\u00edcio dos anos 70, Sua Santidade o XV Karmapa mandou Kalu Rinpoche para o ocidente para que ele ajudasse a estabelecer o Dharma em tal regi\u00e3o. Ao chegar ao Canad\u00e1, as pessoas come\u00e7aram a descobrir a profundidade de sua sabedoria e de sua compaix\u00e3o. Viajou diversas vezes a muitas partes do mundo e estabeleceu muitos centros e retiros de tr\u00eas anos. Na Fran\u00e7a, fundou o centro de retiros que foi o primeiro a ensinar o tradicional retiro de tr\u00eas anos das linhagens Shangpa e Karma Kagyu a alunos ocidentais. Sua atividade foi vasta e ele ajudou in\u00fameras pessoas colocando-as no caminho para a liberdade. Em 1989, ele faleceu em seu mosteiro.Depois de seu falecimento em 1989, muitos sentiram uma grande perda e todos os seus alunos e todos os grandes Rinpoches come\u00e7aram a fazer preces para que ele pudesse renascer logo e continuar sua atividade. Todos os Rinpoches presentes nas cerim\u00f4nias finais garantiram ao mundo que ele renasceria logo. <\/p>\n<p>Em setembro de 1990, Kalu Rinpoche renasceu de Drolkar, a esposa de seu pr\u00f3prio sobrinho, o Lama Gyeltsen. Embora seu nascimento n\u00e3o tivesse sido anunciado at\u00e9 os 18 meses do beb\u00ea, as pessoas j\u00e1 tinham come\u00e7ado a ir em grande n\u00famero a Sonada para mostrar seu respeito por esta crian\u00e7a maravilhosa. Por fim, Sua Emin\u00eancia Tai Situ Rinpoche e Sua Santidade o XIV Dalai Lama anunciaram que essa crian\u00e7a era, de fato, a reencarna\u00e7\u00e3o de seu precioso professor. Ele sempre mostrou qualidades extraordin\u00e1rias e consegue se lembrar de pessoas e alunos de sua encarna\u00e7\u00e3o anterior. \u00c9 realmente uma ben\u00e7\u00e3o termos a manifesta\u00e7\u00e3o de seres t\u00e3o compassivos neste mundo para ajudar todos n\u00f3s. Oramos continuamente para que tenha vida longa e possa aumentar sua atividade, uma vez que ele manifesta sua verdadeira natureza a todos n\u00f3s que estamos presos nos la\u00e7os do samsara <\/p>\n<div style=\"text-align:right\">biograf\u00eda retirada do site<br \/>\n<i><\/i><i><b><a href=\"http:\/\/www.jardimdharma.org.br\" target=\"_blank\">www.jardimdharma.org.br<\/a><\/b><\/i><\/div>\n<hr \/>\n<p><strong>Livros:<\/strong><br \/>\n<a href=\"http:\/\/www.nossacasa.net\/shunya\/ensinamentos-fundamentais-do-budismo-tibetano\/\">Ensinamentos Fundamentais do Budismo Tibetano<\/a><\/p>\n<hr \/>\n<p><strong>Textos:<\/strong><br \/>\n<a href=\"default.asp?menu=1027\" class=\"broken_link\">O que &eacute; a mente?<\/a><br \/>\n<a href=\"default.asp?menu=1025\" class=\"broken_link\">Mahamudra IV<\/a><br \/>\n<a href=\"default.asp?menu=991\" class=\"broken_link\">As Oito Aspira&ccedil;&otilde;es de um Grande Ser<\/a><br \/>\n<a href=\"default.asp?menu=989\" class=\"broken_link\">As Duas Verdades<\/a><br \/>\n<a href=\"default.asp?menu=920\" class=\"broken_link\">A Mente<\/a><br \/>\n<a href=\"default.asp?menu=193\" class=\"broken_link\">Mahamudra e Maha-ati<\/a><br \/>\n<a href=\"http:\/\/www.nossacasa.net\/shunya\/o-mahayana-e-o-tratamento-das-emocoes-transformacao\/\">O Mahayana e o tratamento das emo\u00e7\u00f5es: a transforma\u00e7\u00e3o<\/a><br \/>\n<a href=\"http:\/\/www.nossacasa.net\/shunya\/o-vajrayana-e-o-tratamento-das-emocoes-reconhecimento\/\">O Vajrayana e o tratamento das emo\u00e7\u00f5es: o simples reconhecimento<\/a><\/p>\n<hr \/>\n<div style=\"text-align:right\"><a href=\"#inicio\">Topo<\/a><\/div>\n<\/div>\n<!-- AddThis Advanced Settings generic via filter on the_content --><!-- AddThis Share Buttons generic via filter on the_content -->","protected":false},"excerpt":{"rendered":"<p>Kalu Rinpoche \u00e9 um dos grandes mestres de nossa \u00e9poca. Nascido no leste do Tibete em 1905, foi criado por seu pai e sua m\u00e3e, ambos praticantes do Dharma. Seu pai foi uma reencarna\u00e7\u00e3o reconhecida e, no in\u00edcio, recusou-se a &hellip; <a href=\"http:\/\/www.nossacasa.net\/shunya\/kalu-rinpoche\/\">Continue lendo <span class=\"meta-nav\">&rarr;<\/span><\/a><!-- AddThis Advanced Settings generic via filter on get_the_excerpt --><!-- AddThis Share Buttons generic via filter on get_the_excerpt --><\/p>\n","protected":false},"author":1,"featured_media":1694,"parent":0,"menu_order":0,"comment_status":"closed","ping_status":"closed","template":"","meta":{"footnotes":""},"class_list":["post-5674","page","type-page","status-publish","has-post-thumbnail","hentry"],"_links":{"self":[{"href":"http:\/\/www.nossacasa.net\/shunya\/wp-json\/wp\/v2\/pages\/5674","targetHints":{"allow":["GET"]}}],"collection":[{"href":"http:\/\/www.nossacasa.net\/shunya\/wp-json\/wp\/v2\/pages"}],"about":[{"href":"http:\/\/www.nossacasa.net\/shunya\/wp-json\/wp\/v2\/types\/page"}],"author":[{"embeddable":true,"href":"http:\/\/www.nossacasa.net\/shunya\/wp-json\/wp\/v2\/users\/1"}],"replies":[{"embeddable":true,"href":"http:\/\/www.nossacasa.net\/shunya\/wp-json\/wp\/v2\/comments?post=5674"}],"version-history":[{"count":4,"href":"http:\/\/www.nossacasa.net\/shunya\/wp-json\/wp\/v2\/pages\/5674\/revisions"}],"predecessor-version":[{"id":5687,"href":"http:\/\/www.nossacasa.net\/shunya\/wp-json\/wp\/v2\/pages\/5674\/revisions\/5687"}],"wp:featuredmedia":[{"embeddable":true,"href":"http:\/\/www.nossacasa.net\/shunya\/wp-json\/wp\/v2\/media\/1694"}],"wp:attachment":[{"href":"http:\/\/www.nossacasa.net\/shunya\/wp-json\/wp\/v2\/media?parent=5674"}],"curies":[{"name":"wp","href":"https:\/\/api.w.org\/{rel}","templated":true}]}}