{"id":5732,"date":"2018-08-01T18:21:49","date_gmt":"2018-08-01T20:21:49","guid":{"rendered":"http:\/\/www.nossacasa.net\/shunya\/?page_id=5732"},"modified":"2019-02-28T16:27:00","modified_gmt":"2019-02-28T18:27:00","slug":"sylvia-boorstein","status":"publish","type":"page","link":"http:\/\/www.nossacasa.net\/shunya\/sylvia-boorstein\/","title":{"rendered":"Sylvia Boorstein"},"content":{"rendered":"<div style=\"text-align:justify\"><a name=\"inicio\"><\/a><a href=\"http:\/\/www.nossacasa.net\/shunya\/quanto-tempo-praticar\/attachment\/888\/\" rel=\"attachment wp-att-1835\"><img loading=\"lazy\" decoding=\"async\" src=\"http:\/\/www.nossacasa.net\/shunya\/wp-content\/uploads\/2013\/02\/888.jpg\" alt=\"\" width=\"86\" height=\"99\" class=\"alignleft size-full wp-image-1835\" \/><\/a><a href=\"#a\">Biografia<\/a><br \/>\n<a href=\"#b\">Spirit Rock<\/a><br \/>\n<a href=\"#c\">Livros<\/a><br \/>\n<a href=\"#d\">Textos<\/a><\/p>\n<hr \/>\n<p><strong><a name=\"a\">Biografia<\/a><\/strong><sup>1<\/sup><br \/>\nSylvia Boorstein &eacute; uma professora co-fundadora do  &#8220;Spirit Rock Meditation Center&#8221; em Woodacre, Calif&oacute;rnia, e professora s&ecirc;nior na &#8220;Insight Meditation Society in Barre&#8221; em Barre, Massachusetts. Amada por seus estudantes, Boorstein tem uma habilidade especial para mostrar como n&oacute;s podemos permanecer atentos tanto em uma fila de supermercado como sentando em medita&ccedil;&atilde;o. Em 1995 a Harper S&atilde;o Francisco publicou seu primeiro livro, &#8220;It&#8217;s Easier Than You Think: The Buddhist Way to Happiness&#8221; (&Eacute; Mais f&aacute;cil Que Voc&ecirc; Pensa: O Caminho budista para Felicidade), que permaneceu como bestseller  na lista da &#8220;Chronicle Bay Area&#8221; de S&atilde;o Francisco por muitas semanas. Um ano mais tarde ela publicou &#8220;Don&#8217;t Just Do Something, Sit There&#8221;, e posteriormente &#8220;That&#8217;s Funny You Don&#8217;t Look Buddhist: On Being a Faithful Jew and a Passionate Buddhist&#8221;<\/p>\n<hr \/>\n<div style=\"text-align:right\"><a href=\"#inicio\">Topo<\/a><\/div>\n<p><strong><a name=\"b\">Spirit Rock<\/a><\/strong><sup>1<\/sup><br \/>\nOs retiros de &#8220;Spirit Rock&#8221; s&atilde;o ministrados pelos dezessete membros do Conselho de Professores de &#8220;Spirit Rock&#8221;  e por professores de visitantes s&ecirc;niores de nosso centro co-irm&atilde;o, &#8220;Insight Meditation Society &#8221; e &#8220;Gaia House&#8221;. <\/p>\n<p>Os professores do &#8220;Spirit Rock&#8221; geralmente j&aacute; praticam medita&ccedil;&atilde;o por mais de vinte anos. Muitos treinaram em monast&eacute;rios da &Aacute;sia. Ao longo dos anos, cada  eles foram convidados para um grupo formal de treinamento de professor es pelos professores mais s&ecirc;niores baseado na profundidade de sua pr&aacute;tica, maturidade de seu cora&ccedil;&atilde;o compreensivo e compassivo. <\/p>\n<p>Nos quatro a cinco anos de treinamento  como professor eles receberam estudos sistem&aacute;tico de textos budistas, treinamento em pr&aacute;ticas e t&eacute;cnicas de medita&ccedil;&atilde;o, estudo de nossa linhagem e hist&oacute;ria budista, e estudos sobre o papel de professor. Inclui tamb&eacute;m centenas de horas de entrevistas de pr&aacute;tica e ajuda em muitas retiros e classes para prepara&ccedil;&atilde;o de professor plenos. Os professores de &#8220;Spirit Rock&#8221; lideram classes e retiros tanto localmente como em &acirc;mbito nacional. <\/p>\n<p>Eles continuam tamb&eacute;m como estudantes eles mesmos, dedicados ao cont&iacute;nuo estudo e pr&aacute;tica do Dharma e a aprofundar sua compreens&atilde;o e incorpora&ccedil;&atilde;o dos ensinos da Buddha. O Conselho de Professores de &#8220;Spirit Rock&#8221; tem a responsabilidade de assegurar dire&ccedil;&atilde;o e a vis&atilde;o espiritual do centro e seus programas de medita&ccedil;&atilde;o.<\/p>\n<hr \/>\n<p>Notas:<\/p>\n<ol type=\"1\">\n<li>Retirado de http:\/\/www.tgrady.com\/boorstein.htm\n<\/li>\n<\/ol>\n<hr \/>\n<div style=\"text-align:right\"><a href=\"#inicio\">Topo<\/a><\/div>\n<p><strong><a name=\"c\">Livros<\/a><\/strong><br \/>\n<a href=\"http:\/\/www.nossacasa.net\/shunya\/e-mais-facil-do-que-voce-pensa\/\">\u00c9 mais f\u00e1cil do que voc\u00ea pensa &#8211; A f\u00f3rmula budista para a felicidade<\/a><\/p>\n<p><strong><a name=\"d\">Textos<\/a><\/strong><br \/>\n<a href=\"http:\/\/www.nossacasa.net\/shunya\/a-quarta-nobre-verdade-o-circulo-octuplo\/\">A Quarta Nobre Verdade: o C&iacute;rculo &Oacute;ctuplo<\/a><br \/>\n<a href=\"http:\/\/www.nossacasa.net\/shunya\/a-terceira-e-meia-nobre-verdade\/\">A Terceira e Meia Nobre Verdade<\/a><br \/>\n<a href=\"http:\/\/www.nossacasa.net\/shunya\/a-terceira-nobre-verdade-noticias-extraordinariamente-boas\/\">A Terceira Nobre Verdade: Not&iacute;cias Extraordinariamente Boas<\/a><br \/>\n<a href=\"http:\/\/www.nossacasa.net\/shunya\/a-segunda-nobre-verdade-apegar-se-e-sofrer\/\">A Segunda Nobre Verdade: Apegar-se &eacute; Sofrer<\/a><br \/>\n<a href=\"http:\/\/www.nossacasa.net\/shunya\/a-primeira-nobre-verdade-a-dor-e-inevitavel-o-sofrimento-e-opcional\/\">A Primeira Nobre Verdade: a Dor &eacute; Inevit&aacute;vel, o Sofrimento &eacute; Opcional<\/a><br \/>\n<a href=\"http:\/\/www.nossacasa.net\/shunya\/a-palavra-correta\/\">A palavra correta ou aquilo que voc&ecirc; diz a uma pessoa, ela pode guardar para sempre<\/a><br \/>\n<a href=\"http:\/\/www.nossacasa.net\/shunya\/ser-espiritual-e-ser-comum\/\">Ser espiritual &eacute; ser comum<\/a><br \/>\n<a href=\"http:\/\/www.nossacasa.net\/shunya\/saber-levar-a-vida\/\">Saber levar a vida<\/a><br \/>\n<a href=\"http:\/\/www.nossacasa.net\/shunya\/iluminacao-2\/\">Ilumina&ccedil;&atilde;o<\/a><br \/>\n<a href=\"http:\/\/www.nossacasa.net\/shunya\/o-despertar-nao-e-sectario\/\">O Despertar n&atilde;o &eacute; sect&aacute;rio<\/a><br \/>\n<a href=\"http:\/\/www.nossacasa.net\/shunya\/o-sr-cory-e-meu-avo\/\">O Sr. Cory e meu av\u00f4<\/a><\/p>\n<hr \/>\n<div style=\"text-align:right\"><a href=\"#inicio\">Topo<\/a><\/div>\n<\/div>\n<!-- AddThis Advanced Settings generic via filter on the_content --><!-- AddThis Share Buttons generic via filter on the_content -->","protected":false},"excerpt":{"rendered":"<p>Biografia Spirit Rock Livros Textos Biografia1 Sylvia Boorstein &eacute; uma professora co-fundadora do &#8220;Spirit Rock Meditation Center&#8221; em Woodacre, Calif&oacute;rnia, e professora s&ecirc;nior na &#8220;Insight Meditation Society in Barre&#8221; em Barre, Massachusetts. Amada por seus estudantes, Boorstein tem uma habilidade &hellip; <a href=\"http:\/\/www.nossacasa.net\/shunya\/sylvia-boorstein\/\">Continue lendo <span class=\"meta-nav\">&rarr;<\/span><\/a><!-- AddThis Advanced Settings generic via filter on get_the_excerpt --><!-- AddThis Share Buttons generic via filter on get_the_excerpt --><\/p>\n","protected":false},"author":1,"featured_media":1835,"parent":0,"menu_order":0,"comment_status":"closed","ping_status":"closed","template":"","meta":{"footnotes":""},"class_list":["post-5732","page","type-page","status-publish","has-post-thumbnail","hentry"],"_links":{"self":[{"href":"http:\/\/www.nossacasa.net\/shunya\/wp-json\/wp\/v2\/pages\/5732","targetHints":{"allow":["GET"]}}],"collection":[{"href":"http:\/\/www.nossacasa.net\/shunya\/wp-json\/wp\/v2\/pages"}],"about":[{"href":"http:\/\/www.nossacasa.net\/shunya\/wp-json\/wp\/v2\/types\/page"}],"author":[{"embeddable":true,"href":"http:\/\/www.nossacasa.net\/shunya\/wp-json\/wp\/v2\/users\/1"}],"replies":[{"embeddable":true,"href":"http:\/\/www.nossacasa.net\/shunya\/wp-json\/wp\/v2\/comments?post=5732"}],"version-history":[{"count":14,"href":"http:\/\/www.nossacasa.net\/shunya\/wp-json\/wp\/v2\/pages\/5732\/revisions"}],"predecessor-version":[{"id":5878,"href":"http:\/\/www.nossacasa.net\/shunya\/wp-json\/wp\/v2\/pages\/5732\/revisions\/5878"}],"wp:featuredmedia":[{"embeddable":true,"href":"http:\/\/www.nossacasa.net\/shunya\/wp-json\/wp\/v2\/media\/1835"}],"wp:attachment":[{"href":"http:\/\/www.nossacasa.net\/shunya\/wp-json\/wp\/v2\/media?parent=5732"}],"curies":[{"name":"wp","href":"https:\/\/api.w.org\/{rel}","templated":true}]}}