{"id":6030,"date":"2020-06-11T13:02:02","date_gmt":"2020-06-11T15:02:02","guid":{"rendered":"http:\/\/www.nossacasa.net\/shunya\/?page_id=6030"},"modified":"2020-06-28T23:35:22","modified_gmt":"2020-06-29T01:35:22","slug":"jigdral-yeshe-dorje","status":"publish","type":"page","link":"http:\/\/www.nossacasa.net\/shunya\/jigdral-yeshe-dorje\/","title":{"rendered":"Jigdral Yeshe Dorje"},"content":{"rendered":"<p><a href=\"http:\/\/www.nossacasa.net\/shunya\/wp-content\/uploads\/2020\/06\/Jigdral-Yeshe-Dorje-Dudjom-Rinpoche.jpg\"><img loading=\"lazy\" decoding=\"async\" src=\"http:\/\/www.nossacasa.net\/shunya\/wp-content\/uploads\/2020\/06\/Jigdral-Yeshe-Dorje-Dudjom-Rinpoche.jpg\" alt=\"\" width=\"710\" height=\"550\" class=\"aligncenter size-full wp-image-6032\" srcset=\"http:\/\/www.nossacasa.net\/shunya\/wp-content\/uploads\/2020\/06\/Jigdral-Yeshe-Dorje-Dudjom-Rinpoche.jpg 710w, http:\/\/www.nossacasa.net\/shunya\/wp-content\/uploads\/2020\/06\/Jigdral-Yeshe-Dorje-Dudjom-Rinpoche-300x232.jpg 300w, http:\/\/www.nossacasa.net\/shunya\/wp-content\/uploads\/2020\/06\/Jigdral-Yeshe-Dorje-Dudjom-Rinpoche-387x300.jpg 387w\" sizes=\"auto, (max-width: 710px) 100vw, 710px\" \/><\/a><br \/>\n<font face=\"Verdana\" size=\"2\"><\/p>\n<div style=\"text-align:center\"><font size=\"4\"><b>Jigdral Yeshe Dorje (1904-1987)<\/b><\/font><\/div>\n<div style=\"text-align:justify\">\nDudjom Jigdrel Yeshe Dorje nasceu em 1904 na regi\u00e3o sudeste do Tibete, em Pemak\u00f6, que \u00e9 uma das quatro terras secretas (beyul) de Padmasambhava. Ele foi reconhecido como uma das emana\u00e7\u00f5es de Dudjom Lingpa, um famoso terton ou &#8220;descobridor de tesouros escondidos&#8221; (tib: Terma; wylie: gTerma), particularmente aqueles relacionados \u00e0 pr\u00e1tica de Vajrakilaya. Dudjom Lingpa tinha a inten\u00e7\u00e3o de visitar o sul do Tibete para revelar a terra sagrada de Pemak\u00f6, mas como ele estava incapaz de faz\u00ea-lo, ele predisse que seu sucessor iria nascer l\u00e1 para cumprir tal tarefa.<\/p>\n<p>Jigdrel significa &#8220;destemido&#8221;, um t\u00edtulo dado a ele pelo d\u00e9cimo quinto Karmapa, Khakyab Dorje. Quando crian\u00e7a recebera o nome &#8220;Yeshe&#8221;. Seu pai fora Kathok Tulku Norbu Tenzing, que era um famoso tulku na regi\u00e3o de Pemak\u00f6 e que havia recebido treinamento no monast\u00e9rio Kathok. Sua m\u00e3e se chamava Namgyal Drolma, que descendia do famoso terton Ratna Lingpa. Dudjom Rinpoche descendia de Nyatri Zangpo e de Puwo Kanam Dhepa, o rei de Puwo. De acordo com o calend\u00e1rio tibetano, ele nascera no ano do Drag\u00e3o de \u00c1gua do d\u00e9cimo quinto ciclo rabjung (1904), cedo da manh\u00e3 no d\u00e9cimo dia do sexto m\u00eas.<\/p>\n<p>Em sua juventude estudou com alguns dos mestres mais fenomenais de seu tempo. Ele come\u00e7ou seus estudos com Khenpo Aten em Pemak\u00f6, antes de freq\u00fcentar as grandes universidades mon\u00e1sticas no Tibete central &#8211; tais como Mindroling, Dorje Drak e Tarj\u00e9 Tingpoling \u2014 e no Tibete oriental \u2014 tais como Kathok e Dzogchen. Mas foi para Mindroling que ele retornou para aperfei\u00e7oar sua compreens\u00e3o da tradi\u00e7\u00e3o Nyingma. Os mais destacados entre seus professores eram Phungong Tulku Gyurm\u00e9 Nged\u00f6n Wangpo, Jedrung Trinl\u00e9 Jampa Jungne, Gyurme Phendei \u00d6zer e Minling Dordzin Namdrol Gyatso.<\/p>\n<p>A principal \u00e1rea de atividade de Dudjom Rinpoche era no Tibete central, onde ele mantinha a tradi\u00e7\u00e3o Mindroling, especialmente em Pema Ch\u00f6ling e em seus outros centros nas regi\u00f5es de Kongpo e Puwo ao sul. Ele se tornou renomado por todo o pa\u00eds pela profundidade de sua realiza\u00e7\u00e3o espiritual, bem como sua vasta erudi\u00e7\u00e3o.<\/p>\n<p>\u00cdmpar em ter recebido a transmiss\u00e3o de todos os ensinamentos existentes da imensamente rica tradi\u00e7\u00e3o Nyingma, Dudjom Rinpoche era especialmente renomado como um grande terton, cujos termas s\u00e3o atualmente ensinados e praticados em larga escala, bem como um dos principais expoentes dos ensinamentos Dzogchen. Acima de tudo ele era considerado como a personifica\u00e7\u00e3o viva e regente de Padmasambhava e seu representante na presente \u00e9poca. Conhecido como o &#8216;mestre dos mestres&#8217;, ele foi reconhecido pelos principais professores tibetanos de seu tempo como possuidor do maior poder de comunicar a natureza da mente, condi\u00e7\u00e3o necess\u00e1ria para a trasmiss\u00e3o dos ensinamentos Dzogchen.<\/p>\n<p>Depois de deixar seu pa\u00eds, Rinpoche se estabeleceu primeiramente em Kalimpong, na \u00cdndia, e mais tarde em Catmandu, Nepal. Ele estabeleceu v\u00e1rias comunidades de praticantes na \u00cdndia e no Nepal, tais como Zangdok Palri Kalimpong, Dudal Rapten Ling em Orissa, e os monast\u00e9rios em Tsopema e Boudhanath. Ele ativamente encorajou o estudo da tradi\u00e7\u00e3o Nyingma no Tibetan Institute for Higher Studies em Sarnath, e continuou \u00e0 conceder ensinamentos de acordo com sua pr\u00f3pria tradi\u00e7\u00e3o de termas, bem como dando muitas outra importantes transmiss\u00f5es e inicia\u00e7\u00f5es.<\/p>\n<p>A linhagem Nyingma, ao contr\u00e1rio das outras escolas do budismo tibetano, que possuem uma hierarquia mais centralizada, se mostra bastante heterodoxa. Devido \u00e0 raz\u00f5es hist\u00f3ricas, esta escola acabou por desmembrar-se em diversos ramos e linhagens, com pr\u00e1ticas e rituais que variam de regi\u00e3o para regi\u00e3o. Ent\u00e3o, a pedido do conselho tibetano no ex\u00edlio, o cargo de chefe da linhagem Nyingma foi criado com o prop\u00f3sito de que esta escola tivesse um representante no conselho. Os l\u00edderes da linhagem Nyingma indicaram Dudjom Rinpoche para assumir esta nova posi\u00e7\u00e3o.<\/p>\n<p>Na \u00faltima d\u00e9cada de sua vida, apesar de sua sa\u00fade debilitada e muitos anos de atividade intensa, ele devotou boa parte se seu tempo em ensinar no ocidente, onde foi bem sucedido em estabelecer a tradi\u00e7\u00e3o Nyingma, em resposta ao crescente interesse entre os ocidentais. Ele fundou grandes centros como Dorje Nyingpo e Orgyen Samye Ch\u00f6ling na Fran\u00e7a e Yeshe Nyingpo, Urgyen Ch\u00f6 Dzong muitos outros nos Estados Unidos. Dudjom Rinpoche tamb\u00e9m viajou pela \u00c1sia, tendo uma grande quantidade de seguidores em Hong Kong, com um vibrante centro que visitou em tr\u00eas ocasi\u00f5es.<\/p>\n<p>Na d\u00e9cade de 1970, Dudjom Rinpoche conduziu alguns ensinamentos nos Estados Unidos e em Londres, al\u00e9m de alguns retiros em Urgyen Samye Ch\u00f6ling, na Fran\u00e7a. Eventualmente, Dudjom &#8211; o errante (como \u00e0s vezes costumava referir a si mesmo), estabeleceu-se com sua fam\u00edlia em Dordogne, no sudoeste da Fran\u00e7a. L\u00e1 em agosto de 1984, ele daria seu \u00faltimo grande ensinamento p\u00fablico. Ele morreu em 17 de janeiro de 1987.\n<\/p><\/div>\n<hr \/>\n<p>Fonte: https:\/\/pt.wikipedia.org\/wiki\/Jigdral_Yeshe_Dorje_(2%C2%B0_Dudjom_Rinpoche)#Biografia<\/p>\n<hr \/>\n<p><\/font><\/p>\n<!-- AddThis Advanced Settings generic via filter on the_content --><!-- AddThis Share Buttons generic via filter on the_content -->","protected":false},"excerpt":{"rendered":"<p>Jigdral Yeshe Dorje (1904-1987) Dudjom Jigdrel Yeshe Dorje nasceu em 1904 na regi\u00e3o sudeste do Tibete, em Pemak\u00f6, que \u00e9 uma das quatro terras secretas (beyul) de Padmasambhava. Ele foi reconhecido como uma das emana\u00e7\u00f5es de Dudjom Lingpa, um famoso &hellip; <a href=\"http:\/\/www.nossacasa.net\/shunya\/jigdral-yeshe-dorje\/\">Continue lendo <span class=\"meta-nav\">&rarr;<\/span><\/a><!-- AddThis Advanced Settings generic via filter on get_the_excerpt --><!-- AddThis Share Buttons generic via filter on get_the_excerpt --><\/p>\n","protected":false},"author":1,"featured_media":6032,"parent":0,"menu_order":0,"comment_status":"closed","ping_status":"closed","template":"","meta":{"footnotes":""},"class_list":["post-6030","page","type-page","status-publish","has-post-thumbnail","hentry"],"_links":{"self":[{"href":"http:\/\/www.nossacasa.net\/shunya\/wp-json\/wp\/v2\/pages\/6030","targetHints":{"allow":["GET"]}}],"collection":[{"href":"http:\/\/www.nossacasa.net\/shunya\/wp-json\/wp\/v2\/pages"}],"about":[{"href":"http:\/\/www.nossacasa.net\/shunya\/wp-json\/wp\/v2\/types\/page"}],"author":[{"embeddable":true,"href":"http:\/\/www.nossacasa.net\/shunya\/wp-json\/wp\/v2\/users\/1"}],"replies":[{"embeddable":true,"href":"http:\/\/www.nossacasa.net\/shunya\/wp-json\/wp\/v2\/comments?post=6030"}],"version-history":[{"count":4,"href":"http:\/\/www.nossacasa.net\/shunya\/wp-json\/wp\/v2\/pages\/6030\/revisions"}],"predecessor-version":[{"id":6395,"href":"http:\/\/www.nossacasa.net\/shunya\/wp-json\/wp\/v2\/pages\/6030\/revisions\/6395"}],"wp:featuredmedia":[{"embeddable":true,"href":"http:\/\/www.nossacasa.net\/shunya\/wp-json\/wp\/v2\/media\/6032"}],"wp:attachment":[{"href":"http:\/\/www.nossacasa.net\/shunya\/wp-json\/wp\/v2\/media?parent=6030"}],"curies":[{"name":"wp","href":"https:\/\/api.w.org\/{rel}","templated":true}]}}