{"id":6318,"date":"2020-06-22T19:59:38","date_gmt":"2020-06-22T21:59:38","guid":{"rendered":"http:\/\/www.nossacasa.net\/shunya\/?page_id=6318"},"modified":"2020-06-22T20:08:57","modified_gmt":"2020-06-22T22:08:57","slug":"vimalamitra","status":"publish","type":"page","link":"http:\/\/www.nossacasa.net\/shunya\/vimalamitra\/","title":{"rendered":"Vimalamitra"},"content":{"rendered":"<p><a href=\"http:\/\/www.nossacasa.net\/shunya\/wp-content\/uploads\/2020\/06\/Vimalamitra.jpg\"><img loading=\"lazy\" decoding=\"async\" src=\"http:\/\/www.nossacasa.net\/shunya\/wp-content\/uploads\/2020\/06\/Vimalamitra.jpg\" alt=\"\" width=\"250\" height=\"352\" class=\"aligncenter size-full wp-image-6320\" srcset=\"http:\/\/www.nossacasa.net\/shunya\/wp-content\/uploads\/2020\/06\/Vimalamitra.jpg 250w, http:\/\/www.nossacasa.net\/shunya\/wp-content\/uploads\/2020\/06\/Vimalamitra-213x300.jpg 213w\" sizes=\"auto, (max-width: 250px) 100vw, 250px\" \/><\/a><\/p>\n<hr \/>\n<p>Vimalamitra (em chin\u00eas : \u7121\u57a2 \u53cb , Wylie : \u0f51\u0fb2\u0f72\u0f0b \u0f58\u0f7a\u0f51\u0f0b \u0f56\u0f64\u0f7a\u0f66\u0f0b \u0f42\u0f49\u0f7a\u0f53\u0f0b ) foi um monge indiano do s\u00e9culo VIII. Seus professores eram Buddhaguhya , J\u00f1\u0101nas\u016btra e \u015ar\u012b Si\u1e43ha . Ele teria prometido renascer a cada cem anos, com as figuras mais not\u00e1veis \u200b\u200bsendo Rigzin Jigme Lingpa, Khenchen Ngagchung, Kyabje Drubwang Penor Rinpoche e Kyabje Yangthang Rinpoche. &#8216;Vimalamitra&#8217; era mais conhecido pelos butaneses e tibetanos como &#8216;Penchen Vimalamitra&#8217;, que significa &#8216;o Grande Pandita&#8217;. Ele foi um dos oito professores do grande adepto indiano Guru Padmasambhava. S\u00e9culos depois, ele foi adotado como um personagem liter\u00e1rio de terma e recebeu v\u00e1rias obras. <\/p>\n<p>Dizem que Chatral Sangye Dorji (1913-2016) recebeu um ros\u00e1rio de mala de um homem que na \u00e9poca estava vestido como um sadhu indiano. Foi apenas mais tarde que Rinpoche disse a seus atendentes que ele recebeu uma mala naquele dia de Vimalamitra, na realidade. Os atendentes ficaram curiosos e voltaram para o local onde encontraram um sadhu apenas para ficarem estupefatos. O sadhu n\u00e3o foi encontrado em lugar algum. Um estudioso observou que o hist\u00f3rico Vimalamitra &#8220;ficaria surpreso ao encontrar o foco de tal tradi\u00e7\u00e3o&#8221;.<\/p>\n<hr \/>\n<p>Fonte: https:\/\/en.wikipedia.org\/wiki\/Vimalamitra<\/p>\n<hr \/>\n<!-- AddThis Advanced Settings generic via filter on the_content --><!-- AddThis Share Buttons generic via filter on the_content -->","protected":false},"excerpt":{"rendered":"<p>Vimalamitra (em chin\u00eas : \u7121\u57a2 \u53cb , Wylie : \u0f51\u0fb2\u0f72\u0f0b \u0f58\u0f7a\u0f51\u0f0b \u0f56\u0f64\u0f7a\u0f66\u0f0b \u0f42\u0f49\u0f7a\u0f53\u0f0b ) foi um monge indiano do s\u00e9culo VIII. Seus professores eram Buddhaguhya , J\u00f1\u0101nas\u016btra e \u015ar\u012b Si\u1e43ha . Ele teria prometido renascer a cada cem anos, com &hellip; <a href=\"http:\/\/www.nossacasa.net\/shunya\/vimalamitra\/\">Continue lendo <span class=\"meta-nav\">&rarr;<\/span><\/a><!-- AddThis Advanced Settings generic via filter on get_the_excerpt --><!-- AddThis Share Buttons generic via filter on get_the_excerpt --><\/p>\n","protected":false},"author":1,"featured_media":6320,"parent":0,"menu_order":0,"comment_status":"closed","ping_status":"closed","template":"","meta":{"footnotes":""},"class_list":["post-6318","page","type-page","status-publish","has-post-thumbnail","hentry"],"_links":{"self":[{"href":"http:\/\/www.nossacasa.net\/shunya\/wp-json\/wp\/v2\/pages\/6318","targetHints":{"allow":["GET"]}}],"collection":[{"href":"http:\/\/www.nossacasa.net\/shunya\/wp-json\/wp\/v2\/pages"}],"about":[{"href":"http:\/\/www.nossacasa.net\/shunya\/wp-json\/wp\/v2\/types\/page"}],"author":[{"embeddable":true,"href":"http:\/\/www.nossacasa.net\/shunya\/wp-json\/wp\/v2\/users\/1"}],"replies":[{"embeddable":true,"href":"http:\/\/www.nossacasa.net\/shunya\/wp-json\/wp\/v2\/comments?post=6318"}],"version-history":[{"count":3,"href":"http:\/\/www.nossacasa.net\/shunya\/wp-json\/wp\/v2\/pages\/6318\/revisions"}],"predecessor-version":[{"id":6322,"href":"http:\/\/www.nossacasa.net\/shunya\/wp-json\/wp\/v2\/pages\/6318\/revisions\/6322"}],"wp:featuredmedia":[{"embeddable":true,"href":"http:\/\/www.nossacasa.net\/shunya\/wp-json\/wp\/v2\/media\/6320"}],"wp:attachment":[{"href":"http:\/\/www.nossacasa.net\/shunya\/wp-json\/wp\/v2\/media?parent=6318"}],"curies":[{"name":"wp","href":"https:\/\/api.w.org\/{rel}","templated":true}]}}