{"id":6754,"date":"2020-07-06T12:57:02","date_gmt":"2020-07-06T14:57:02","guid":{"rendered":"http:\/\/www.nossacasa.net\/shunya\/?page_id=6754"},"modified":"2020-07-06T12:57:02","modified_gmt":"2020-07-06T14:57:02","slug":"primeiros-passos-do-zen","status":"publish","type":"page","link":"http:\/\/www.nossacasa.net\/shunya\/primeiros-passos-do-zen\/","title":{"rendered":"Primeiros passos do zen"},"content":{"rendered":"<div style=\"text-align:justify\">\n<a href=\"http:\/\/www.nossacasa.net\/shunya\/wp-content\/uploads\/2020\/07\/primeiros-pPrimeiros-passos-no-zen.jpg\"><img loading=\"lazy\" decoding=\"async\" src=\"http:\/\/www.nossacasa.net\/shunya\/wp-content\/uploads\/2020\/07\/primeiros-pPrimeiros-passos-no-zen-300x225.jpg\" alt=\"\" width=\"300\" height=\"225\" class=\"alignleft size-medium wp-image-6757\" srcset=\"http:\/\/www.nossacasa.net\/shunya\/wp-content\/uploads\/2020\/07\/primeiros-pPrimeiros-passos-no-zen-300x225.jpg 300w, http:\/\/www.nossacasa.net\/shunya\/wp-content\/uploads\/2020\/07\/primeiros-pPrimeiros-passos-no-zen-400x300.jpg 400w, http:\/\/www.nossacasa.net\/shunya\/wp-content\/uploads\/2020\/07\/primeiros-pPrimeiros-passos-no-zen.jpg 640w\" sizes=\"auto, (max-width: 300px) 100vw, 300px\" \/><\/a><\/p>\n<div style=\"text-align:right\">de Daigyo Moriyama<br \/>Editora Bodigaya <\/div>\n<hr \/>\n<p align=\"JUSTIFY\">En este libro \u00fanico, encontramos las preciosas ense&#324;anzas del gran Maestro Zen Moriyama Roshi, un Patriarca del Zen. En un lenguaje claro, lleno de simplicidad y belleza sin ser superficial, \u00e9l recorre todos los elementos del Camino Zen, desde la practica de la meditaci&oacute;n Zen (o Zazen) hasta los aspectos m&aacute;s sultiles de la mente, para todos los lectores interesados en recorrer esta maravillosa jornada espiritual budista. <\/p>\n<p><i><\/p>\n<p align=\"JUSTIFY\">&#8220;No deber&iacute;as menospreciar tu primer paso en el camino espirit<font face=\"Verdana\" size=2>ual. Es , tal vez el m\u00e1s importante y no deber\u00eda ser dado de cualquier modo, displicentemente. Por favor, est\u00e1 atento, presente consciente, de coraz\u00f3n dando tu primer paso en el Zen.&#711; Esto es muy importante! Quisiera que todos ustedes viesen que, en el fondo este sencillo y peque&#324;o &#8216;primer paso&#8217; ya contiene en s\u00ed mismo todo el camino.<br \/>\nSi das un paso en la direcci\u00f3n correcta, con una orientaci\u00f3n adecuada, rumbo al Buda y al Dharma verdaderos, en verdad, &#8216;ya llegaste&#8217;. &#711; Caminar en direcci\u00f3n al Buda verdadero es haberlo ya encontrado! Si el viaje ser&aacute; largo o corto, no importa. Cu&aacute;l es la prisa? Caminando as&iacute; estaremos serenos, nuestro andar respetar&aacute; nuestro propio ritmo. Seremos gentiles con nuestros pies, con nuestro cuerpe y mente. Todo esto nos permitir&aacute; permanecer atentos y receptivos para disfrutar todas las maravillas del paisaje que se descubre a cada nuevo paso. Por eso a veces digo que caminar bien el camino es m&aacute;s importante que &#8216;llegar&#8217;.<br \/>\nCuando camines as&iacute;, te vas a dar cuenta de que cada paso en el Zen es siempre el primer paso&#8230;.&#8221; <br \/>\n<\/font><\/p>\n<p><\/i>(Moriyama Roshi)<\/p>\n<hr \/>\n<\/div>\n<div style=\"text-align:right\"><a href=\"http:\/\/www.nossacasa.net\/shunya\/horin-daigyo\/\">Daigyo Moriyama<\/a><\/div>\n<hr \/>\n<!-- AddThis Advanced Settings generic via filter on the_content --><!-- AddThis Share Buttons generic via filter on the_content -->","protected":false},"excerpt":{"rendered":"<p>de Daigyo MoriyamaEditora Bodigaya En este libro \u00fanico, encontramos las preciosas ense&#324;anzas del gran Maestro Zen Moriyama Roshi, un Patriarca del Zen. En un lenguaje claro, lleno de simplicidad y belleza sin ser superficial, \u00e9l recorre todos los elementos del &hellip; <a href=\"http:\/\/www.nossacasa.net\/shunya\/primeiros-passos-do-zen\/\">Continue lendo <span class=\"meta-nav\">&rarr;<\/span><\/a><!-- AddThis Advanced Settings generic via filter on get_the_excerpt --><!-- AddThis Share Buttons generic via filter on get_the_excerpt --><\/p>\n","protected":false},"author":1,"featured_media":6756,"parent":0,"menu_order":0,"comment_status":"closed","ping_status":"closed","template":"","meta":{"footnotes":""},"class_list":["post-6754","page","type-page","status-publish","has-post-thumbnail","hentry"],"_links":{"self":[{"href":"http:\/\/www.nossacasa.net\/shunya\/wp-json\/wp\/v2\/pages\/6754","targetHints":{"allow":["GET"]}}],"collection":[{"href":"http:\/\/www.nossacasa.net\/shunya\/wp-json\/wp\/v2\/pages"}],"about":[{"href":"http:\/\/www.nossacasa.net\/shunya\/wp-json\/wp\/v2\/types\/page"}],"author":[{"embeddable":true,"href":"http:\/\/www.nossacasa.net\/shunya\/wp-json\/wp\/v2\/users\/1"}],"replies":[{"embeddable":true,"href":"http:\/\/www.nossacasa.net\/shunya\/wp-json\/wp\/v2\/comments?post=6754"}],"version-history":[{"count":1,"href":"http:\/\/www.nossacasa.net\/shunya\/wp-json\/wp\/v2\/pages\/6754\/revisions"}],"predecessor-version":[{"id":6758,"href":"http:\/\/www.nossacasa.net\/shunya\/wp-json\/wp\/v2\/pages\/6754\/revisions\/6758"}],"wp:featuredmedia":[{"embeddable":true,"href":"http:\/\/www.nossacasa.net\/shunya\/wp-json\/wp\/v2\/media\/6756"}],"wp:attachment":[{"href":"http:\/\/www.nossacasa.net\/shunya\/wp-json\/wp\/v2\/media?parent=6754"}],"curies":[{"name":"wp","href":"https:\/\/api.w.org\/{rel}","templated":true}]}}