{"id":6975,"date":"2020-07-11T18:59:07","date_gmt":"2020-07-11T20:59:07","guid":{"rendered":"http:\/\/www.nossacasa.net\/shunya\/?page_id=6975"},"modified":"2020-07-11T19:09:34","modified_gmt":"2020-07-11T21:09:34","slug":"ling-yuan-wei-ching","status":"publish","type":"page","link":"http:\/\/www.nossacasa.net\/shunya\/ling-yuan-wei-ching\/","title":{"rendered":"Ling-yuan Wei-ch&#8217;ing  ( ?-1117)"},"content":{"rendered":"<p><a NAME=\"inicio\"><\/a><a href=\"http:\/\/www.nossacasa.net\/shunya\/wp-content\/uploads\/2020\/07\/Ling-yuan-Wei-ching.jpg\"><img loading=\"lazy\" decoding=\"async\" src=\"http:\/\/www.nossacasa.net\/shunya\/wp-content\/uploads\/2020\/07\/Ling-yuan-Wei-ching-300x188.jpg\" alt=\"\" width=\"300\" height=\"188\" class=\"alignleft size-medium wp-image-6976\" srcset=\"http:\/\/www.nossacasa.net\/shunya\/wp-content\/uploads\/2020\/07\/Ling-yuan-Wei-ching-300x188.jpg 300w, http:\/\/www.nossacasa.net\/shunya\/wp-content\/uploads\/2020\/07\/Ling-yuan-Wei-ching-1024x640.jpg 1024w, http:\/\/www.nossacasa.net\/shunya\/wp-content\/uploads\/2020\/07\/Ling-yuan-Wei-ching-768x480.jpg 768w, http:\/\/www.nossacasa.net\/shunya\/wp-content\/uploads\/2020\/07\/Ling-yuan-Wei-ching-1536x960.jpg 1536w, http:\/\/www.nossacasa.net\/shunya\/wp-content\/uploads\/2020\/07\/Ling-yuan-Wei-ching-480x300.jpg 480w, http:\/\/www.nossacasa.net\/shunya\/wp-content\/uploads\/2020\/07\/Ling-yuan-Wei-ching.jpg 1680w\" sizes=\"auto, (max-width: 300px) 100vw, 300px\" \/><\/a><\/p>\n<hr \/>\n<p><a HREF=\"#a\">Refer\u00eancias<\/a><\/p>\n<hr \/>\n<p align=center><b><a NAME=\"a\">Refer\u00eancias<\/a><sup>1<\/sup><\/b><\/p>\n<p>Linguan Weiqing (Ling-yuan Wei-ch&#8217;ing, Reigen Isei), d. 1117. <br \/>\nUm Herdeiro de Dharma de <a href=\"default.asp?menu=291\" class=\"broken_link\">Huitang Zuxin<\/a>.<\/p>\n<hr \/>\n<ol TYPE=\"1\">\n<li>Extra\u00eddo de &#8220;Ensinos do Mestre Zen Anzan Roshi&#8221;(texto compilado pelo Ven. Jinmyo Fleming ino e traduzido ao Portugu&ecirc;s por Claudio Miklos.<\/li>\n<\/ol>\n<hr \/>\n<div style=\"text-align:right\"><a href=\"#inicio\">Topo<\/a><\/div>\n<hr \/>\n<!-- AddThis Advanced Settings generic via filter on the_content --><!-- AddThis Share Buttons generic via filter on the_content -->","protected":false},"excerpt":{"rendered":"<p>Refer\u00eancias Refer\u00eancias1 Linguan Weiqing (Ling-yuan Wei-ch&#8217;ing, Reigen Isei), d. 1117. Um Herdeiro de Dharma de Huitang Zuxin. Extra\u00eddo de &#8220;Ensinos do Mestre Zen Anzan Roshi&#8221;(texto compilado pelo Ven. Jinmyo Fleming ino e traduzido ao Portugu&ecirc;s por Claudio Miklos. Topo<!-- AddThis Advanced Settings generic via filter on get_the_excerpt --><!-- AddThis Share Buttons generic via filter on get_the_excerpt --><\/p>\n","protected":false},"author":1,"featured_media":6976,"parent":0,"menu_order":0,"comment_status":"closed","ping_status":"closed","template":"","meta":{"footnotes":""},"class_list":["post-6975","page","type-page","status-publish","has-post-thumbnail","hentry"],"_links":{"self":[{"href":"http:\/\/www.nossacasa.net\/shunya\/wp-json\/wp\/v2\/pages\/6975","targetHints":{"allow":["GET"]}}],"collection":[{"href":"http:\/\/www.nossacasa.net\/shunya\/wp-json\/wp\/v2\/pages"}],"about":[{"href":"http:\/\/www.nossacasa.net\/shunya\/wp-json\/wp\/v2\/types\/page"}],"author":[{"embeddable":true,"href":"http:\/\/www.nossacasa.net\/shunya\/wp-json\/wp\/v2\/users\/1"}],"replies":[{"embeddable":true,"href":"http:\/\/www.nossacasa.net\/shunya\/wp-json\/wp\/v2\/comments?post=6975"}],"version-history":[{"count":4,"href":"http:\/\/www.nossacasa.net\/shunya\/wp-json\/wp\/v2\/pages\/6975\/revisions"}],"predecessor-version":[{"id":6983,"href":"http:\/\/www.nossacasa.net\/shunya\/wp-json\/wp\/v2\/pages\/6975\/revisions\/6983"}],"wp:featuredmedia":[{"embeddable":true,"href":"http:\/\/www.nossacasa.net\/shunya\/wp-json\/wp\/v2\/media\/6976"}],"wp:attachment":[{"href":"http:\/\/www.nossacasa.net\/shunya\/wp-json\/wp\/v2\/media?parent=6975"}],"curies":[{"name":"wp","href":"https:\/\/api.w.org\/{rel}","templated":true}]}}