{"id":6992,"date":"2020-07-11T19:21:31","date_gmt":"2020-07-11T21:21:31","guid":{"rendered":"http:\/\/www.nossacasa.net\/shunya\/?page_id=6992"},"modified":"2020-07-11T19:28:19","modified_gmt":"2020-07-11T21:28:19","slug":"huang-lung-hui-nan","status":"publish","type":"page","link":"http:\/\/www.nossacasa.net\/shunya\/huang-lung-hui-nan\/","title":{"rendered":"Huang-lung Hui-nan ( 1002-1069)"},"content":{"rendered":"<div STYLE=\"text-align:justify\">\n<a NAME=\"inicio\"><\/a><a href=\"http:\/\/www.nossacasa.net\/shunya\/wp-content\/uploads\/2020\/07\/Huang-lung-Hui-nan.jpg\"><img loading=\"lazy\" decoding=\"async\" src=\"http:\/\/www.nossacasa.net\/shunya\/wp-content\/uploads\/2020\/07\/Huang-lung-Hui-nan-266x300.jpg\" alt=\"\" width=\"266\" height=\"300\" class=\"alignleft size-medium wp-image-6994\" srcset=\"http:\/\/www.nossacasa.net\/shunya\/wp-content\/uploads\/2020\/07\/Huang-lung-Hui-nan-266x300.jpg 266w, http:\/\/www.nossacasa.net\/shunya\/wp-content\/uploads\/2020\/07\/Huang-lung-Hui-nan.jpg 355w\" sizes=\"auto, (max-width: 266px) 100vw, 266px\" \/><\/a><br \/>\n<a HREF=\"#a\">Refer\u00eancias<\/a><\/p>\n<hr \/>\n<p><a HREF=\"#a\">Refer\u00eancias<\/a><\/p>\n<hr \/>\n<p align=center><b><a NAME=\"a\">Refer\u00eancias<\/a><sup>1<\/sup><\/b><\/p>\n<p>Huanglong Huinan (Huang-lung Hui-nan, Oryo Enan), 1002-1069.<br \/>\nUm Herdeiro de Dharma de <a href=\"default.asp?menu=282\" class=\"broken_link\">Ciming Quyuan<\/a> <br \/>\nTransmitiu o Dharma para <a href=\"http:\/\/www.nossacasa.net\/shunya\/hui-tang-tsu-hsin\/\">Huitang Zuxin<\/a>.<br \/>\nHuanglong &eacute; considerado o fundador da corrente Huanglong da Linhagem Linji que foi trazida depois para o Jap&atilde;o por <a href=\"http:\/\/www.nossacasa.net\/shunya\/myoan-eisai\/\">Yosai (Eisai)<\/a>.<\/p>\n<hr \/>\n<ol TYPE=\"1\">\n<li>Extra\u00eddo de &#8220;Ensinos do Mestre Zen Anzan Roshi&#8221;(texto compilado pelo Ven. Jinmyo Fleming ino e traduzido ao Portugu&ecirc;s por Claudio Miklos.<\/li>\n<\/ol>\n<hr \/>\n<div style=\"text-align:right\"><a href=\"#inicio\">Topo<\/a><\/div>\n<hr \/>\n<\/div>\n<!-- AddThis Advanced Settings generic via filter on the_content --><!-- AddThis Share Buttons generic via filter on the_content -->","protected":false},"excerpt":{"rendered":"<p>Refer\u00eancias Refer\u00eancias Refer\u00eancias1 Huanglong Huinan (Huang-lung Hui-nan, Oryo Enan), 1002-1069. Um Herdeiro de Dharma de Ciming Quyuan Transmitiu o Dharma para Huitang Zuxin. Huanglong &eacute; considerado o fundador da corrente Huanglong da Linhagem Linji que foi trazida depois para o &hellip; <a href=\"http:\/\/www.nossacasa.net\/shunya\/huang-lung-hui-nan\/\">Continue lendo <span class=\"meta-nav\">&rarr;<\/span><\/a><!-- AddThis Advanced Settings generic via filter on get_the_excerpt --><!-- AddThis Share Buttons generic via filter on get_the_excerpt --><\/p>\n","protected":false},"author":1,"featured_media":0,"parent":0,"menu_order":0,"comment_status":"closed","ping_status":"closed","template":"","meta":{"footnotes":""},"class_list":["post-6992","page","type-page","status-publish","hentry"],"_links":{"self":[{"href":"http:\/\/www.nossacasa.net\/shunya\/wp-json\/wp\/v2\/pages\/6992","targetHints":{"allow":["GET"]}}],"collection":[{"href":"http:\/\/www.nossacasa.net\/shunya\/wp-json\/wp\/v2\/pages"}],"about":[{"href":"http:\/\/www.nossacasa.net\/shunya\/wp-json\/wp\/v2\/types\/page"}],"author":[{"embeddable":true,"href":"http:\/\/www.nossacasa.net\/shunya\/wp-json\/wp\/v2\/users\/1"}],"replies":[{"embeddable":true,"href":"http:\/\/www.nossacasa.net\/shunya\/wp-json\/wp\/v2\/comments?post=6992"}],"version-history":[{"count":3,"href":"http:\/\/www.nossacasa.net\/shunya\/wp-json\/wp\/v2\/pages\/6992\/revisions"}],"predecessor-version":[{"id":6996,"href":"http:\/\/www.nossacasa.net\/shunya\/wp-json\/wp\/v2\/pages\/6992\/revisions\/6996"}],"wp:attachment":[{"href":"http:\/\/www.nossacasa.net\/shunya\/wp-json\/wp\/v2\/media?parent=6992"}],"curies":[{"name":"wp","href":"https:\/\/api.w.org\/{rel}","templated":true}]}}